01-01 01:02:43.513 2463 2463 F DEBUG : Timestamp: 1970-01-01 01:02:43+0100
01-01 01:02:43.513 2463 2463 F DEBUG : pid: 2424, tid: 2424, name: surfaceflinger >>> /system/bin/surfaceflinger <<<
01-01 01:02:43.513 2463 2463 F DEBUG : uid: 1000
01-01 01:02:43.513 2463 2463 F DEBUG : signal 6 (SIGABRT), code -1 (SI_QUEUE), fault addr --------
01-01 01:02:43.513 2463 2463 F DEBUG : Abort message: 'Missing internal display after registering composer callback.'
01-01 01:02:43.513 2463 2463 F DEBUG : x0 0000000000000000 x1 0000000000000978 x2 0000000000000006 x3 0000007fe6af1f30
01-01 01:02:43.513 2463 2463 F DEBUG : x4 000000001284bda1 x5 000000001284bda1 x6 000000001284bda1 x7 00000000000000a3
01-01 01:02:43.513 2463 2463 F DEBUG : x8 00000000000000f0 x9 0000007762be8800 x10 ffffff80ffffffdf x11 0000000000000001
01-01 01:02:43.513 2463 2463 F DEBUG : x12 0000007fe6af1f00 x13 000000000000003e x14 0000007fe6af20d0 x15 ffffffffffffffff
01-01 01:02:43.513 2463 2463 F DEBUG : x16 0000007762c81c80 x17 0000007762c633c0 x18 0000007765254000 x19 00000000000000ac
01-01 01:02:43.513 2463 2463 F DEBUG : x20 0000000000000978 x21 00000000000000b2 x22 0000000000000978 x23 00000000ffffffff
01-01 01:02:43.514 2463 2463 F DEBUG : x24 0000000000000002 x25 0000000000000000 x26 0000000000000000 x27 0000000000000000
01-01 01:02:43.514 2463 2463 F DEBUG : x28 0000000000000000 x29 0000007fe6af1fb0
01-01 01:02:43.514 2463 2463 F DEBUG : lr 0000007762c16544 sp 0000007fe6af1f10 pc 0000007762c16574 pst 0000000000000000
01-01 01:02:43.518 241 241 I ServiceManager: Waiting for service 'package_native' on '/dev/binder'...
01-01 01:02:43.542 2420 2420 I boot_progress_preload_start: 163542
01-01 01:02:43.543 2463 2463 F DEBUG : backtrace:
01-01 01:02:43.543 2463 2463 F DEBUG : #00 pc 000000000004e574 /apex/com.android.runtime/lib64/bionic/libc.so (abort+180) (BuildId: f81965d884d6ebc5e5c3fd825c17a209)
01-01 01:02:43.543 2463 2463 F DEBUG : #01 pc 0000000000006334 /system/lib64/liblog.so (__android_log_default_aborter+12) (BuildId: c92329feece7a2d7fa4d9fb6acc815f9)
01-01 01:02:43.543 2463 2463 F DEBUG : #02 pc 0000000000006ec8 /system/lib64/liblog.so (__android_log_assert+336) (BuildId: c92329feece7a2d7fa4d9fb6acc815f9)
01-01 01:02:43.543 2463 2463 F DEBUG : #03 pc 000000000010a844 /system/lib64/libsurfaceflinger.so (android::SurfaceFlinger::init()+1380) (B[ 328.942620] init: starting service 'zygote'... uildId: [ 328.947855] init: Created socket '/dev/socket/zygote', mode 660, user 0, group 1000 717e9bb2[ 328.956310] init: Created socket '/dev/socket/usap_pool_primary', mode 660, user 0, group 1000 a8f30577e4b047e005231fd7)
01-01 01:02:43.543 2463 2463 F DEBUG : #04 pc 00000000000021a8 /system/bin/surfaceflinger (main+352) (BuildId: 90f19aac502ae7e05183738dd9ef97d1) 01-01 01:02:43.5[ 328.982771] libprocessgroup: Failed to open /dev/stune/top-app/tasks: No such file or directory: No such file or directory 43 2463[ 328.994130] libprocessgroup: Failed to apply MaxPerformance task profile: No such file or directory 2463 F DEBUG : #05 pc 0000000000049a34 /apex/[ 329.008551] init: starting service 'zygote_secondary'... com.andr[ 329.014852] init: Created socket '/dev/socket/zygote_secondary', mode 660, user 0, group 1000 oid.runt[ 329.024110] init: Created socket '/dev/socket/usap_pool_secondary', mode 660, user 0, group 1000 ime/lib64/bionic/libc.so (__libc_init+108) (Buil[ 329.036930] init: starting service 'audioserver'... dId: f81[ 329.037645] libprocessgroup: Failed to open /dev/stune/top-app/tasks: No such file or directory: No such file or directory 965d884d6ebc5e5c3fd825c17a209)
01-01 01:02:43.561 2420 2420 D Zygote64Timing: BeginPreload took to complete: 18ms
01-01 01:02:43.620 241 241 I ServiceManager: Waiting for service 'package_native' on '/dev/binder'...
01-01 01:02:43.628 2421 2421 D Zygote32Timing: PostZygoteInitGC took to complete: 29ms
01-01 01:02:43.628 2421 2421 D Zygote32Timing: ZygoteInit took to complete: 36ms
01-01 01:02:43.646 0 0 D logd : logdr: UID=1000 GID=1003 PID=2463 n tail=50 logMask=8 pid=2424 start=0ns timeout=0ns
01-01 01:02:43.654 0 0 D logd : logdr: UID=1000 GID=1003 PID=2463 n tail=50 logMask=1 pid=2424 start=0ns timeout=0ns
01-01 01:02:43.683 0 0 D logd : logdr: UID=1000 GID=1003 PID=2463 n tail=0 logMask=8 pid=2424 start=0ns timeout=0ns
01-01 01:02:43.685 0 0 D logd : logdr: UID=1000 GID=1003 PID=2463 n tail=0 logMask=1 pid=2424 start=0ns timeout=0ns
01-01 01:02:43.685 2463 2463 E crash_dump64: unable to connect to activity manager: No such file or directory
01-01 01:02:43.695 191 191 E tombstoned: Tombstone written to: /data/tombstones/tombstone_09
01-01 01:02:43.721 241 241 I ServiceManager: Waiting for service 'package_native' on '/dev/binder'...
01-01 01:02:43.731 2425 2431 I chatty : uid=1041(audioserver) /vendor/bin/hw/android.hardware.audio.service expire 1 line
01-01 01:02:43.821 241 241 I ServiceManager: Waiting for service 'package_native' on '/dev/binder'...
01-01 01:02:43.849 2484 2484 I wificond: wificond is starting up...
01-01 01:02:43.854 2484 2484 I HidlServiceManagement: Registered android.system.wifi.keystore@1.0::IKeystore/default (start delay of 44ms)
01-01 01:02:43.908 2482 2482 I cameraserver: ServiceManager: 0xb400007a02591610
01-01 01:02:43.908 2482 2482 I CameraService: CameraService started (pid=2482)
01-01 01:02:43.909 2482 2482 I CameraService: CameraService process starting
01-01 01:02:43.909 2482 2482 W BatteryNotifier: batterystats service unavailable!
01-01 01:02:43.909 2482 2482 W BatteryNotifier: batterystats service unavailable!
01-01 01:02:43.911 2482 2482 I CameraProviderManager: Connecting to new camera provider: external/0, isRemote? 1
01-01 01:02:43.912 2482 2482 I CameraProviderManager: Camera provider external/0 ready with 0 camera devices
01-01 01:02:43.912 2482 2486 W CameraProviderManager: addProviderLocked: Camera provider HAL with name 'external/0' already registered
01-01 01:02:43.913 2482 2482 I cameraserver: Waiting for activity service
01-01 01:02:43.922 241 241 I ServiceManager: Waiting for service 'package_native' on '/dev/binder'...
01-01 01:02:43.926 2483 2483 I mediaserver: ServiceManager: 0xb4000079b2be1820
01-01 01:02:43.927 2483 2483 D mediaserver: Time zone APEX ICU file found: /apex/com.android.tzdata/etc/icu/icu_tzdata.dat
01-01 01:02:43.927 2483 2483 D mediaserver: I18n APEX ICU file found: /apex/com.android.i18n/etc/icu/icudt66l.dat
01-01 01:02:43.927 2483 2483 W BatteryNotifier: batterystats service unavailable!
01-01 01:02:43.928 2483 2483 W BatteryNotifier: batterystats service unavailable!
01-01 01:02:44.022 241 241 I ServiceManager: Waiting for service 'package_native' on '/dev/binder'...
01-01 01:02:45.626 241 241 I ServiceManager: Waiting for service 'package_native' on '/dev/binder'...
01-01 01:02:45.727 241 241 W ServiceManager: Service package_native didn't start. Returning NULL
01-01 01:02:45.727 241 241 E iorapd : Cannot get package manager service!
01-01 01:02:46.727 241 241 W iorapd : Reconnect to package manager service: 27 times
01-01 01:02:46.727 241 241 I ServiceManager: Waiting for service 'package_native' on '/dev/binder'...
01-01 01:02:48.031 0 0 I init : starting service 'zygote'...
01-01 01:02:48.036 0 0 I init : Created socket '/dev/socket/zygote', mode 660, user 0, group 1000
01-01 01:02:48.044 0 0 I init : Created socket '/dev/socket/usap_pool_primary', mode 660, user 0, group 1000
01-01 01:02:48.074 0 0 W libprocessgroup: Failed to open /dev/stune/top-app/tasks: No such file or directory: No such file or directory
01-01 01:02:48.086 0 0 W libprocessgroup: Failed to apply MaxPerformance task profile: No such file or directory
01-01 01:02:48.089 0 0 I init : starting service 'zygote_secondary'...
01-01 01:02:48.101 0 0 I init : Created socket '/dev/socket/zygote_secondary', mode 660, user 0, group 1000
01-01 01:02:48.110 0 0 I init : Created socket '/dev/socket/usap_pool_secondary', mode 660, user 0, group 1000
01-01 01:02:48.122 0 0 I init : starting service 'audioserver'...
01-01 01:02:48.123 0 0 W libprocessgroup: Failed to open /dev/stune/top-app/tasks: No such file or directory: No such file or directory
01-01 01:02:48.137 241 241 I ServiceManager: Waiting for service 'package_native' on '/dev/binder'...
01-01 01:02:48.176 2494 2494 I chatty : uid=0(root) /system/bin/netd expire 24 lines
01-01 01:02:48.224 2496 2496 I chatty : uid=1041(audioserver) /vendor/bin/hw/android.hardware.audio.service expire 36 lines
01-01 01:02:48.237 241 241 I ServiceManager: Waiting for service 'package_native' on '/dev/binder'...
01-01 01:02:48.279 2491 2491 I chatty : uid=0(root) expire 57 lines
01-01 01:02:48.280 2491 2491 I boot_progress_start: 168280
01-01 01:02:48.299 2493 2493 I chatty : uid=1041(audioserver) /system/bin/audioserver expire 34 lines
01-01 01:02:48.319 2495 2495 I chatty : uid=1000(system) /system/bin/surfaceflinger expire 14 lines
01-01 01:02:48.334 2492 2492 I chatty : uid=0(root) expire 55 lines
01-01 01:02:48.338 241 241 I ServiceManager: Waiting for service 'package_native' on '/dev/binder'...
01-01 01:02:48.371 244 276 W AudioAnalytics: (key=audio.flinger) Audioflinger constructor event detected
01-01 01:02:48.439 241 241 I ServiceManager: Waiting for service 'package_native' on '/dev/binder'...
01-01 01:02:48.441 2495 2495 I RenderEngine: GL_MAX_VIEWPORT_DIMS = 4096
01-01 01:02:48.444 210 289 I chatty : uid=1000(system) HwBinder:210_2 expire 10 lines
01-01 01:02:48.448 2495 2495 E HWComposer: loadLayerMetadataSupport: getLayerGenericMetadataKeys failed: UNSUPPORTED (8)
01-01 01:02:48.452 2495 2495 F SurfaceFlinger: Missing internal display after registering composer callback.
01-01 01:02:48.453 2495 2495 F libc : Fatal signal 6 (SIGABRT), code -1 (SI_QUEUE) in tid 2495 (surfaceflinger), pid 2495 (surfaceflinger)
01-01 01:02:48.470 2493 2531 I chatty : uid=1041(audioserver) /system/bin/audioserver expire 5 lines
01-01 01:02:48.496 2532 2532 I crash_dump64: obtaining output fd from tombstoned, type: kDebuggerdTombstone
01-01 01:02:48.497 191 191 I tombstoned: received crash request for pid 2495
01-01 01:02:48.498 2532 2532 I crash_dump64: performing dump of process 2495 (target tid = 2495)
01-01 01:02:48.501 2532 2532 F DEBUG : *** *** *** *** *** *** *** *** *** *** *** *** *** *** *** ***
01-01 01:02:48.512 2532 2532 F DEBUG : Build fingerprint: 'emteria/rpi4/rpi4:11/RQ1A.210105.003/eng.root.20210331.145622:userdebug/release-keys'
01-01 01:02:48.512 2532 2532 F DEBUG : Revision: '0'
01-01 01:02:48.512 2532 2532 F DEBUG : ABI: 'arm64'
01-01 01:02:48.513 2532 2532 F DEBUG : Timestamp: 1970-01-01 01:02:48+0100
01-01 01:02:48.513 2532 2532 F DEBUG : pid: 2495, tid: 2495, name: surfaceflinger >>> /system/bin/surfaceflinger <<<
01-01 01:02:48.513 2532 2532 F DEBUG : uid: 1000
01-01 01:02:48.513 2532 2532 F DEBUG : signal 6 (SIGABRT), code -1 (SI_QUEUE), fault addr --------
01-01 01:02:48.513 2532 2532 F DEBUG : Abort message: 'Missing internal display after registering composer callback.'
01-01 01:02:48.513 2532 2532 F DEBUG : x0 0000000000000000 x1 00000000000009bf x2 0000000000000006 x3 0000007fe37fe0c0
01-01 01:02:48.514 2532 2532 F DEBUG : x4 000000001284bda1 x5 000000001284bda1 x6 000000001284bda1 x7 00000000000000a8
01-01 01:02:48.514 2532 2532 F DEBUG : x8 00000000000000f0 x9 00000076581a2800 x10 ffffff80ffffffdf x11 0000000000000001
01-01 01:02:48.514 2532 2532 F DEBUG : x12 0000007fe37fe090 x13 000000000000003e x14 0000007fe37fe260 x15 ffffffffffffffff
01-01 01:02:48.514 2532 2532 F DEBUG : x16 000000765823bc80 x17 000000765821d3c0 x18 000000765a3d2000 x19 00000000000000ac
01-01 01:02:48.514 2532 2532 F DEBUG : x20 00000000000009bf x21 00000000000000b2 x22 00000000000009bf x23 00000000ffffffff
01-01 01:02:48.514 2532 2532 F DEBUG : x24 0000000000000002 x25 0000000000000000 x26 0000000000000000 x27 0000000000000000
01-01 01:02:48.514 2532 2532 F DEBUG : x28 0000000000000000 x29 0000007fe37fe140
01-01 01:02:48.514 2532 2532 F DEBUG : lr 00000076581d0544 sp 0000007fe37fe0a0 pc 00000076581d0574 pst 0000000000000000
01-01 01:02:48.520 2496 2535 I chatty : uid=1041(audioserver) /vendor/bin/hw/android.hardware.audio.service expire 6 lines
01-01 01:02:48.520 2496 2503 I chatty : uid=1041(audioserver) /vendor/bin/hw/android.hardware.audio.service expire 5 lines
01-01 01:02:48.528 2493 2536 I chatty : uid=1041(audioserver) /system/bin/audioserver expire 3 lines
01-01 01:02:48.539 241 241 I ServiceManager: Waiting for service 'package_native' on '/dev/binder'...
01-01 01:02:48.545 2532 2532 F DEBUG : backtrace:
01-01 01:02:48.545 2532 2532 F DEBUG : #00 pc 000000000004e574 /apex/com.android.runtime/lib64/bionic/libc.so (abort+180) (BuildId: f81965d884d6ebc5e5c3fd825c17a209)
01-01 01:02:48.545 2532 2532 F DEBUG : #01 pc 0000000000006334 /system/lib64/liblog.so (__android_log_default_aborter+12) (BuildId: c92329feece7a2d7fa4d9fb6acc815f9)
01-01 01:02:48.545 2532 2532 F DEBUG : #02 pc 0000000000006ec8 /system/lib64/liblog.so (__android_log_assert+336) (BuildId: c92329feece7a2d7fa4d9fb6acc815f9)
01-01 01:02:48.546 2532 2532 F DEBUG : #03 pc 000000000010a844 /system/lib64/libsurfaceflinger.so (android::SurfaceFlinger::init()+1380) (BuildId: 717e9bb2a8f30577e4b047e005231fd7)
01-01 01:02:48.546 2532 2532 F DEBUG : #04 pc 00000000000021a8 /system/bin/surfaceflinger (main+352) (BuildId: 90f19aac502ae7e05183738dd9ef97d1)
01-01 01:02:48.546 2532 2532 F DEBUG : #05 pc 0000000000049a34 /apex/com.android.runtime/lib64/bionic/libc.so (__libc_init+108) (BuildId: f81965d884d6ebc5e5c3fd825c17a209)
01-01 01:02:48.584 2491 2491 I boot_progress_preload_start: 168584
01-01 01:02:48.602 2491 2491 D Zygote64Timing: BeginPreload took to complete: 18ms
01-01 01:02:48.640 241 241 I ServiceManager: Waiting for service 'package_native' on '/dev/binder'...
01-01 01:02:48.644 2492 2492 D Zygote32Timing: PostZygoteInitGC took to complete: 17ms
01-01 01:02:48.644 2492 2492 D Zygote32Timing: ZygoteInit took to complete: 25ms
01-01 01:02:48.647 0 0 D logd : logdr: UID=1000 GID=1003 PID=2532 n tail=50 logMask=8 pid=2495 start=0ns timeout=0ns
01-01 01:02:48.658 0 0 D logd : logdr: UID=1000 GID=1003 PID=2532 n tail=50 logMask=1 pid=2495 start=0ns timeout=0ns
01-01 01:02:48.691 0 0 D logd : logdr: UID=1000 GID=1003 PID=2532 n tail=0 logMask=8 pid=2495 start=0ns timeout=0ns
01-01 01:02:48.693 0 0 D logd : logdr: UID=1000 GID=1003 PID=2532 n tail=0 logMask=1 pid=2495 start=0ns timeout=0ns
01-01 01:02:48.694 2532 2532 E crash_dump64: unable to connect to activity manager: No such file or directory
01-01 01:02:48.696 191 191 E tombstoned: Tombstone written to: /data/tombstones/tombstone_10
01-01 01:02:48.741 241 241 I ServiceManager: Waiting for service 'package_native' on '/dev/binder'...
01-01 01:02:48.841 241 241 I ServiceManager: Waiting for service 'package_native' on '/dev/binder'...
01-01 01:02:48.880 2556 2556 I wificond: wificond is starting up...
01-01 01:02:48.884 2556 2556 I HidlServiceManagement: Registered android.system.wifi.keystore@1.0::IKeystore/default (start delay of 44ms)
01-01 01:02:48.925 2554 2554 I cameraserver: ServiceManager: 0xb400007468f97520
01-01 01:02:48.926 2554 2554 I CameraService: CameraService started (pid=2554)
01-01 01:02:48.926 2554 2554 I CameraService: CameraService process starting
01-01 01:02:48.926 2554 2554 W BatteryNotifier: batterystats service unavailable!
01-01 01:02:48.926 2554 2554 W BatteryNotifier: batterystats service unavailable!
01-01 01:02:48.928 2554 2554 I CameraProviderManager: Connecting to new camera provider: external/0, isRemote? 1
01-01 01:02:48.929 2554 2554 I CameraProviderManager: Camera provider external/0 ready with 0 camera devices
01-01 01:02:48.930 2554 2558 W CameraProviderManager: addProviderLocked: Camera provider HAL with name 'external/0' already registered
01-01 01:02:48.930 2554 2554 I cameraserver: Waiting for activity service
01-01 01:02:48.942 241 241 I ServiceManager: Waiting for service 'package_native' on '/dev/binder'...
01-01 01:02:48.955 2555 2555 I mediaserver: ServiceManager: 0xb400006fa4ea7640
01-01 01:02:48.955 2555 2555 D mediaserver: Time zone APEX ICU file found: /apex/com.android.tzdata/etc/icu/icu_tzdata.dat
01-01 01:02:48.955 2555 2555 D mediaserver: I18n APEX ICU file found: /apex/com.android.i18n/etc/icu/icudt66l.dat
01-01 01:02:48.956 2555 2555 W BatteryNotifier: batterystats service unavailable!
01-01 01:02:48.956 2555 2555 W BatteryNotifier: batterystats service unavailable!
01-01 01:02:49.042 241 241 I ServiceManager: Waiting for service 'package_native' on '/dev/binder'...
01-01 01:02:51.548 241 241 I chatty : uid=1071(iorapd) /system/bin/iorapd identical 103 lines
01-01 01:02:51.649 241 241 I ServiceManager: Waiting for service 'package_native' on '/dev/binder'...
01-01 01:02:51.749 241 241 W ServiceManager: Service package_native didn't start. Returning NULL
01-01 01:02:51.749 241 241 E iorapd : Cannot get package manager service!
01-01 01:02:52.749 241 241 W iorapd : Reconnect to package manager service: 28 times
01-01 01:02:52.749 241 241 I ServiceManager: Waiting for service 'package_native' on '/dev/binder'...
01-01 01:02:53.060 0 0 I init : starting service 'zygote'...
01-01 01:02:53.065 0 0 I init : Created socket '/dev/socket/zygote', mode 660, user 0, group 1000
01-01 01:02:53.073 0 0 I init : Created socket '/dev/socket/usap_pool_primary', mode 660, user 0, group 1000
01-01 01:02:53.102 0 0 W libprocessgroup: Failed to open /dev/stune/top-app/tasks: No such file or directory: No such file or directory
01-01 01:02:53.114 0 0 W libprocessgroup: Failed to apply MaxPerformance task profile: No such file or directory
01-01 01:02:53.121 0 0 I init : starting service 'zygote_secondary'...
01-01 01:02:53.129 0 0 I init : Created socket '/dev/socket/zygote_secondary', mode 660, user 0, group 1000
01-01 01:02:53.138 0 0 I init : Created socket '/dev/socket/usap_pool_secondary', mode 660, user 0, group 1000
01-01 01:02:53.150 0 0 I init : starting service 'audioserver'...
01-01 01:02:53.151 0 0 W libprocessgroup: Failed to open /dev/stune/top-app/tasks: No such file or directory: No such file or directory
01-01 01:02:53.165 241 241 I ServiceManager: Waiting for service 'package_native' on '/dev/binder'...
01-01 01:02:53.202 2566 2566 I chatty : uid=0(root) /system/bin/netd expire 24 lines
01-01 01:02:53.266 241 241 I ServiceManager: Waiting for service 'package_native' on '/dev/binder'...
01-01 01:02:53.267 2568 2568 I chatty : uid=1041(audioserver) /vendor/bin/hw/android.hardware.audio.service expire 36 lines
01-01 01:02:53.301 2563 2563 I chatty : uid=0(root) expire 57 lines
01-01 01:02:53.301 2563 2563 I boot_progress_start: 173301
01-01 01:02:53.350 2565 2565 I chatty : uid=1041(audioserver) /system/bin/audioserver expire 34 lines
01-01 01:02:53.358 2567 2567 I chatty : uid=1000(system) /system/bin/surfaceflinger expire 14 lines
01-01 01:02:53.362 2564 2564 I chatty : uid=0(root) expire 55 lines
01-01 01:02:53.366 241 241 I ServiceManager: Waiting for service 'package_native' on '/dev/binder'...
01-01 01:02:53.408 244 244 W AudioAnalytics: (key=audio.flinger) Audioflinger constructor event detected
01-01 01:02:53.467 241 241 I ServiceManager: Waiting for service 'package_native' on '/dev/binder'...
01-01 01:02:53.486 2567 2567 I RenderEngine: GL_MAX_VIEWPORT_DIMS = 4096
01-01 01:02:53.498 2567 2567 F libc : Fatal signal 6 (SIGABRT), code -1 (SI_QUEUE) in tid 2567 (surfaceflinger), pid 2567 (surfaceflinger)
01-01 01:02:53.548 2605 2605 F DEBUG : *** *** *** *** *** *** *** *** *** *** *** *** *** *** *** ***
01-01 01:02:53.548 2605 2605 F DEBUG : Build fingerprint: 'emteria/rpi4/rpi4:11/RQ1A.210105.003/eng.root.20210331.145622:userdebug/release-keys'
01-01 01:02:53.549 2605 2605 F DEBUG : Revision: '0'
01-01 01:02:53.549 2605 2605 F DEBUG : ABI: 'arm64'
01-01 01:02:53.550 2605 2605 F DEBUG : Timestamp: 1970-01-01 01:02:53+0100
01-01 01:02:53.550 2605 2605 F DEBUG : pid: 2567, tid: 2567, name: surfaceflinger >>> /system/bin/surfaceflinger <<<
01-01 01:02:53.550 2605 2605 F DEBUG : uid: 1000
01-01 01:02:53.550 2605 2605 F DEBUG : signal 6 (SIGABRT), code -1 (SI_QUEUE), fault addr --------
01-01 01:02:53.550 2605 2605 F DEBUG : Abort message: 'Missing internal display after registering composer callback.'
01-01 01:02:53.550 2605 2605 F DEBUG : x0 0000000000000000 x1 0000000000000a07 x2 0000000000000006 x3 0000007fc50303b0
01-01 01:02:53.550 2605 2605 F DEBUG : x4 000000001284bda1 x5 000000001284bda1 x6 000000001284bda1 x7 00000000000000ad
01-01 01:02:53.550 2605 2605 F DEBUG : x8 00000000000000f0 x9 0000007b8792e800 x10 ffffff80ffffffdf x11 0000000000000001
01-01 01:02:53.550 2605 2605 F DEBUG : x12 0000007fc5030380 x13 000000000000003e x14 0000007fc5030550 x15 ffffffffffffffff
01-01 01:02:53.551 2605 2605 F DEBUG : x16 0000007b879c7c80 x17 0000007b879a93c0 x18 0000007b8928c000 x19 00000000000000ac
01-01 01:02:53.551 2605 2605 F DEBUG : x20 0000000000000a07 x21 00000000000000b2 x22 0000000000000a07 x23 00000000ffffffff
01-01 01:02:53.551 2605 2605 F DEBUG : x24 0000000000000002 x25 0000000000000000 x26 0000000000000000 x27 0000000000000000
01-01 01:02:53.551 2605 2605 F DEBUG : x28 0000000000000000 x29 0000007fc5030430
01-01 01:02:53.551 2605 2605 F DEBUG : lr 0000007b8795c544 sp 0000007fc5030390 pc 0000007b8795c574 pst 0000000000000000
01-01 01:02:53.584 2605 2605 F DEBUG : backtrace:
01-01 01:02:53.584 2605 2605 F DEBUG : #00 pc 000000000004e574 /apex/com.android.runtime/lib64/bionic/libc.so (abort+180) (BuildId: f81965d884d6ebc5e5c3fd825c17a209)
01-01 01:02:53.584 2605 2605 F DEBUG : #01 pc 0000000000006334 /system/lib64/liblog.so (__android_log_default_aborter+12) (BuildId: c92329feece7a2d7fa4d9fb6acc815f9)
01-01 01:02:53.584 2605 2605 F DEBUG : #02 pc 0000000000006ec8 /system/lib64/liblog.so (__android_log_assert+336) (BuildId: c92329feece7a2d7fa4d9fb6acc815f9)
01-01 01:02:53.584 2605 2605 F DEBUG : #03 pc 000000000010a844 /system/lib64/libsurfaceflinger.so (android::SurfaceFlinger::init()+1380) (BuildId: 717e9bb2a8f30577e4b047e005231fd7)
01-01 01:02:53.584 2605 2605 F DEBUG : #04 pc 00000000000021a8 /system/bin/surfaceflinger (main+352) (BuildId: 90f19aac502ae7e05183738dd9ef97d1)
01-01 01:02:53.585 2605 2605 F DEBUG : #05 pc 0000000000049a34 /apex/com.android.runtime/lib64/bionic/libc.so (__libc_init+108) (BuildId: f81965d884d6ebc5e5c3fd825c17a209)
01-01 01:02:53.596 2563 2563 I boot_progress_preload_start: 173596
01-01 01:02:53.614 2563 2563 D Zygote64Timing: BeginPreload took to complete: 18ms
01-01 01:02:53.683 2564 2564 D Zygote32Timing: PostZygoteInitGC took to complete: 22ms
01-01 01:02:53.683 2564 2564 D Zygote32Timing: ZygoteInit took to complete: 30ms
01-01 01:02:53.694 0 0 D logd : logdr: UID=1000 GID=1003 PID=2605 n tail=50 logMask=8 pid=2567 start=0ns timeout=0ns
01-01 01:02:53.701 0 0 D logd : logdr: UID=1000 GID=1003 PID=2605 n tail=50 logMask=1 pid=2567 start=0ns timeout=0ns
01-01 01:02:53.737 0 0 D logd : logdr: UID=1000 GID=1003 PID=2605 n tail=0 logMask=8 pid=2567 start=0ns timeout=0ns
01-01 01:02:53.739 0 0 D logd : logdr: UID=1000 GID=1003 PID=2605 n tail=0 logMask=1 pid=2567 start=0ns timeout=0ns
01-01 01:02:53.920 2629 2629 I wificond: wificond is starting up...
01-01 01:02:53.924 2629 2629 I HidlServiceManagement: Registered android.system.wifi.keystore@1.0::IKeystore/default (start delay of 44ms)
01-01 01:02:57.781 241 241 E iorapd : Cannot get package manager service!
01-01 01:02:58.088 0 0 I init : starting service 'zygote'...
01-01 01:02:58.093 0 0 I init : Created socket '/dev/socket/zygote', mode 660, user 0, group 1000
01-01 01:02:58.101 0 0 I init : Created socket '/dev/socket/usap_pool_primary', mode 660, user 0, group 1000
01-01 01:02:58.130 0 0 W libprocessgroup: Failed to open /dev/stune/top-app/tasks: No such file or directory: No such file or directory
01-01 01:02:58.142 0 0 W libprocessgroup: Failed to apply MaxPerformance task profile: No such file or directory
01-01 01:02:58.149 0 0 I init : starting service 'zygote_secondary'...
01-01 01:02:58.157 0 0 I init : Created socket '/dev/socket/zygote_secondary', mode 660, user 0, group 1000
01-01 01:02:58.166 0 0 I init : Created socket '/dev/socket/usap_pool_secondary', mode 660, user 0, group 1000
01-01 01:02:58.178 0 0 I init : starting service 'audioserver'...
01-01 01:02:58.179 0 0 W libprocessgroup: Failed to open /dev/stune/top-app/tasks: No such file or directory: No such file or directory
01-01 01:02:58.335 2636 2636 I boot_progress_start: 178335
01-01 01:02:58.540 2640 2640 F libc : Fatal signal 6 (SIGABRT), code -1 (SI_QUEUE) in tid 2640 (surfaceflinger), pid 2640 (surfaceflinger)
01-01 01:02:58.586 2677 2677 F DEBUG : *** *** *** *** *** *** *** *** *** *** *** *** *** *** *** ***
01-01 01:02:58.586 2677 2677 F DEBUG : Build fingerprint: 'emteria/rpi4/rpi4:11/RQ1A.210105.003/eng.root.20210331.145622:userdebug/release-keys'
01-01 01:02:58.586 2677 2677 F DEBUG : Revision: '0'
01-01 01:02:58.586 2677 2677 F DEBUG : ABI: 'arm64'
01-01 01:02:58.587 2677 2677 F DEBUG : Timestamp: 1970-01-01 01:02:58+0100
01-01 01:02:58.588 2677 2677 F DEBUG : pid: 2640, tid: 2640, name: surfaceflinger >>> /system/bin/surfaceflinger <<<
01-01 01:02:58.588 2677 2677 F DEBUG : uid: 1000
01-01 01:02:58.588 2677 2677 F DEBUG : signal 6 (SIGABRT), code -1 (SI_QUEUE), fault addr --------
01-01 01:02:58.588 2677 2677 F DEBUG : Abort message: 'Missing internal display after registering composer callback.'
01-01 01:02:58.588 2677 2677 F DEBUG : x0 0000000000000000 x1 0000000000000a50 x2 0000000000000006 x3 0000007fe04176c0
01-01 01:02:58.588 2677 2677 F DEBUG : x4 000000001284bda1 x5 000000001284bda1 x6 000000001284bda1 x7 00000000000000b2
01-01 01:02:58.588 2677 2677 F DEBUG : x8 00000000000000f0 x9 000000797a0f9800 x10 ffffff80ffffffdf x11 0000000000000001
01-01 01:02:58.588 2677 2677 F DEBUG : x12 0000007fe0417690 x13 000000000000003e x14 0000007fe0417860 x15 ffffffffffffffff
01-01 01:02:58.588 2677 2677 F DEBUG : x16 000000797a192c80 x17 000000797a1743c0 x18 000000797ab2c000 x19 00000000000000ac
01-01 01:02:58.588 2677 2677 F DEBUG : x20 0000000000000a50 x21 00000000000000b2 x22 0000000000000a50 x23 00000000ffffffff
01-01 01:02:58.588 2677 2677 F DEBUG : x24 0000000000000002 x25 0000000000000000 x26 0000000000000000 x27 0000000000000000
01-01 01:02:58.589 2677 2677 F DEBUG : x28 0000000000000000 x29 0000007fe0417740
01-01 01:02:58.589 2677 2677 F DEBUG : lr 000000797a127544 sp 0000007fe04176a0 pc 000000797a127574 pst 0000000000000000
01-01 01:02:58.620 2677 2677 F DEBUG : backtrace:
01-01 01:02:58.620 2677 2677 F DEBUG : #00 pc 000000000004e574 /apex/com.android.runtime/lib64/bionic/libc.so (abort+180) (BuildId: f81965d884d6ebc5e5c3fd825c17a209)
01-01 01:02:58.621 2677 2677 F DEBUG : #01 pc 0000000000006334 /system/lib64/liblog.so (__android_log_default_aborter+12) (BuildId: c92329feece7a2d7fa4d9fb6acc815f9)
01-01 01:02:58.621 2677 2677 F DEBUG : #02 pc 0000000000006ec8 /system/lib64/liblog.so (__android_log_assert+336) (BuildId: c92329feece7a2d7fa4d9fb6acc815f9)
01-01 01:02:58.621 2677 2677 F DEBUG : #03 pc 000000000010a844 /system/lib64/libsurfaceflinger.so (android::SurfaceFlinger::init()+1380) (BuildId: 717e9bb2a8f30577e4b047e005231fd7)
01-01 01:02:58.621 2677 2677 F DEBUG : #04 pc 00000000000021a8 /system/bin/surfaceflinger (main+352) (BuildId: 90f19aac502ae7e05183738dd9ef97d1)
01-01 01:02:58.621 2677 2677 F DEBUG : #05 pc 0000000000049a34 /apex/com.android.runtime/lib64/bionic/libc.so (__libc_init+108) (BuildId: f81965d884d6ebc5e5c3fd825c17a209)
01-01 01:02:58.636 2636 2636 I boot_progress_preload_start: 178636
01-01 01:02:58.653 2636 2636 D Zygote64Timing: BeginPreload took to complete: 17ms
01-01 01:02:58.696 2637 2637 D Zygote32Timing: PostZygoteInitGC took to complete: 17ms
01-01 01:02:58.696 2637 2637 D Zygote32Timing: ZygoteInit took to complete: 25ms
01-01 01:02:58.729 0 0 D logd : logdr: UID=1000 GID=1003 PID=2677 n tail=50 logMask=8 pid=2640 start=0ns timeout=0ns
01-01 01:02:58.732 0 0 D logd : logdr: UID=1000 GID=1003 PID=2677 n tail=50 logMask=1 pid=2640 start=0ns timeout=0ns
01-01 01:02:58.762 0 0 D logd : logdr: UID=1000 GID=1003 PID=2677 n tail=0 logMask=8 pid=2640 start=0ns timeout=0ns
01-01 01:02:58.764 0 0 D logd : logdr: UID=1000 GID=1003 PID=2677 n tail=0 logMask=1 pid=2640 start=0ns timeout=0ns
01-01 01:02:58.782 241 241 W iorapd : Reconnect to package manager service: 29 times
01-01 01:02:58.949 2700 2700 I wificond: wificond is starting up...
01-01 01:02:58.953 2700 2700 I HidlServiceManagement: Registered android.system.wifi.keystore@1.0::IKeystore/default (start delay of 43ms)
01-01 01:03:03.114 0 0 I init : starting service 'zygote'...
01-01 01:03:03.119 0 0 I init : Created socket '/dev/socket/zygote', mode 660, user 0, group 1000
01-01 01:03:03.128 0 0 I init : Created socket '/dev/socket/usap_pool_primary', mode 660, user 0, group 1000
01-01 01:03:03.158 0 0 W libprocessgroup: Failed to open /dev/stune/top-app/tasks: No such file or directory: No such file or directory
01-01 01:03:03.170 0 0 W libprocessgroup: Failed to apply MaxPerformance task profile: No such file or directory
01-01 01:03:03.178 0 0 I init : starting service 'zygote_secondary'...
01-01 01:03:03.185 0 0 I init : Created socket '/dev/socket/zygote_secondary', mode 660, user 0, group 1000
01-01 01:03:03.194 0 0 I init : Created socket '/dev/socket/usap_pool_secondary', mode 660, user 0, group 1000
01-01 01:03:03.206 0 0 I init : starting service 'audioserver'...
01-01 01:03:03.208 0 0 W libprocessgroup: Failed to open /dev/stune/top-app/tasks: No such file or directory: No such file or directory
01-01 01:03:03.355 2707 2707 I boot_progress_start: 183355
01-01 01:03:03.581 2711 2711 F libc : Fatal signal 6 (SIGABRT), code -1 (SI_QUEUE) in tid 2711 (surfaceflinger), pid 2711 (surfaceflinger)
01-01 01:03:03.620 2752 2752 F DEBUG : *** *** *** *** *** *** *** *** *** *** *** *** *** *** *** ***
01-01 01:03:03.621 2752 2752 F DEBUG : Build fingerprint: 'emteria/rpi4/rpi4:11/RQ1A.210105.003/eng.root.20210331.145622:userdebug/release-keys'
01-01 01:03:03.621 2752 2752 F DEBUG : Revision: '0'
01-01 01:03:03.621 2752 2752 F DEBUG : ABI: 'arm64'
01-01 01:03:03.622 2752 2752 F DEBUG : Timestamp: 1970-01-01 01:03:03+0100
01-01 01:03:03.622 2752 2752 F DEBUG : pid: 2711, tid: 2711, name: surfaceflinger >>> /system/bin/surfaceflinger <<<
01-01 01:03:03.622 2752 2752 F DEBUG : uid: 1000
01-01 01:03:03.622 2752 2752 F DEBUG : signal 6 (SIGABRT), code -1 (SI_QUEUE), fault addr --------
01-01 01:03:03.623 2752 2752 F DEBUG : Abort message: 'Missing internal display after registering composer callback.'
01-01 01:03:03.623 2752 2752 F DEBUG : x0 0000000000000000 x1 0000000000000a97 x2 0000000000000006 x3 0000007fde655560
01-01 01:03:03.623 2752 2752 F DEBUG : x4 000000001284bda1 x5 000000001284bda1 x6 000000001284bda1 x7 00000000000000b7
01-01 01:03:03.623 2752 2752 F DEBUG : x8 00000000000000f0 x9 0000007bada73800 x10 ffffff80ffffffdf x11 0000000000000001
01-01 01:03:03.623 2752 2752 F DEBUG : x12 0000007fde655530 x13 000000000000003e x14 0000007fde655700 x15 ffffffffffffffff
01-01 01:03:03.623 2752 2752 F DEBUG : x16 0000007badb0cc80 x17 0000007badaee3c0 x18 0000007bb0368000 x19 00000000000000ac
01-01 01:03:03.623 2752 2752 F DEBUG : x20 0000000000000a97 x21 00000000000000b2 x22 0000000000000a97 x23 00000000ffffffff
01-01 01:03:03.623 2752 2752 F DEBUG : x24 0000000000000002 x25 0000000000000000 x26 0000000000000000 x27 0000000000000000
01-01 01:03:03.623 2752 2752 F DEBUG : x28 0000000000000000 x29 0000007fde6555e0
01-01 01:03:03.623 2752 2752 F DEBUG : lr 0000007badaa1544 sp 0000007fde655540 pc 0000007badaa1574 pst 0000000000000000
01-01 01:03:03.653 2752 2752 F DEBUG : backtrace:
01-01 01:03:03.653 2752 2752 F DEBUG : #00 pc 000000000004e574 /apex/com.android.runtime/lib64/bionic/libc.so (abort+180) (BuildId: f81965d884d6ebc5e5c3fd825c17a209)
01-01 01:03:03.653 2752 2752 F DEBUG : #01 pc 0000000000006334 /system/lib64/liblog.so (__android_log_default_aborter+12) (BuildId: c92329feece7a2d7fa4d9fb6acc815f9)
01-01 01:03:03.653 2752 2752 F DEBUG : #02 pc 0000000000006ec8 /system/lib64/liblog.so (__android_log_assert+336) (BuildId: c92329feece7a2d7fa4d9fb6acc815f9)
01-01 01:03:03.653 2752 2752 F DEBUG : #03 pc 000000000010a844 /system/lib64/libsurfaceflinger.so (android::SurfaceFlinger::init()+1380) (BuildId: 717e9bb2a8f30577e4b047e005231fd7)
01-01 01:03:03.653 2752 2752 F DEBUG : #04 pc 00000000000021a8 /system/bin/surfaceflinger (main+352) (BuildId: 90f19aac502ae7e05183738dd9ef97d1)
01-01 01:03:03.653 2752 2752 F DEBUG : #05 pc 0000000000049a34 /apex/com.android.runtime/lib64/bionic/libc.so (__libc_init+108) (BuildId: f81965d884d6ebc5e5c3fd825c17a209)
01-01 01:03:03.655 2707 2707 I boot_progress_preload_start: 183655
01-01 01:03:03.674 2707 2707 D Zygote64Timing: BeginPreload took to complete: 18ms
01-01 01:03:03.723 2708 2708 D Zygote32Timing: PostZygoteInitGC took to complete: 17ms
01-01 01:03:03.723 2708 2708 D Zygote32Timing: ZygoteInit took to complete: 24ms
01-01 01:03:03.758 0 0 D logd : logdr: UID=1000 GID=1003 PID=2752 n tail=50 logMask=8 pid=2711 start=0ns timeout=0ns
01-01 01:03:03.764 0 0 D logd : logdr: UID=1000 GID=1003 PID=2752 n tail=50 logMask=1 pid=2711 start=0ns timeout=0ns
01-01 01:03:03.796 0 0 D logd : logdr: UID=1000 GID=1003 PID=2752 n tail=0 logMask=8 pid=2711 start=0ns timeout=0ns
01-01 01:03:03.798 0 0 D logd : logdr: UID=1000 GID=1003 PID=2752 n tail=0 logMask=1 pid=2711 start=0ns timeout=0ns
01-01 01:03:03.805 241 241 E iorapd : Cannot get package manager service!
01-01 01:03:03.972 2773 2773 I wificond: wificond is starting up...
01-01 01:03:03.976 2773 2773 I HidlServiceManagement: Registered android.system.wifi.keystore@1.0::IKeystore/default (start delay of 36ms)
01-01 01:03:04.805 241 241 W iorapd : Reconnect to package manager service: 30 times
01-01 01:03:08.143 0 0 I init : starting service 'zygote'...
01-01 01:03:08.148 0 0 I init : Created socket '/dev/socket/zygote', mode 660, user 0, group 1000
01-01 01:03:08.156 0 0 I init : Created socket '/dev/socket/usap_pool_primary', mode 660, user 0, group 1000
01-01 01:03:08.186 0 0 W libprocessgroup: Failed to open /dev/stune/top-app/tasks: No such file or directory: No such file or directory
01-01 01:03:08.198 0 0 W libprocessgroup: Failed to apply MaxPerformance task profile: No such file or directory
01-01 01:03:08.206 0 0 I init : starting service 'zygote_secondary'...
01-01 01:03:08.213 0 0 I init : Created socket '/dev/socket/zygote_secondary', mode 660, user 0, group 1000
01-01 01:03:08.222 0 0 I init : Created socket '/dev/socket/usap_pool_secondary', mode 660, user 0, group 1000
01-01 01:03:08.234 0 0 I init : starting service 'audioserver'...
01-01 01:03:08.235 0 0 W libprocessgroup: Failed to open /dev/stune/top-app/tasks: No such file or directory: No such file or directory
01-01 01:03:08.383 2780 2780 I boot_progress_start: 188383
01-01 01:03:08.557 2784 2784 F libc : Fatal signal 6 (SIGABRT), code -1 (SI_QUEUE) in tid 2784 (surfaceflinger), pid 2784 (surfaceflinger)
01-01 01:03:08.607 2818 2818 F DEBUG : *** *** *** *** *** *** *** *** *** *** *** *** *** *** *** ***
01-01 01:03:08.608 2818 2818 F DEBUG : Build fingerprint: 'emteria/rpi4/rpi4:11/RQ1A.210105.003/eng.root.20210331.145622:userdebug/release-keys'
01-01 01:03:08.608 2818 2818 F DEBUG : Revision: '0'
01-01 01:03:08.608 2818 2818 F DEBUG : ABI: 'arm64'
01-01 01:03:08.609 2818 2818 F DEBUG : Timestamp: 1970-01-01 01:03:08+0100
01-01 01:03:08.609 2818 2818 F DEBUG : pid: 2784, tid: 2784, name: surfaceflinger >>> /system/bin/surfaceflinger <<<
01-01 01:03:08.609 2818 2818 F DEBUG : uid: 1000
01-01 01:03:08.609 2818 2818 F DEBUG : signal 6 (SIGABRT), code -1 (SI_QUEUE), fault addr --------
01-01 01:03:08.609 2818 2818 F DEBUG : Abort message: 'Missing internal display after registering composer callback.'
01-01 01:03:08.609 2818 2818 F DEBUG : x0 0000000000000000 x1 0000000000000ae0 x2 0000000000000006 x3 0000007fdc0772c0
01-01 01:03:08.609 2818 2818 F DEBUG : x4 000000001284bda1 x5 000000001284bda1 x6 000000001284bda1 x7 00000000000000bc
01-01 01:03:08.610 2818 2818 F DEBUG : x8 00000000000000f0 x9 000000719b801800 x10 ffffff80ffffffdf x11 0000000000000001
01-01 01:03:08.610 2818 2818 F DEBUG : x12 0000007fdc077290 x13 000000000000003e x14 0000007fdc077460 x15 ffffffffffffffff
01-01 01:03:08.610 2818 2818 F DEBUG : x16 000000719b89ac80 x17 000000719b87c3c0 x18 000000719cf28000 x19 00000000000000ac
01-01 01:03:08.610 2818 2818 F DEBUG : x20 0000000000000ae0 x21 00000000000000b2 x22 0000000000000ae0 x23 00000000ffffffff
01-01 01:03:08.610 2818 2818 F DEBUG : x24 0000000000000002 x25 0000000000000000 x26 0000000000000000 x27 0000000000000000
01-01 01:03:08.610 2818 2818 F DEBUG : x28 0000000000000000 x29 0000007fdc077340
01-01 01:03:08.610 2818 2818 F DEBUG : lr 000000719b82f544 sp 0000007fdc0772a0 pc 000000719b82f574 pst 0000000000000000
01-01 01:03:08.641 2818 2818 F DEBUG : backtrace:
01-01 01:03:08.641 2818 2818 F DEBUG : #00 pc 000000000004e574 /apex/com.android.runtime/lib64/bionic/libc.so (abort+180) (BuildId: f81965d884d6ebc5e5c3fd825c17a209)
01-01 01:03:08.641 2818 2818 F DEBUG : #01 pc 0000000000006334 /system/lib64/liblog.so (__android_log_default_aborter+12) (BuildId: c92329feece7a2d7fa4d9fb6acc815f9)
01-01 01:03:08.641 2818 2818 F DEBUG : #02 pc 0000000000006ec8 /system/lib64/liblog.so (__android_log_assert+336) (BuildId: c92329feece7a2d7fa4d9fb6acc815f9)
01-01 01:03:08.641 2818 2818 F DEBUG : #03 pc 000000000010a844 /system/lib64/libsurfaceflinger.so (android::SurfaceFlinger::init()+1380) (BuildId: 717e9bb2a8f30577e4b047e005231fd7)
01-01 01:03:08.641 2818 2818 F DEBUG : #04 pc 00000000000021a8 /system/bin/surfaceflinger (main+352) (BuildId: 90f19aac502ae7e05183738dd9ef97d1)
01-01 01:03:08.641 2818 2818 F DEBUG : #05 pc 0000000000049a34 /apex/com.android.runtime/lib64/bionic/libc.so (__libc_init+108) (BuildId: f81965d884d6ebc5e5c3fd825c17a209)
01-01 01:03:08.681 2780 2780 I boot_progress_preload_start: 188680
01-01 01:03:08.699 2780 2780 D Zygote64Timing: BeginPreload took to complete: 18ms
01-01 01:03:08.747 0 0 D logd : logdr: UID=1000 GID=1003 PID=2818 n tail=50 logMask=8 pid=2784 start=0ns timeout=0ns
01-01 01:03:08.748 2781 2781 D Zygote32Timing: PostZygoteInitGC took to complete: 18ms
01-01 01:03:08.748 2781 2781 D Zygote32Timing: ZygoteInit took to complete: 25ms
01-01 01:03:08.749 0 0 D logd : logdr: UID=1000 GID=1003 PID=2818 n tail=50 logMask=1 pid=2784 start=0ns timeout=0ns
01-01 01:03:08.778 0 0 D logd : logdr: UID=1000 GID=1003 PID=2818 n tail=0 logMask=8 pid=2784 start=0ns timeout=0ns
01-01 01:03:08.780 0 0 D logd : logdr: UID=1000 GID=1003 PID=2818 n tail=0 logMask=1 pid=2784 start=0ns timeout=0ns
01-01 01:03:08.976 2846 2846 I wificond: wificond is starting up...
01-01 01:03:08.981 2846 2846 I HidlServiceManagement: Registered android.system.wifi.keystore@1.0::IKeystore/default (start delay of 41ms)
01-01 01:03:09.830 241 241 E iorapd : Cannot get package manager service!
01-01 01:03:10.830 241 241 W iorapd : Reconnect to package manager service: 31 times
01-01 01:03:13.171 0 0 I init : starting service 'zygote'...
01-01 01:03:13.176 0 0 I init : Created socket '/dev/socket/zygote', mode 660, user 0, group 1000
01-01 01:03:13.184 0 0 I init : Created socket '/dev/socket/usap_pool_primary', mode 660, user 0, group 1000
01-01 01:03:13.214 0 0 W libprocessgroup: Failed to open /dev/stune/top-app/tasks: No such file or directory: No such file or directory
01-01 01:03:13.226 0 0 W libprocessgroup: Failed to apply MaxPerformance task profile: No such file or directory
01-01 01:03:13.233 0 0 I init : starting service 'zygote_secondary'...
01-01 01:03:13.241 0 0 I init : Created socket '/dev/socket/zygote_secondary', mode 660, user 0, group 1000
01-01 01:03:13.250 0 0 I init : Created socket '/dev/socket/usap_pool_secondary', mode 660, user 0, group 1000
01-01 01:03:13.263 0 0 I init : starting service 'audioserver'...
01-01 01:03:13.298 0 0 W libprocessgroup: Failed to open /dev/stune/top-app/tasks: No such file or directory: No such file or directory
01-01 01:03:13.404 2853 2853 I boot_progress_start: 193404
01-01 01:03:13.686 2857 2857 F libc : Fatal signal 6 (SIGABRT), code -1 (SI_QUEUE) in tid 2857 (surfaceflinger), pid 2857 (surfaceflinger)
01-01 01:03:13.695 2853 2853 I boot_progress_preload_start: 193695
01-01 01:03:13.715 2853 2853 D Zygote64Timing: BeginPreload took to complete: 19ms
01-01 01:03:13.724 2902 2902 F DEBUG : *** *** *** *** *** *** *** *** *** *** *** *** *** *** *** ***
01-01 01:03:13.724 2902 2902 F DEBUG : Build fingerprint: 'emteria/rpi4/rpi4:11/RQ1A.210105.003/eng.root.20210331.145622:userdebug/release-keys'
01-01 01:03:13.724 2902 2902 F DEBUG : Revision: '0'
01-01 01:03:13.724 2902 2902 F DEBUG : ABI: 'arm64'
01-01 01:03:13.726 2902 2902 F DEBUG : Timestamp: 1970-01-01 01:03:13+0100
01-01 01:03:13.726 2902 2902 F DEBUG : pid: 2857, tid: 2857, name: surfaceflinger >>> /system/bin/surfaceflinger <<<
01-01 01:03:13.726 2902 2902 F DEBUG : uid: 1000
01-01 01:03:13.726 2902 2902 F DEBUG : signal 6 (SIGABRT), code -1 (SI_QUEUE), fault addr --------
01-01 01:03:13.726 2902 2902 F DEBUG : Abort message: 'Missing internal display after registering composer callback.'
01-01 01:03:13.727 2902 2902 F DEBUG : x0 0000000000000000 x1 0000000000000b29 x2 0000000000000006 x3 0000007fd0e936f0
01-01 01:03:13.727 2902 2902 F DEBUG : x4 000000001284bda1 x5 000000001284bda1 x6 000000001284bda1 x7 00000000000000c1
01-01 01:03:13.727 2902 2902 F DEBUG : x8 00000000000000f0 x9 0000007ca42eb800 x10 ffffff80ffffffdf x11 0000000000000001
01-01 01:03:13.727 2902 2902 F DEBUG : x12 0000007fd0e936c0 x13 000000000000003e x14 0000007fd0e93890 x15 ffffffffffffffff
01-01 01:03:13.727 2902 2902 F DEBUG : x16 0000007ca4384c80 x17 0000007ca43663c0 x18 0000007ca6546000 x19 00000000000000ac
01-01 01:03:13.727 2902 2902 F DEBUG : x20 0000000000000b29 x21 00000000000000b2 x22 0000000000000b29 x23 00000000ffffffff
01-01 01:03:13.727 2902 2902 F DEBUG : x24 0000000000000002 x25 0000000000000000 x26 0000000000000000 x27 0000000000000000
01-01 01:03:13.727 2902 2902 F DEBUG : x28 0000000000000000 x29 0000007fd0e93770
01-01 01:03:13.727 2902 2902 F DEBUG : lr 0000007ca4319544 sp 0000007fd0e936d0 pc 0000007ca4319574 pst 0000000000000000
01-01 01:03:13.759 2902 2902 F DEBUG : backtrace:
01-01 01:03:13.759 2902 2902 F DEBUG : #00 pc 000000000004e574 /apex/com.android.runtime/lib64/bionic/libc.so (abort+180) (BuildId: f81965d884d6ebc5e5c3fd825c17a209)
01-01 01:03:13.759 2902 2902 F DEBUG : #01 pc 0000000000006334 /system/lib64/liblog.so (__android_log_default_aborter+12) (BuildId: c92329feece7a2d7fa4d9fb6acc815f9)
01-01 01:03:13.759 2902 2902 F DEBUG : #02 pc 0000000000006ec8 /system/lib64/liblog.so (__android_log_assert+336) (BuildId: c92329feece7a2d7fa4d9fb6acc815f9)
01-01 01:03:13.759 2902 2902 F DEBUG : #03 pc 000000000010a844 /system/lib64/libsurfaceflinger.so (android::SurfaceFlinger::init()+1380) (BuildId: 717e9bb2a8f30577e4b047e005231fd7)
01-01 01:03:13.759 2902 2902 F DEBUG : #04 pc 00000000000021a8 /system/bin/surfaceflinger (main+352) (BuildId: 90f19aac502ae7e05183738dd9ef97d1)
01-01 01:03:13.759 2902 2902 F DEBUG : #05 pc 0000000000049a34 /apex/com.android.runtime/lib64/bionic/libc.so (__libc_init+108) (BuildId: f81965d884d6ebc5e5c3fd825c17a209)
01-01 01:03:13.812 2854 2854 D Zygote32Timing: PostZygoteInitGC took to complete: 19ms
01-01 01:03:13.812 2854 2854 D Zygote32Timing: ZygoteInit took to complete: 26ms
01-01 01:03:13.862 0 0 D logd : logdr: UID=1000 GID=1003 PID=2902 n tail=50 logMask=8 pid=2857 start=0ns timeout=0ns
01-01 01:03:13.865 0 0 D logd : logdr: UID=1000 GID=1003 PID=2902 n tail=50 logMask=1 pid=2857 start=0ns timeout=0ns
01-01 01:03:13.895 0 0 D logd : logdr: UID=1000 GID=1003 PID=2902 n tail=0 logMask=8 pid=2857 start=0ns timeout=0ns
01-01 01:03:13.897 0 0 D logd : logdr: UID=1000 GID=1003 PID=2902 n tail=0 logMask=1 pid=2857 start=0ns timeout=0ns
01-01 01:03:14.092 2918 2918 I wificond: wificond is starting up...
01-01 01:03:14.096 2918 2918 I HidlServiceManagement: Registered android.system.wifi.keystore@1.0::IKeystore/default (start delay of 36ms)
01-01 01:03:15.847 241 241 E iorapd : Cannot get package manager service!
01-01 01:03:16.847 241 241 W iorapd : Reconnect to package manager service: 32 times
01-01 01:03:18.200 0 0 I init : starting service 'zygote'...
01-01 01:03:18.205 0 0 I init : Created socket '/dev/socket/zygote', mode 660, user 0, group 1000
01-01 01:03:18.213 0 0 I init : Created socket '/dev/socket/usap_pool_primary', mode 660, user 0, group 1000
01-01 01:03:18.242 0 0 W libprocessgroup: Failed to open /dev/stune/top-app/tasks: No such file or directory: No such file or directory
01-01 01:03:18.254 0 0 W libprocessgroup: Failed to apply MaxPerformance task profile: No such file or directory
01-01 01:03:18.262 0 0 I init : starting service 'zygote_secondary'...
01-01 01:03:18.269 0 0 I init : Created socket '/dev/socket/zygote_secondary', mode 660, user 0, group 1000
01-01 01:03:18.278 0 0 I init : Created socket '/dev/socket/usap_pool_secondary', mode 660, user 0, group 1000
01-01 01:03:18.300 0 0 I init : starting service 'audioserver'...
01-01 01:03:18.310 0 0 W libprocessgroup: Failed to open /dev/stune/top-app/tasks: No such file or directory: No such file or directory
01-01 01:03:18.442 2925 2925 I boot_progress_start: 198442
01-01 01:03:18.657 2929 2929 F libc : Fatal signal 6 (SIGABRT), code -1 (SI_QUEUE) in tid 2929 (surfaceflinger), pid 2929 (surfaceflinger)
01-01 01:03:18.703 2967 2967 F DEBUG : *** *** *** *** *** *** *** *** *** *** *** *** *** *** *** ***
01-01 01:03:18.703 2967 2967 F DEBUG : Build fingerprint: 'emteria/rpi4/rpi4:11/RQ1A.210105.003/eng.root.20210331.145622:userdebug/release-keys'
01-01 01:03:18.703 2967 2967 F DEBUG : Revision: '0'
01-01 01:03:18.703 2967 2967 F DEBUG : ABI: 'arm64'
01-01 01:03:18.705 2967 2967 F DEBUG : Timestamp: 1970-01-01 01:03:18+0100
01-01 01:03:18.705 2967 2967 F DEBUG : pid: 2929, tid: 2929, name: surfaceflinger >>> /system/bin/surfaceflinger <<<
01-01 01:03:18.705 2967 2967 F DEBUG : uid: 1000
01-01 01:03:18.705 2967 2967 F DEBUG : signal 6 (SIGABRT), code -1 (SI_QUEUE), fault addr --------
01-01 01:03:18.705 2967 2967 F DEBUG : Abort message: 'Missing internal display after registering composer callback.'
01-01 01:03:18.705 2967 2967 F DEBUG : x0 0000000000000000 x1 0000000000000b71 x2 0000000000000006 x3 0000007fde809300
01-01 01:03:18.705 2967 2967 F DEBUG : x4 000000001284bda1 x5 000000001284bda1 x6 000000001284bda1 x7 00000000000000c6
01-01 01:03:18.706 2967 2967 F DEBUG : x8 00000000000000f0 x9 00000074f053d800 x10 ffffff80ffffffdf x11 0000000000000001
01-01 01:03:18.706 2967 2967 F DEBUG : x12 0000007fde8092d0 x13 000000000000003e x14 0000007fde8094a0 x15 ffffffffffffffff
01-01 01:03:18.706 2967 2967 F DEBUG : x16 00000074f05d6c80 x17 00000074f05b83c0 x18 00000074f2e4e000 x19 00000000000000ac
01-01 01:03:18.706 2967 2967 F DEBUG : x20 0000000000000b71 x21 00000000000000b2 x22 0000000000000b71 x23 00000000ffffffff
01-01 01:03:18.706 2967 2967 F DEBUG : x24 0000000000000002 x25 0000000000000000 x26 0000000000000000 x27 0000000000000000
01-01 01:03:18.706 2967 2967 F DEBUG : x28 0000000000000000 x29 0000007fde809380
01-01 01:03:18.706 2967 2967 F DEBUG : lr 00000074f056b544 sp 0000007fde8092e0 pc 00000074f056b574 pst 0000000000000000
01-01 01:03:18.736 2967 2967 F DEBUG : backtrace:
01-01 01:03:18.736 2925 2925 I boot_progress_preload_start: 198736
01-01 01:03:18.744 2967 2967 F DEBUG : #00 pc 000000000004e574 /apex/com.android.runtime/lib64/bionic/libc.so (abort+180) (BuildId: f81965d884d6ebc5e5c3fd825c17a209)
01-01 01:03:18.744 2967 2967 F DEBUG : #01 pc 0000000000006334 /system/lib64/liblog.so (__android_log_default_aborter+12) (BuildId: c92329feece7a2d7fa4d9fb6acc815f9)
01-01 01:03:18.744 2967 2967 F DEBUG : #02 pc 0000000000006ec8 /system/lib64/liblog.so (__android_log_assert+336) (BuildId: c92329feece7a2d7fa4d9fb6acc815f9)
01-01 01:03:18.744 2967 2967 F DEBUG : #03 pc 000000000010a844 /system/lib64/libsurfaceflinger.so (android::SurfaceFlinger::init()+1380) (BuildId: 717e9bb2a8f30577e4b047e005231fd7)
01-01 01:03:18.744 2967 2967 F DEBUG : #04 pc 00000000000021a8 /system/bin/surfaceflinger (main+352) (BuildId: 90f19aac502ae7e05183738dd9ef97d1)
01-01 01:03:18.744 2967 2967 F DEBUG : #05 pc 0000000000049a34 /apex/com.android.runtime/lib64/bionic/libc.so (__libc_init+108) (BuildId: f81965d884d6ebc5e5c3fd825c17a209)
01-01 01:03:18.755 2925 2925 D Zygote64Timing: BeginPreload took to complete: 18ms
01-01 01:03:18.825 2926 2926 D Zygote32Timing: PostZygoteInitGC took to complete: 16ms
01-01 01:03:18.825 2926 2926 D Zygote32Timing: ZygoteInit took to complete: 24ms
01-01 01:03:18.844 0 0 D logd : logdr: UID=1000 GID=1003 PID=2967 n tail=50 logMask=8 pid=2929 start=0ns timeout=0ns
01-01 01:03:18.846 0 0 D logd : logdr: UID=1000 GID=1003 PID=2967 n tail=50 logMask=1 pid=2929 start=0ns timeout=0ns
01-01 01:03:18.877 0 0 D logd : logdr: UID=1000 GID=1003 PID=2967 n tail=0 logMask=8 pid=2929 start=0ns timeout=0ns
01-01 01:03:18.879 0 0 D logd : logdr: UID=1000 GID=1003 PID=2967 n tail=0 logMask=1 pid=2929 start=0ns timeout=0ns
01-01 01:03:19.096 2990 2990 I wificond: wificond is starting up...
01-01 01:03:19.100 2990 2990 I HidlServiceManagement: Registered android.system.wifi.keystore@1.0::IKeystore/default (start delay of 40ms)
01-01 01:03:21.872 241 241 E iorapd : Cannot get package manager service!
01-01 01:03:22.872 241 241 W iorapd : Reconnect to package manager service: 33 times
01-01 01:03:23.228 0 0 I init : starting service 'zygote'...
01-01 01:03:23.233 0 0 I init : Created socket '/dev/socket/zygote', mode 660, user 0, group 1000
01-01 01:03:23.241 0 0 I init : Created socket '/dev/socket/usap_pool_primary', mode 660, user 0, group 1000
