01-01 01:04:43.755 0 0 I init : Created socket '/dev/socket/zygote_secondary', mode 660, user 0, group 1000
01-01 01:04:43.765 0 0 I init : Created socket '/dev/socket/usap_pool_secondary', mode 660, user 0, group 1000
01-01 01:04:43.777 0 0 I init : starting service 'audioserver'...
01-01 01:04:43.778 0 0 W libprocessgroup: Failed to open /dev/stune/top-app/tasks: No such file or directory: No such file or directory
01-01 01:04:43.826 241 241 I ServiceManager: Waiting for service 'package_native' on '/dev/binder'...
01-01 01:04:43.828 4151 4151 I netdClient: Skipping libnetd_client init since *we* are netd
01-01 01:04:43.836 4151 4151 I netd : netd 1.0 starting
01-01 01:04:43.839 4151 4151 D TetherController: Setting IP forward enable = 0
01-01 01:04:43.890 4153 4153 E LegacySupport: Could not get passthrough implementation for android.hardware.audio@6.0::IDevicesFactory/default.
01-01 01:04:43.891 4153 4153 E LegacySupport: Could not get passthrough implementation for android.hardware.audio@5.0::IDevicesFactory/default.
01-01 01:04:43.892 4153 4153 E LegacySupport: Could not get passthrough implementation for android.hardware.audio@4.0::IDevicesFactory/default.
01-01 01:04:43.903 4153 4153 I HidlServiceManagement: Registered android.hardware.audio@2.0::IDevicesFactory/default (start delay of 103ms)
01-01 01:04:43.904 4153 4153 I HidlServiceManagement: Removing namespace from process name android.hardware.audio.service to audio.service.
01-01 01:04:43.904 4153 4153 I LegacySupport: Registration complete for android.hardware.audio@2.0::IDevicesFactory/default.
01-01 01:04:43.906 4153 4153 E LegacySupport: Could not get passthrough implementation for android.hardware.audio.effect@6.0::IEffectsFactory/default.
01-01 01:04:43.907 4153 4153 E LegacySupport: Could not get passthrough implementation for android.hardware.audio.effect@5.0::IEffectsFactory/default.
01-01 01:04:43.912 4153 4153 E LegacySupport: Could not get passthrough implementation for android.hardware.audio.effect@4.0::IEffectsFactory/default.
01-01 01:04:43.920 4151 4151 I netd : Creating child chains: 62469us
01-01 01:04:43.921 4151 4151 I netd : Setting up OEM hooks: 234us
01-01 01:04:43.921 4151 4151 I netd : Setting up FirewallController hooks: 95us
01-01 01:04:43.923 4153 4153 I HidlServiceManagement: Registered android.hardware.audio.effect@2.0::IEffectsFactory/default (start delay of 123ms)
01-01 01:04:43.925 4153 4153 I LegacySupport: Registration complete for android.hardware.audio.effect@2.0::IEffectsFactory/default.
01-01 01:04:43.926 4151 4151 I netd : Setting up TetherController hooks: 5160us
01-01 01:04:43.926 241 241 I ServiceManager: Waiting for service 'package_native' on '/dev/binder'...
01-01 01:04:43.927 4153 4153 E LegacySupport: Could not get passthrough implementation for android.hardware.soundtrigger@2.3::ISoundTriggerHw/default.
01-01 01:04:43.930 4153 4153 E LegacySupport: Could not get passthrough implementation for android.hardware.soundtrigger@2.2::ISoundTriggerHw/default.
01-01 01:04:43.931 4153 4153 E LegacySupport: Could not get passthrough implementation for android.hardware.soundtrigger@2.1::ISoundTriggerHw/default.
01-01 01:04:43.932 4153 4153 E LegacySupport: Could not get passthrough implementation for android.hardware.soundtrigger@2.0::ISoundTriggerHw/default.
01-01 01:04:43.932 4153 4153 W audiohalservice: Could not register Soundtrigger API
01-01 01:04:43.933 4153 4153 E LegacySupport: Could not get passthrough implementation for android.hardware.bluetooth.audio@2.0::IBluetoothAudioProvidersFactory/default.
01-01 01:04:43.933 4153 4153 W audiohalservice: Could not register Bluetooth Audio API
01-01 01:04:43.934 4153 4153 E LegacySupport: Could not get passthrough implementation for android.hardware.bluetooth.a2dp@1.0::IBluetoothAudioOffload/default.
01-01 01:04:43.934 4153 4153 W audiohalservice: Could not register Bluetooth Audio Offload API
01-01 01:04:43.936 4148 4148 D AndroidRuntime: >>>>>> START com.android.internal.os.ZygoteInit uid 0 <<<<<<
01-01 01:04:43.936 4148 4148 I boot_progress_start: 283936
01-01 01:04:43.937 4151 4151 I netd : Setting up BandwidthController hooks: 11578us
01-01 01:04:43.938 4151 4151 I netd : Setting up IdletimerController hooks: 169us
01-01 01:04:43.943 4148 4148 I AndroidRuntime: Using default boot image
01-01 01:04:43.943 4148 4148 I AndroidRuntime: Leaving lock profiling enabled
01-01 01:04:43.945 4148 4148 I zygote64: option[0]=-Xzygote
01-01 01:04:43.945 4148 4148 I zygote64: option[1]=exit
01-01 01:04:43.945 4148 4148 I zygote64: option[2]=vfprintf
01-01 01:04:43.945 4148 4148 I zygote64: option[3]=sensitiveThread
01-01 01:04:43.945 4148 4148 I zygote64: option[4]=-verbose:gc
01-01 01:04:43.945 4148 4148 I zygote64: option[5]=-XX:PerfettoHprof=true
01-01 01:04:43.945 4148 4148 I zygote64: option[6]=-Xprimaryzygote
01-01 01:04:43.945 4148 4148 I zygote64: option[7]=-Xms8m
01-01 01:04:43.945 4148 4148 I zygote64: option[8]=-Xmx512m
01-01 01:04:43.945 4148 4148 I zygote64: option[9]=-XX:HeapGrowthLimit=192m
01-01 01:04:43.945 4148 4148 I zygote64: option[10]=-XX:HeapMinFree=512k
01-01 01:04:43.945 4148 4148 I zygote64: option[11]=-XX:HeapMaxFree=8m
01-01 01:04:43.945 4148 4148 I zygote64: option[12]=-XX:HeapTargetUtilization=0.75
01-01 01:04:43.946 4148 4148 I zygote64: option[13]=-Xusejit:true
01-01 01:04:43.946 4148 4148 I zygote64: option[14]=-Xjitsaveprofilinginfo
01-01 01:04:43.946 4148 4148 I zygote64: option[15]=-XjdwpOptions:suspend=n,server=y
01-01 01:04:43.946 4148 4148 I zygote64: option[16]=-XjdwpProvider:default
01-01 01:04:43.946 4148 4148 I zygote64: option[17]=-Xopaque-jni-ids:swapable
01-01 01:04:43.946 4148 4148 I zygote64: option[18]=-Xlockprofthreshold:500
01-01 01:04:43.946 4148 4148 I zygote64: option[19]=-Xcompiler-option
01-01 01:04:43.946 4148 4148 I zygote64: option[20]=--instruction-set-variant=cortex-a72
01-01 01:04:43.946 4148 4148 I zygote64: option[21]=-Xcompiler-option
01-01 01:04:43.946 4148 4148 I zygote64: option[22]=--instruction-set-features=default
01-01 01:04:43.946 4148 4148 I zygote64: option[23]=-Xcompiler-option
01-01 01:04:43.946 4148 4148 I zygote64: option[24]=--generate-mini-debug-info
01-01 01:04:43.946 4148 4148 I zygote64: option[25]=-Ximage-compiler-option
01-01 01:04:43.946 4148 4148 I zygote64: option[26]=--runtime-arg
01-01 01:04:43.946 4148 4148 I zygote64: option[27]=-Ximage-compiler-option
01-01 01:04:43.946 4148 4148 I zygote64: option[28]=-Xms64m
01-01 01:04:43.946 4148 4148 I zygote64: option[29]=-Ximage-compiler-option
01-01 01:04:43.946 4148 4148 I zygote64: option[30]=--runtime-arg
01-01 01:04:43.946 4148 4148 I zygote64: option[31]=-Ximage-compiler-option
01-01 01:04:43.946 4148 4148 I zygote64: option[32]=-Xmx64m
01-01 01:04:43.946 4148 4148 I zygote64: option[33]=-Ximage-compiler-option
01-01 01:04:43.946 4148 4148 I zygote64: option[34]=--dirty-image-objects=/system/etc/dirty-image-objects
01-01 01:04:43.946 4148 4148 I zygote64: option[35]=-Ximage-compiler-option
01-01 01:04:43.946 4148 4148 I zygote64: option[36]=--instruction-set-variant=cortex-a72
01-01 01:04:43.946 4148 4148 I zygote64: option[37]=-Ximage-compiler-option
01-01 01:04:43.946 4148 4148 I zygote64: option[38]=--instruction-set-features=default
01-01 01:04:43.947 4148 4148 I zygote64: option[39]=-Ximage-compiler-option
01-01 01:04:43.947 4148 4148 I zygote64: option[40]=--generate-mini-debug-info
01-01 01:04:43.947 4148 4148 I zygote64: option[41]=-Duser.locale=en-US
01-01 01:04:43.947 4148 4148 I zygote64: option[42]=--cpu-abilist=arm64-v8a
01-01 01:04:43.947 4148 4148 I zygote64: option[43]=-Xcore-platform-api-policy:just-warn
01-01 01:04:43.947 4148 4148 I zygote64: option[44]=-Xfingerprint:emteria/rpi4/rpi4:11/RQ1A.210105.003/eng.root.20210331.145622:userdebug/release-keys
01-01 01:04:43.951 4148 4148 I zygote64: Core platform API reporting enabled, enforcing=false
01-01 01:04:43.958 4152 4152 I chatty : uid=1000(system) /system/bin/surfaceflinger expire 6 lines
01-01 01:04:43.970 4150 4150 I FastMixerState: sMaxFastTracks = 8
01-01 01:04:43.976 4150 4150 V MediaUtils: physMem: 1937104896
01-01 01:04:43.976 4150 4150 V MediaUtils: requested limit: 387420960
01-01 01:04:43.976 4150 4150 I libc : malloc_limit: Allocation limit enabled, max size 387420960 bytes
01-01 01:04:43.980 4150 4150 I audioserver: ServiceManager: 0xb40000736622d970
01-01 01:04:43.986 4149 4149 D AndroidRuntime: >>>>>> START com.android.internal.os.ZygoteInit uid 0 <<<<<<
01-01 01:04:43.986 4151 4151 I netd : Setting up StrictController hooks: 48690us
01-01 01:04:43.987 4151 4151 E ClatdController: Cannot determine initial API level of the device.
01-01 01:04:43.987 4151 4151 I ClatdController: 4.9+ kernel and device shipped with Q+ - clat ebpf should work.
01-01 01:04:43.987 4151 4151 I netd : Initializing ClatdController: 298us
01-01 01:04:43.991 4149 4149 I AndroidRuntime: Using default boot image
01-01 01:04:43.991 4149 4149 I AndroidRuntime: Leaving lock profiling enabled
01-01 01:04:43.992 4152 4152 D RenderEngine: RenderEngine GLES Backend
01-01 01:04:43.993 4151 4151 I netd : Initializing traffic control: 6339us
01-01 01:04:43.994 4149 4149 I zygote : option[0]=-Xzygote
01-01 01:04:43.994 4149 4149 I zygote : option[1]=exit
01-01 01:04:43.994 4149 4149 I zygote : option[2]=vfprintf
01-01 01:04:43.994 4149 4149 I zygote : option[3]=sensitiveThread
01-01 01:04:43.994 4149 4149 I zygote : option[4]=-verbose:gc
01-01 01:04:43.994 4149 4149 I zygote : option[5]=-XX:PerfettoHprof=true
01-01 01:04:43.994 4149 4149 I zygote : option[6]=-Xms8m
01-01 01:04:43.994 4149 4149 I zygote : option[7]=-Xmx512m
01-01 01:04:43.994 4149 4149 I zygote : option[8]=-XX:HeapGrowthLimit=192m
01-01 01:04:43.994 4149 4149 I zygote : option[9]=-XX:HeapMinFree=512k
01-01 01:04:43.994 4149 4149 I zygote : option[10]=-XX:HeapMaxFree=8m
01-01 01:04:43.994 4149 4149 I zygote : option[11]=-XX:HeapTargetUtilization=0.75
01-01 01:04:43.994 4149 4149 I zygote : option[12]=-Xusejit:true
01-01 01:04:43.995 4149 4149 I zygote : option[13]=-Xjitsaveprofilinginfo
01-01 01:04:43.995 4149 4149 I zygote : option[14]=-XjdwpOptions:suspend=n,server=y
01-01 01:04:43.995 4149 4149 I zygote : option[15]=-XjdwpProvider:default
01-01 01:04:43.995 4149 4149 I zygote : option[16]=-Xopaque-jni-ids:swapable
01-01 01:04:43.995 4149 4149 I zygote : option[17]=-Xlockprofthreshold:500
01-01 01:04:43.995 4149 4149 I zygote : option[18]=-Xcompiler-option
01-01 01:04:43.995 4149 4149 I zygote : option[19]=--instruction-set-variant=cortex-a72
01-01 01:04:43.995 4149 4149 I zygote : option[20]=-Xcompiler-option
01-01 01:04:43.995 4149 4149 I zygote : option[21]=--instruction-set-features=default
01-01 01:04:43.995 4149 4149 I zygote : option[22]=-Xcompiler-option
01-01 01:04:43.995 4149 4149 I zygote : option[23]=--generate-mini-debug-info
01-01 01:04:43.995 4149 4149 I zygote : option[24]=-Ximage-compiler-option
01-01 01:04:43.995 4149 4149 I zygote : option[25]=--runtime-arg
01-01 01:04:43.995 4149 4149 I zygote : option[26]=-Ximage-compiler-option
01-01 01:04:43.995 4149 4149 I zygote : option[27]=-Xms64m
01-01 01:04:43.995 4149 4149 I zygote : option[28]=-Ximage-compiler-option
01-01 01:04:43.995 4149 4149 I zygote : option[29]=--runtime-arg
01-01 01:04:43.995 4149 4149 I zygote : option[30]=-Ximage-compiler-option
01-01 01:04:43.995 4149 4149 I zygote : option[31]=-Xmx64m
01-01 01:04:43.995 4149 4149 I zygote : option[32]=-Ximage-compiler-option
01-01 01:04:43.995 4149 4149 I zygote : option[33]=--dirty-image-objects=/system/etc/dirty-image-objects
01-01 01:04:43.995 4149 4149 I zygote : option[34]=-Ximage-compiler-option
01-01 01:04:43.995 4149 4149 I zygote : option[35]=--instruction-set-variant=cortex-a72
01-01 01:04:43.995 4149 4149 I zygote : option[36]=-Ximage-compiler-option
01-01 01:04:43.996 4149 4149 I zygote : option[37]=--instruction-set-features=default
01-01 01:04:43.996 4149 4149 I zygote : option[38]=-Ximage-compiler-option
01-01 01:04:43.996 4149 4149 I zygote : option[39]=--generate-mini-debug-info
01-01 01:04:43.996 4149 4149 I zygote : option[40]=-Duser.locale=en-US
01-01 01:04:43.996 4149 4149 I zygote : option[41]=--cpu-[ 344.032004] init: starting service 'zygote'... abilist=[ 344.037183] init: Created socket '/dev/socket/zygote', mode 660, user 0, group 1000 armeabi-[ 344.045411] init: Created socket '/dev/socket/usap_pool_primary', mode 660, user 0, group 1000 v7a,armeabi
01-01 01:04:43.996 4149 4149 I zygote : option[42]=-Xcore-platform-api-policy:just-warn
01-01 01:04:43.996 4149 4149 I zygote : option[43]=-Xfingerprint:emteria/rpi4/rpi4:1[ 344.070769] libprocessgroup: Failed to open /dev/stune/top-app/tasks: No such file or directory: No such file or directory 1/RQ1A.2[ 344.082659] libprocessgroup: Failed to apply MaxPerformance task profile: No such file or directory 10105.003/eng.root.20210331.145622:userd[ 344.095766] init: starting service 'zygote_secondary'... ebug/rel[ 344.101921] init: Created socket '/dev/socket/zygote_secondary', mode 660, user 0, group 1000 ease-key[ 344.111222] init: Created socket '/dev/socket/usap_pool_secondary', mode 660, user 0, group 1000 s
01-01 01:04:43.997 4152 4152 D libEGL : lo[ 344.123891] init: starting service 'audioserver'... aded /ve[ 344.124529] libprocessgroup: Failed to open /dev/stune/top-app/tasks: No such file or directory: No such file or directory ndor/lib64/egl/libGLES_mesa.so
01-01 01:04:44.000 4150 4150 W BatteryNotifier: batterystats service unavailable!
01-01 01:04:44.001 4149 4149 I zygote : Core platform API reporting enabled, enforcing=false
01-01 01:04:44.024 4150 4150 I AudioFlinger: Using default 3000 mSec as standby time.
01-01 01:04:44.024 244 244 W AudioAnalytics: (key=audio.flinger) Audioflinger constructor event detected
01-01 01:04:44.026 4150 4150 E APM::Serializer: deserialize: Could not parse /odm/etc/audio_policy_configuration.xml document.
01-01 01:04:44.027 241 241 I ServiceManager: Waiting for service 'package_native' on '/dev/binder'...
01-01 01:04:44.037 4150 4150 D APM_EngineLoader: Loaded engine from libaudiopolicyenginedefault.so
01-01 01:04:44.037 4150 4150 E APM::AudioPolicyEngine/Config: parse: Could not parse document /vendor/etc/audio_policy_engine_configuration.xml
01-01 01:04:44.038 4150 4150 E libxml2 : I/O warning : failed to load external entity "/vendor/etc/audio_policy_engine_configuration.xml"
01-01 01:04:44.038 4150 4150 W APM::AudioPolicyEngine/Base: loadAudioPolicyEngineConfig: No configuration found, using default matching phone experience.
01-01 01:04:44.038 4150 4150 E APM::AudioPolicyEngine/Config: parseLegacyVolumeFile: Could not parse document /odm/etc/audio_policy_configuration.xml
01-01 01:04:44.038 4150 4150 E libxml2 : I/O warning : failed to load external entity "/odm/etc/audio_policy_configuration.xml"
01-01 01:04:44.056 4150 4150 W APM::AudioPolicyEngine/Base: loadAudioPolicyEngineConfig: No configuration of AUDIO_STREAM_CALL_ASSISTANT found, using default volume configuration
01-01 01:04:44.062 4153 4153 I audio_rpi: Parsing audio output data from system property
01-01 01:04:44.062 4153 4153 I audio_rpi: Using card 0, device 0 for primary audio output
01-01 01:04:44.063 4153 4153 D audio_rpi: mixer 0 name Headphone Playback Volume
01-01 01:04:44.063 4153 4153 D audio_rpi: set ctl 0 to 2400
01-01 01:04:44.063 4153 4153 D audio_rpi: mixer 1 name Headphone Playback Switch
01-01 01:04:44.063 4153 4153 D audio_rpi: set ctl 0 to 1
01-01 01:04:44.066 4150 4150 I AudioFlinger: loadHwModule() Loaded primary audio interface, handle 10
01-01 01:04:44.067 4150 4150 I AudioFlinger: openOutput() this 0xb40000745622d9d0, module 10 Device type:0x2,@:, SamplingRate 48000, Format 0x000001, Channels 0x3, flags 0x2
01-01 01:04:44.071 4150 4150 I AudioFlinger: HAL output buffer size 1024 frames, normal sink buffer size 1024 frames
01-01 01:04:44.071 4151 4151 I netd : Enabling bandwidth control: 78270us
01-01 01:04:44.076 4151 4151 E Netd : Error adding route 0.0.0.0/0 -> (null) dummy0 to table 1002: File exists
01-01 01:04:44.077 4151 4151 I netd : Initializing RouteController: 5520us
01-01 01:04:44.077 4151 4151 D XfrmController: XfrmController::ipSecAddXfrmInterface, line=1377
01-01 01:04:44.081 4151 4151 D XfrmController: XfrmController::ipSecRemoveTunnelInterface, line=1590
01-01 01:04:44.081 4151 4151 D XfrmController: deviceName=ipsec_test
01-01 01:04:44.086 4153 4153 E EffectsConfig: Could not parse effect configuration in any of the default locations.
01-01 01:04:44.086 4153 4153 E EffectsFactoryConfigLoader: Failed to parse XML configuration file
01-01 01:04:44.086 4153 4153 W EffectsFactory: Failed to load XML effect configuration, fallback to .conf
01-01 01:04:44.087 4153 4153 W EffectsFactoryConfigLoader: checkLibraryPath() corrected library path /vendor/lib/soundfx/libbundlewrapper.so to /vendor/lib64/soundfx/libbundlewrapper.so
01-01 01:04:44.088 4153 4153 W EffectsFactoryConfigLoader: checkLibraryPath() corrected library path /vendor/lib/soundfx/libreverbwrapper.so to /vendor/lib64/soundfx/libreverbwrapper.so
01-01 01:04:44.089 4153 4153 W EffectsFactoryConfigLoader: checkLibraryPath() corrected library path /vendor/lib/soundfx/libvisualizer.so to /vendor/lib64/soundfx/libvisualizer.so
01-01 01:04:44.089 4153 4153 W EffectsFactoryConfigLoader: checkLibraryPath() corrected library path /vendor/lib/soundfx/libdownmix.so to /vendor/lib64/soundfx/libdownmix.so
01-01 01:04:44.090 4153 4153 W EffectsFactoryConfigLoader: checkLibraryPath() corrected library path /vendor/lib/soundfx/libldnhncr.so to /vendor/lib64/soundfx/libldnhncr.so
01-01 01:04:44.091 4153 4153 W EffectsFactoryConfigLoader: checkLibraryPath() corrected library path /vendor/lib/soundfx/libdynproc.so to /vendor/lib64/soundfx/libdynproc.so
01-01 01:04:44.092 4150 4150 I BufferProvider: found effect "Multichannel Downmix To Stereo" from The Android Open Source Project
01-01 01:04:44.093 4150 4150 E AudioFlinger: Failed to add event callback
01-01 01:04:44.100 4152 4152 I RenderEngine: OpenGL ES informations:
01-01 01:04:44.101 4152 4152 I RenderEngine: vendor : Broadcom
01-01 01:04:44.101 4152 4152 I RenderEngine: renderer : V3D 4.2
01-01 01:04:44.101 4152 4152 I RenderEngine: version : OpenGL ES 3.1 Mesa 20.2.2 (git-87475f9d5e)
01-01 01:04:44.101 4152 4152 I RenderEngine: extensions: GL_EXT_debug_marker GL_EXT_blend_minmax GL_EXT_multi_draw_arrays GL_EXT_texture_compression_s3tc GL_EXT_texture_compression_dxt1 GL_EXT_texture_format_BGRA8888 GL_OES_compressed_ETC1_RGB8_texture GL_OES_depth24 GL_OES_element_index_uint GL_OES_fbo_render_mipmap GL_OES_mapbuffer GL_OES_rgb8_rgba8 GL_OES_standard_derivatives GL_OES_stencil8 GL_OES_texture_3D GL_OES_texture_float GL_OES_texture_half_float GL_OES_texture_half_float_linear GL_OES_texture_npot GL_OES_vertex_half_float GL_EXT_draw_instanced GL_EXT_texture_sRGB_decode GL_OES_EGL_image GL_OES_depth_texture GL_OES_packed_depth_stencil GL_EXT_texture_type_2_10_10_10_REV GL_OES_get_program_binary GL_APPLE_texture_max_level GL_EXT_discard_framebuffer GL_EXT_read_format_bgra GL_EXT_frag_depth GL_NV_fbo_color_attachments GL_OES_EGL_image_external GL_OES_EGL_sync GL_OES_vertex_array_object GL_ANGLE_texture_compression_dxt3 GL_ANGLE_texture_compression_dxt5 GL_EXT_occlusion_query_boolean GL_EXT_texture_rg GL_EXT_unpack_subimage GL_NV_draw_buffers
01-01 01:04:44.101 4152 4152 I RenderEngine: GL_MAX_TEXTURE_SIZE = 4096
01-01 01:04:44.101 4152 4152 I RenderEngine: GL_MAX_VIEWPORT_DIMS = 4096
01-01 01:04:44.104 210 288 I ComposerResources: failed to get mapper 4.0 service, falling back to mapper 3.0
01-01 01:04:44.106 210 288 I ComposerResources: failed to get mapper 3.0 service, falling back to mapper 2.0
01-01 01:04:44.108 4150 4173 I AudioFlinger: AudioFlinger's thread 0xb4000075d8c40040 tid=4173 ready to run
01-01 01:04:44.109 4150 4173 W AudioFlinger: no wake lock to update, system not ready yet
01-01 01:04:44.109 4150 4173 D AudioFlinger: ro.audio.silent is ignored since no output device is set
01-01 01:04:44.111 4150 4173 W AudioFlinger: no wake lock to update, system not ready yet
01-01 01:04:44.112 4150 4173 D AudioFlinger: ro.audio.silent is ignored since no output device is set
01-01 01:04:44.114 4152 4152 E HWComposer: loadLayerMetadataSupport: getLayerGenericMetadataKeys failed: UNSUPPORTED (8)
01-01 01:04:44.115 4152 4152 F SurfaceFlinger: Missing internal display after registering composer callback.
01-01 01:04:44.116 4152 4152 F libc : Fatal signal 6 (SIGABRT), code -1 (SI_QUEUE) in tid 4152 (surfaceflinger), pid 4152 (surfaceflinger)
01-01 01:04:44.118 4153 4153 W DeviceHAL: Error from HAL Device in function set_voice_volume: Function not implemented
01-01 01:04:44.121 4150 4150 W AudioFlinger: moveEffects() bad srcOutput 0
01-01 01:04:44.122 4150 4150 W APM::AudioPolicyEngine: getDevicesForStrategy() unknown strategy: -1
01-01 01:04:44.128 4151 4151 D XfrmController: Sending Netlink XFRM Message: XFRM_MSG_FLUSHSA
01-01 01:04:44.128 241 241 I ServiceManager: Waiting for service 'package_native' on '/dev/binder'...
01-01 01:04:44.128 4151 4151 D XfrmController: Sending Netlink XFRM Message: XFRM_MSG_FLUSHPOLICY
01-01 01:04:44.128 4151 4151 I netd : Initializing XfrmController: 51502us
01-01 01:04:44.131 4151 4151 I libnetd_resolv: resolv_init: Initializing resolver
01-01 01:04:44.150 4150 4150 E APM_AudioPolicyManager: onNewAudioModulesAvailableInt: Input device list is empty!
01-01 01:04:44.158 4191 4191 I crash_dump64: obtaining output fd from tombstoned, type: kDebuggerdTombstone
01-01 01:04:44.158 4150 4150 I bt_a2dp_hw: adev_open: adev_open in A2dp_hw module
01-01 01:04:44.158 4150 4150 I AudioFlinger: loadHwModule() Loaded a2dp audio interface, handle 18
01-01 01:04:44.159 4150 4150 E APM_AudioPolicyManager: onNewAudioModulesAvailableInt: Input device list is empty!
01-01 01:04:44.161 191 191 I tombstoned: received crash request for pid 4152
01-01 01:04:44.161 4191 4191 I crash_dump64: performing dump of process 4152 (target tid = 4152)
01-01 01:04:44.164 4150 4150 I AudioFlinger: loadHwModule() Loaded usb audio interface, handle 26
01-01 01:04:44.164 4150 4150 E APM_AudioPolicyManager: onNewAudioModulesAvailableInt: Input device list is empty!
01-01 01:04:44.165 4191 4191 F DEBUG : *** *** *** *** *** *** *** *** *** *** *** *** *** *** *** ***
01-01 01:04:44.165 4153 4159 I r_submix: adev_open(name=audio_hw_if)
01-01 01:04:44.166 4191 4191 F DEBUG : Build fingerprint: 'emteria/rpi4/rpi4:11/RQ1A.210105.003/eng.root.20210331.145622:userdebug/release-keys'
01-01 01:04:44.166 4191 4191 F DEBUG : Revision: '0'
01-01 01:04:44.166 4191 4191 F DEBUG : ABI: 'arm64'
01-01 01:04:44.166 4153 4159 I r_submix: adev_init_check()
01-01 01:04:44.167 4150 4150 I AudioFlinger: loadHwModule() Loaded r_submix audio interface, handle 34
01-01 01:04:44.167 4191 4191 F DEBUG : Timestamp: 1970-01-01 01:04:44+0100
01-01 01:04:44.167 4153 4159 D r_submix: adev_open_input_stream(addr=0)
01-01 01:04:44.167 4153 4159 D r_submix: submix_audio_device_create_pipe_l(addr=0, idx=9)
01-01 01:04:44.167 4191 4191 F DEBUG : pid: 4152, tid: 4152, name: surfaceflinger >>> /system/bin/surfaceflinger <<<
01-01 01:04:44.167 4153 4159 D r_submix: now using address 0 for route 9
01-01 01:04:44.167 4191 4191 F DEBUG : uid: 1000
01-01 01:04:44.167 4191 4191 F DEBUG : signal 6 (SIGABRT), code -1 (SI_QUEUE), fault addr --------
01-01 01:04:44.167 4191 4191 F DEBUG : Abort message: 'Missing internal display after registering composer callback.'
01-01 01:04:44.167 4191 4191 F DEBUG : x0 0000000000000000 x1 0000000000001038 x2 0000000000000006 x3 0000007ffd5fcc90
01-01 01:04:44.167 4191 4191 F DEBUG : x4 000000001284bda1 x5 000000001284bda1 x6 000000001284bda1 x7 000000000000011c
01-01 01:04:44.167 4191 4191 F DEBUG : x8 00000000000000f0 x9 00000074c722a800 x10 ffffff80ffffffdf x11 0000000000000001
01-01 01:04:44.168 4191 4191 F DEBUG : x12 0000007ffd5fcc60 x13 000000000000003e x14 0000007ffd5fce30 x15 ffffffffffffffff
01-01 01:04:44.169 4191 4191 F DEBUG : x16 00000074c72c3c80 x17 00000074c72a53c0 x18 00000074c879c000 x19 00000000000000ac
01-01 01:04:44.169 4191 4191 F DEBUG : x20 0000000000001038 x21 00000000000000b2 x22 0000000000001038 x23 00000000ffffffff
01-01 01:04:44.169 4191 4191 F DEBUG : x24 0000000000000002 x25 0000000000000000 x26 0000000000000000 x27 0000000000000000
01-01 01:04:44.169 4191 4191 F DEBUG : x28 0000000000000000 x29 0000007ffd5fcd10
01-01 01:04:44.169 4191 4191 F DEBUG : lr 00000074c7258544 sp 0000007ffd5fcc70 pc 00000074c7258574 pst 0000000000000000
01-01 01:04:44.172 4150 4194 I AudioFlinger: AudioFlinger's thread 0xb4000075d8be0040 tid=4194 ready to run
01-01 01:04:44.172 4153 4159 I r_submix: in_standby()
01-01 01:04:44.173 4150 4194 W AudioFlinger: no wake lock to update, system not ready yet
01-01 01:04:44.173 4153 4159 I r_submix: in_standby()
01-01 01:04:44.174 4153 4159 D r_submix: adev_close_input_stream()
01-01 01:04:44.174 4153 4159 D r_submix: submix_audio_device_release_pipe_l(idx=9) addr=0
01-01 01:04:44.174 4153 4159 D r_submix: submix_audio_device_destroy_pipe_l(): pipe destroyed
01-01 01:04:44.175 4150 4150 W APM::AudioPolicyEngine: getDevicesForStrategy() unknown strategy: -1
01-01 01:04:44.175 4150 4150 W APM::AudioPolicyEngine: getDevicesForStrategy() unknown strategy: -1
01-01 01:04:44.175 4150 4150 E EffectsConfig: Could not parse effect configuration in any of the default locations.
01-01 01:04:44.175 4150 4150 W AudioPolicyEffects: Failed to load XML effect configuration, fallback to .conf
01-01 01:04:44.175 4150 4150 I audioserver: Waiting for activity service
01-01 01:04:44.179 4148 4148 D zygote64: Time zone APEX ICU file found: /apex/com.android.tzdata/etc/icu/icu_tzdata.dat
01-01 01:04:44.179 4148 4148 D zygote64: I18n APEX ICU file found: /apex/com.android.i18n/etc/icu/icudt66l.dat
01-01 01:04:44.192 4148 4148 I zygote64: Using memfd for future sealing
01-01 01:04:44.199 4191 4191 F DEBUG : backtrace:
01-01 01:04:44.199 4191 4191 F DEBUG : #00 pc 000000000004e574 /apex/com.android.runtime/lib64/bionic/libc.so (abort+180) (BuildId: f81965d884d6ebc5e5c3fd825c17a209)
01-01 01:04:44.199 4191 4191 F DEBUG : #01 pc 0000000000006334 /system/lib64/liblog.so (__android_log_default_aborter+12) (BuildId: c92329feece7a2d7fa4d9fb6acc815f9)
01-01 01:04:44.200 4191 4191 F DEBUG : #02 pc 0000000000006ec8 /system/lib64/liblog.so (__android_log_assert+336) (BuildId: c92329feece7a2d7fa4d9fb6acc815f9)
01-01 01:04:44.200 4191 4191 F DEBUG : #03 pc 000000000010a844 /system/lib64/libsurfaceflinger.so (android::SurfaceFlinger::init()+1380) (BuildId: 717e9bb2a8f30577e4b047e005231fd7)
01-01 01:04:44.200 4191 4191 F DEBUG : #04 pc 00000000000021a8 /system/bin/surfaceflinger (main+352) (BuildId: 90f19aac502ae7e05183738dd9ef97d1)
01-01 01:04:44.200 4191 4191 F DEBUG : #05 pc 0000000000049a34 /apex/com.android.runtime/lib64/bionic/libc.so (__libc_init+108) (BuildId: f81965d884d6ebc5e5c3fd825c17a209)
01-01 01:04:44.218 4149 4149 D zygote : Time zone APEX ICU file found: /apex/com.android.tzdata/etc/icu/icu_tzdata.dat
01-01 01:04:44.218 4149 4149 D zygote : I18n APEX ICU file found: /apex/com.android.i18n/etc/icu/icudt66l.dat
01-01 01:04:44.223 4148 4148 W zygote64: JNI RegisterNativeMethods: attempt to register 0 native methods for android.media.AudioAttributes
01-01 01:04:44.229 241 241 I ServiceManager: Waiting for service 'package_native' on '/dev/binder'...
01-01 01:04:44.231 4149 4149 I zygote : Using memfd for future sealing
01-01 01:04:44.234 4148 4148 I boot_progress_preload_start: 284234
01-01 01:04:44.234 4148 4148 D Zygote : begin preload
01-01 01:04:44.234 4148 4148 I Zygote : Calling ZygoteHooks.beginPreload()
01-01 01:04:44.251 4148 4148 D Zygote64Timing: BeginPreload took to complete: 17ms
01-01 01:04:44.251 4148 4148 I Zygote : Preloading classes...
01-01 01:04:44.254 4148 4148 W Zygote : Class not found for preloading: android.app.-$$Lambda$ResourcesManager$QJ7UiVk_XS90KuXAsIjIEym1DnM
01-01 01:04:44.265 4149 4149 W zygote : JNI RegisterNativeMethods: attempt to register 0 native methods for android.media.AudioAttributes
01-01 01:04:44.288 4149 4149 I zygote : Explicit concurrent copying GC freed 534(52KB) AllocSpace objects, 0(0B) LOS objects, 95% free, 70KB/1606KB, paused 130us total 11.830ms
01-01 01:04:44.296 4149 4149 I zygote : Explicit concurrent copying GC freed 5(32KB) AllocSpace objects, 0(0B) LOS objects, 95% free, 70KB/1606KB, paused 109us total 7.999ms
01-01 01:04:44.297 4149 4149 D Zygote32Timing: PostZygoteInitGC took to complete: 20ms
01-01 01:04:44.297 4149 4149 D Zygote32Timing: ZygoteInit took to complete: 29ms
01-01 01:04:44.301 4149 4149 I Zygote : Accepting command socket connections
01-01 01:04:44.302 0 0 D logd : logdr: UID=1000 GID=1003 PID=4191 n tail=50 logMask=8 pid=4152 start=0ns timeout=0ns
01-01 01:04:44.305 0 0 D logd : logdr: UID=1000 GID=1003 PID=4191 n tail=50 logMask=1 pid=4152 start=0ns timeout=0ns
01-01 01:04:44.329 241 241 I ServiceManager: Waiting for service 'package_native' on '/dev/binder'...
01-01 01:04:44.335 0 0 D logd : logdr: UID=1000 GID=1003 PID=4191 n tail=0 logMask=8 pid=4152 start=0ns timeout=0ns
01-01 01:04:44.337 0 0 D logd : logdr: UID=1000 GID=1003 PID=4191 n tail=0 logMask=1 pid=4152 start=0ns timeout=0ns
01-01 01:04:44.338 4191 4191 E crash_dump64: unable to connect to activity manager: No such file or directory
01-01 01:04:44.339 191 191 E tombstoned: Tombstone written to: /data/tombstones/tombstone_33
01-01 01:04:44.344 210 288 D android.hardware.graphics.composer@2.1-service: destroying composer client
01-01 01:04:44.345 210 288 D android.hardware.graphics.composer@2.1-service: removed composer client
01-01 01:04:44.383 4153 4190 I r_submix: adev_close()
01-01 01:04:44.430 241 241 I ServiceManager: Waiting for service 'package_native' on '/dev/binder'...
01-01 01:04:44.511 4214 4214 I wificond: wificond is starting up...
01-01 01:04:44.515 4214 4214 I HidlServiceManagement: Registered android.system.wifi.keystore@1.0::IKeystore/default (start delay of 45ms)
01-01 01:04:44.531 241 241 I ServiceManager: Waiting for service 'package_native' on '/dev/binder'...
01-01 01:04:44.568 4212 4212 I cameraserver: ServiceManager: 0xb400006e62061850
01-01 01:04:44.568 4212 4212 I CameraService: CameraService started (pid=4212)
01-01 01:04:44.568 4212 4212 I CameraService: CameraService process starting
01-01 01:04:44.569 4212 4212 W BatteryNotifier: batterystats service unavailable!
01-01 01:04:44.569 4212 4212 W BatteryNotifier: batterystats service unavailable!
01-01 01:04:44.570 4212 4212 I CameraProviderManager: Connecting to new camera provider: external/0, isRemote? 1
01-01 01:04:44.571 4212 4212 I CameraProviderManager: Camera provider external/0 ready with 0 camera devices
01-01 01:04:44.571 4212 4216 W CameraProviderManager: addProviderLocked: Camera provider HAL with name 'external/0' already registered
01-01 01:04:44.572 4212 4212 I cameraserver: Waiting for activity service
01-01 01:04:44.586 4213 4213 I mediaserver: ServiceManager: 0xb4000074e82c47c0
01-01 01:04:44.586 4213 4213 D mediaserver: Time zone APEX ICU file found: /apex/com.android.tzdata/etc/icu/icu_tzdata.dat
01-01 01:04:44.586 4213 4213 D mediaserver: I18n APEX ICU file found: /apex/com.android.i18n/etc/icu/icudt66l.dat
01-01 01:04:44.587 4213 4213 W BatteryNotifier: batterystats service unavailable!
01-01 01:04:44.587 4213 4213 W BatteryNotifier: batterystats service unavailable!
01-01 01:04:44.631 241 241 I ServiceManager: Waiting for service 'package_native' on '/dev/binder'...
01-01 01:04:46.034 241 241 I ServiceManager: Waiting for service 'package_native' on '/dev/binder'...
01-01 01:04:46.135 241 241 W ServiceManager: Service package_native didn't start. Returning NULL
01-01 01:04:46.135 241 241 E iorapd : Cannot get package manager service!
01-01 01:04:47.135 241 241 W iorapd : Reconnect to package manager service: 47 times
01-01 01:04:47.135 241 241 I ServiceManager: Waiting for service 'package_native' on '/dev/binder'...
01-01 01:04:48.713 0 0 I init : starting service 'zygote'...
01-01 01:04:48.718 0 0 I init : Created socket '/dev/socket/zygote', mode 660, user 0, group 1000
01-01 01:04:48.726 0 0 I init : Created socket '/dev/socket/usap_pool_primary', mode 660, user 0, group 1000
01-01 01:04:48.758 0 0 W libprocessgroup: Failed to open /dev/stune/top-app/tasks: No such file or directory: No such file or directory
01-01 01:04:48.770 0 0 W libprocessgroup: Failed to apply MaxPerformance task profile: No such file or directory
01-01 01:04:48.776 0 0 I init : starting service 'zygote_secondary'...
01-01 01:04:48.785 0 0 I init : Created socket '/dev/socket/zygote_secondary', mode 660, user 0, group 1000
01-01 01:04:48.794 0 0 I init : Created socket '/dev/socket/usap_pool_secondary', mode 660, user 0, group 1000
01-01 01:04:48.806 0 0 I init : starting service 'audioserver'...
01-01 01:04:48.807 0 0 W libprocessgroup: Failed to open /dev/stune/top-app/tasks: No such file or directory: No such file or directory
01-01 01:04:48.839 241 241 I ServiceManager: Waiting for service 'package_native' on '/dev/binder'...
01-01 01:04:48.858 4224 4224 I netdClient: Skipping libnetd_client init since *we* are netd
01-01 01:04:48.865 4224 4224 I netd : netd 1.0 starting
01-01 01:04:48.868 4224 4224 D TetherController: Setting IP forward enable = 0
01-01 01:04:48.919 4226 4226 E LegacySupport: Could not get passthrough implementation for android.hardware.audio@6.0::IDevicesFactory/default.
01-01 01:04:48.920 150 150 I chatty : uid=1000(system) hwservicemanage expire 45 lines
01-01 01:04:48.921 4226 4226 E LegacySupport: Could not get passthrough implementation for android.hardware.audio@5.0::IDevicesFactory/default.
01-01 01:04:48.922 4226 4226 E LegacySupport: Could not get passthrough implementation for android.hardware.audio@4.0::IDevicesFactory/default.
01-01 01:04:48.932 4226 4226 I HidlServiceManagement: Registered android.hardware.audio@2.0::IDevicesFactory/default (start delay of 102ms)
01-01 01:04:48.933 4226 4226 I HidlServiceManagement: Removing namespace from process name android.hardware.audio.service to audio.service.
01-01 01:04:48.933 4226 4226 I LegacySupport: Registration complete for android.hardware.audio@2.0::IDevicesFactory/default.
01-01 01:04:48.934 4226 4226 E LegacySupport: Could not get passthrough implementation for android.hardware.audio.effect@6.0::IEffectsFactory/default.
01-01 01:04:48.935 4226 4226 E LegacySupport: Could not get passthrough implementation for android.hardware.audio.effect@5.0::IEffectsFactory/default.
01-01 01:04:48.936 4226 4226 E LegacySupport: Could not get passthrough implementation for android.hardware.audio.effect@4.0::IEffectsFactory/default.
01-01 01:04:48.940 241 241 I ServiceManager: Waiting for service 'package_native' on '/dev/binder'...
01-01 01:04:48.943 4226 4226 I HidlServiceManagement: Registered android.hardware.audio.effect@2.0::IEffectsFactory/default (start delay of 113ms)
01-01 01:04:48.944 4226 4226 I LegacySupport: Registration complete for android.hardware.audio.effect@2.0::IEffectsFactory/default.
01-01 01:04:48.945 4226 4226 E LegacySupport: Could not get passthrough implementation for android.hardware.soundtrigger@2.3::ISoundTriggerHw/default.
01-01 01:04:48.946 4226 4226 E LegacySupport: Could not get passthrough implementation for android.hardware.soundtrigger@2.2::ISoundTriggerHw/default.
01-01 01:04:48.947 4226 4226 E LegacySupport: Could not get passthrough implementation for android.hardware.soundtrigger@2.1::ISoundTriggerHw/default.
01-01 01:04:48.948 4226 4226 E LegacySupport: Could not get passthrough implementation for android.hardware.soundtrigger@2.0::ISoundTriggerHw/default.
01-01 01:04:48.948 4226 4226 W audiohalservice: Could not register Soundtrigger API
01-01 01:04:48.949 4226 4226 E LegacySupport: Could not get passthrough implementation for android.hardware.bluetooth.audio@2.0::IBluetoothAudioProvidersFactory/default.
01-01 01:04:48.949 4226 4226 W audiohalservice: Could not register Bluetooth Audio API
01-01 01:04:48.949 4226 4226 E LegacySupport: Could not get passthrough implementation for android.hardware.bluetooth.a2dp@1.0::IBluetoothAudioOffload/default.
01-01 01:04:48.950 4226 4226 W audiohalservice: Could not register Bluetooth Audio Offload API
01-01 01:04:48.959 4221 4221 D AndroidRuntime: >>>>>> START com.android.internal.os.ZygoteInit uid 0 <<<<<<
01-01 01:04:48.959 4221 4221 I boot_progress_start: 288959
01-01 01:04:48.965 4221 4221 I AndroidRuntime: Using default boot image
01-01 01:04:48.965 4221 4221 I AndroidRuntime: Leaving lock profiling enabled
01-01 01:04:48.968 4221 4221 I zygote64: option[0]=-Xzygote
01-01 01:04:48.968 4221 4221 I zygote64: option[1]=exit
01-01 01:04:48.968 4221 4221 I zygote64: option[2]=vfprintf
01-01 01:04:48.968 4221 4221 I zygote64: option[3]=sensitiveThread
01-01 01:04:48.968 4221 4221 I zygote64: option[4]=-verbose:gc
01-01 01:04:48.968 4221 4221 I zygote64: option[5]=-XX:PerfettoHprof=true
01-01 01:04:48.968 4221 4221 I zygote64: option[6]=-Xprimaryzygote
01-01 01:04:48.968 4221 4221 I zygote64: option[7]=-Xms8m
01-01 01:04:48.968 4221 4221 I zygote64: option[8]=-Xmx512m
01-01 01:04:48.968 4221 4221 I zygote64: option[9]=-XX:HeapGrowthLimit=192m
01-01 01:04:48.969 4221 4221 I zygote64: option[10]=-XX:HeapMinFree=512k
01-01 01:04:48.969 4221 4221 I zygote64: option[11]=-XX:HeapMaxFree=8m
01-01 01:04:48.969 4221 4221 I zygote64: option[12]=-XX:HeapTargetUtilization=0.75
01-01 01:04:48.969 4221 4221 I zygote64: option[13]=-Xusejit:true
01-01 01:04:48.969 4221 4221 I zygote64: option[14]=-Xjitsaveprofilinginfo
01-01 01:04:48.969 4221 4221 I zygote64: option[15]=-XjdwpOptions:suspend=n,server=y
01-01 01:04:48.969 4221 4221 I zygote64: option[16]=-XjdwpProvider:default
01-01 01:04:48.969 4221 4221 I zygote64: option[17]=-Xopaque-jni-ids:swapable
01-01 01:04:48.969 4221 4221 I zygote64: option[18]=-Xlockprofthreshold:500
01-01 01:04:48.969 4221 4221 I zygote64: option[19]=-Xcompiler-option
01-01 01:04:48.969 4221 4221 I zygote64: option[20]=--instruction-set-variant=cortex-a72
01-01 01:04:48.969 4221 4221 I zygote64: option[21]=-Xcompiler-option
01-01 01:04:48.969 4221 4221 I zygote64: option[22]=--instruction-set-features=default
01-01 01:04:48.969 4221 4221 I zygote64: option[23]=-Xcompiler-option
01-01 01:04:48.969 4221 4221 I zygote64: option[24]=--generate-mini-debug-info
01-01 01:04:48.969 4221 4221 I zygote64: option[25]=-Ximage-compiler-option
01-01 01:04:48.969 4221 4221 I zygote64: option[26]=--runtime-arg
01-01 01:04:48.969 4221 4221 I zygote64: option[27]=-Ximage-compiler-option
01-01 01:04:48.969 4221 4221 I zygote64: option[28]=-Xms64m
01-01 01:04:48.969 4221 4221 I zygote64: option[29]=-Ximage-compiler-option
01-01 01:04:48.969 4221 4221 I zygote64: option[30]=--runtime-arg
01-01 01:04:48.969 4221 4221 I zygote64: option[31]=-Ximage-compiler-option
01-01 01:04:48.969 4221 4221 I zygote64: option[32]=-Xmx64m
01-01 01:04:48.969 4221 4221 I zygote64: option[33]=-Ximage-compiler-option
01-01 01:04:48.969 4221 4221 I zygote64: option[34]=--dirty-image-objects=/system/etc/dirty-image-objects
01-01 01:04:48.970 4221 4221 I zygote64: option[35]=-Ximage-compiler-option
01-01 01:04:48.970 4221 4221 I zygote64: option[36]=--instruction-set-variant=cortex-a72
01-01 01:04:48.970 4221 4221 I zygote64: option[37]=-Ximage-compiler-option
01-01 01:04:48.970 4221 4221 I zygote64: option[38]=--instruction-set-features=default
01-01 01:04:48.970 4221 4221 I zygote64: option[39]=-Ximage-compiler-option
01-01 01:04:48.970 4221 4221 I zygote64: option[40]=--generate-mini-debug-info
01-01 01:04:48.970 4221 4221 I zygote64: option[41]=-Duser.locale=en-US
01-01 01:04:48.970 4221 4221 I zygote64: option[42]=--cpu-abilist=arm64-v8a
01-01 01:04:48.970 4221 4221 I zygote64: option[43]=-Xcore-platform-api-policy:just-warn
01-01 01:04:48.970 4221 4221 I zygote64: option[44]=-Xfingerprint:emteria/rpi4/rpi4:11/RQ1A.210105.003/eng.root.20210331.145622:userdebug/release-keys
01-01 01:04:48.973 4224 4224 I netd : Creating child chains: 85022us
01-01 01:04:48.973 4224 4224 I netd : Setting up OEM hooks: 206us
01-01 01:04:48.973 4224 4224 I netd : Setting up FirewallController hooks: 96us
01-01 01:04:48.974 4221 4221 I zygote64: Core platform API reporting enabled, enforcing=false
01-01 01:04:48.980 4224 4224 I netd : Setting up TetherController hooks: 6756us
01-01 01:04:48.981 4225 4225 I chatty : uid=1000(system) /system/bin/surfaceflinger expire 6 lines
01-01 01:04:48.983 4223 4223 I FastMixerState: sMaxFastTracks = 8
01-01 01:04:48.986 4224 4224 I netd : Setting up BandwidthController hooks: 6725us
01-01 01:04:48.987 4224 4224 I netd : Setting up IdletimerController hooks: 237us
01-01 01:04:48.995 4223 4223 V MediaUtils: physMem: 1937104896
01-01 01:04:48.996 4223 4223 V MediaUtils: requested limit: 387420960
01-01 01:04:48.996 4223 4223 I libc : malloc_limit: Allocation limit enabled, max size 387420960 bytes
01-01 01:04:48.997 4223 4223 I audioserver: ServiceManager: 0xb400007821e49130
01-01 01:04:49.016 4225 4225 D RenderEngine: RenderEngine GLES Backend
01-01 01:04:49.016 4222 4222 D AndroidRuntime: >>>>>> START com.android.internal.os.ZygoteInit uid 0 <<<<<<
01-01 01:04:49.021 4225 4225 D libEGL : loaded /vendor/lib64/egl/libGLES_mesa.so
01-01 01:04:49.022 4222 4222 I AndroidRuntime: Using default boot image
01-01 01:04:49.022 4222 4222 I AndroidRuntime: Leaving lock profiling enabled
01-01 01:04:49.024 4223 4223 W BatteryNotifier: batterystats service unavailable!
01-01 01:04:49.025 4222 4222 I zygote : option[0]=-Xzygote
01-01 01:04:49.025 4222 4222 I zygote : option[1]=exit
01-01 01:04:49.025 4222 4222 I zygote : option[2]=vfprintf
01-01 01:04:49.025 4222 4222 I zygote : option[3]=sensitiveThread
01-01 01:04:49.025 4222 4222 I zygote : option[4]=-verbose:gc
01-01 01:04:49.025 4222 4222 I zygote : option[5]=-XX:PerfettoHprof=true
01-01 01:04:49.025 4222 4222 I zygote : option[6]=-Xms8m
01-01 01:04:49.025 4222 4222 I zygote : option[7]=-Xmx512m
01-01 01:04:49.025 4222 4222 I zygote : option[8]=-XX:HeapGrowthLimit=192m
01-01 01:04:49.025 4222 4222 I zygote : option[9]=-XX:HeapMinFree=512k
01-01 01:04:49.025 4222 4222 I zygote : option[10]=-XX:HeapMaxFree=8m
01-01 01:04:49.025 4222 4222 I zygote : option[11]=-XX:HeapTargetUtilization=0.75
01-01 01:04:49.025 4222 4222 I zygote : option[12]=-Xusejit:true
01-01 01:04:49.025 4222 4222 I zygote : option[13]=-Xjitsaveprofilinginfo
01-01 01:04:49.025 4222 4222 I zygote : option[14]=-XjdwpOptions:suspend=n,server=y
01-01 01:04:49.025 4222 4222 I zygote : option[15]=-XjdwpProvider:default
01-01 01:04:49.025 4222 4222 I zygote : option[16]=-Xopaque-jni-ids:swapable
01-01 01:04:49.025 4222 4222 I zygote : option[17]=-Xlockprofthreshold:500
01-01 01:04:49.026 4222 4222 I zygote : option[18]=-Xcompiler-option
01-01 01:04:49.026 4222 4222 I zygote : option[19]=--instruction-set-variant=cortex-a72
01-01 01:04:49.026 4222 4222 I zygote : option[20]=-Xcompiler-option
01-01 01:04:49.026 4222 4222 I zygote : option[21]=--instruction-set-features=default
01-01 01:04:49.026 4222 4222 I zygote : option[22]=-Xcompiler-option
01-01 01:04:49.026 4222 4222 I zygote : option[23]=--generate-mini-debug-info
01-01 01:04:49.026 4222 4222 I zygote : option[24]=-Ximage-compiler-option
01-01 01:04:49.026 4222 4222 I zygote : option[25]=--runtime-arg
01-01 01:04:49.026 4222 4222 I zygote : option[26]=-Ximage-compiler-option
01-01 01:04:49.026 4222 4222 I zygote : option[27]=-Xms64m
01-01 01:04:49.026 4222 4222 I zygote : option[28]=-Ximage-compiler-option
01-01 01:04:49.026 4222 4222 I zygote : option[29]=--runtime-arg
01-01 01:04:49.026 4222 4222 I zygote : option[30]=-Ximage-compiler-option
01-01 01:04:49.026 4222 4222 I zygote : option[31]=-Xmx64m
01-01 01:04:49.026 4222 4222 I zygote : option[32]=-Ximage-compiler-option
01-01 01:04:49.026 4222 4222 I zygote : option[33]=--dirty-image-objects=/system/etc/dirty-image-objects
01-01 01:04:49.026 4222 4222 I zygote : option[34]=-Ximage-compiler-option
01-01 01:04:49.026 4222 4222 I zygote : option[35]=--instruction-set-variant=cortex-a72
01-01 01:04:49.026 4222 4222 I zygote : option[36]=-Ximage-compiler-option
01-01 01:04:49.026 4222 4222 I zygote : option[37]=--instruction-set-features=default
01-01 01:04:49.026 4222 4222 I zygote : option[38]=-Ximage-compiler-option
01-01 01:04:49.026 4222 4222 I zygote : option[39]=--generate-mini-debug-info
01-01 01:04:49.026 4222 4222 I zygote : option[40]=-Duser.locale=en-US
01-01 01:04:49.027 4222 4222 I zygote : option[41]=--cpu-abilist=armeabi-v7a,armeabi
01-01 01:04:49.027 4222 4222 I zygote : option[42]=-Xcore-platform-api-policy:just-warn
01-01 01:04:49.027 4222 4222 I zygote : option[43]=-Xfingerprint:emteria/rpi4/rpi4:11/RQ1A.210105.003/eng.root.20210331.145622:userdebug/release-keys
01-01 01:04:49.027 4224 4224 I netd : Setting up StrictController hooks: 40219us
01-01 01:04:49.027 4224 4224 E ClatdController: Cannot determine initial API level of the device.
01-01 01:04:49.027 4224 4224 I ClatdController: 4.9+ kernel and device shipped with Q+ - clat ebpf should work.
01-01 01:04:49.027 4224 4224 I netd : Initializing ClatdController: 348us
01-01 01:04:49.029 4224 4224 I netd : Initializing traffic control: 1714us
01-01 01:04:49.032 4222 4222 W zygote : Could not reserve sentinel fault page
01-01 01:04:49.032 4222 4222 I zygote : Core platform API reporting enabled, enforcing=false
01-01 01:04:49.041 241 241 I ServiceManager: Waiting for service 'package_native' on '/dev/binder'...
01-01 01:04:49.046 4224 4224 I netd : Enabling bandwidth control: 16686us
01-01 01:04:49.049 4224 4224 E Netd : Error adding route 0.0.0.0/0 -> (null) dummy0 to table 1002: File exists
01-01 01:04:49.050 4224 4224 I netd : Initializing RouteController: 3855us
01-01 01:04:49.050 4224 4224 D XfrmController: XfrmController::ipSecAddXfrmInterface, line=1377
01-01 01:04:49.052 4224 4224 D XfrmController: XfrmController::ipSecRemoveTunnelInterface, line=1590
01-01 01:04:49.052 4224 4224 D XfrmController: deviceName=ipsec_test
01-01 01:04:49.098 4223 4223 I AudioFlinger: Using default 3000 mSec as standby time.
01-01 01:04:49.098 244 276 W AudioAnalytics: (key=audio.flinger) Audioflinger constructor event detected
01-01 01:04:49.102 4223 4223 E APM::Serializer: deserialize: Could not parse /odm/etc/audio_policy_configuration.xml document.
01-01 01:04:49.104 4224 4224 D XfrmController: Sending Netlink XFRM Message: XFRM_MSG_FLUSHSA
01-01 01:04:49.105 4224 4224 D XfrmController: Sending Netlink XFRM Message: XFRM_MSG_FLUSHPOLICY
01-01 01:04:49.105 4224 4224 I netd : Initializing XfrmController: 55149us
01-01 01:04:49.108 4224 4224 I libnetd_resolv: resolv_init: Initializing resolver
01-01 01:04:49.118 4225 4225 I RenderEngine: OpenGL ES informations:
01-01 01:04:49.118 4225 4225 I RenderEngine: vendor : Broadcom
01-01 01:04:49.118 4225 4225 I RenderEngine: renderer : V3D 4.2
01-01 01:04:49.118 4225 4225 I RenderEngine: version : OpenGL ES 3.1 Mesa 20.2.2 (git-87475f9d5e)
01-01 01:04:49.118 4225 4225 I RenderEngine: extensions: GL_EXT_debug_marker GL_EXT_blend_minmax GL_EXT_multi_draw_arrays GL_EXT_texture_compression_s3tc GL_EXT_texture_compression_dxt1 GL_EXT_texture_format_BGRA8888 GL_OES_compressed_ETC1_RGB8_texture GL_OES_depth24 GL_OES_element_index_uint GL_OES_fbo_render_mipmap GL_OES_mapbuffer GL_OES_rgb8_rgba8 GL_OES_standard_derivatives GL_OES_stencil8 GL_OES_texture_3D GL_OES_texture_float GL_OES_texture_half_float GL_OES_texture_half_float_linear GL_OES_texture_npot GL_OES_vertex_half_float GL_EXT_draw_instanced GL_EXT_texture_sRGB_decode GL_OES_EGL_image GL_OES_depth_texture GL_OES_packed_depth_stencil GL_EXT_texture_type_2_10_10_10_REV GL_OES_get_program_binary GL_APPLE_texture_max_level GL_EXT_discard_framebuffer GL_EXT_read_format_bgra GL_EXT_frag_depth GL_NV_fbo_color_attachments GL_OES_EGL_image_external GL_OES_EGL_sync GL_OES_vertex_array_object GL_ANGLE_texture_compression_dxt3 GL_ANGLE_texture_compression_dxt5 GL_EXT_occlusion_query_boolean GL_EXT_texture_rg GL_EXT_unpack_subimage GL_NV_draw_buffers
01-01 01:04:49.118 4225 4225 I RenderEngine: GL_MAX_TEXTURE_SIZE = 4096
01-01 01:04:49.118 4225 4225 I RenderEngine: GL_MAX_VIEWPORT_DIMS = 4096
01-01 01:04:49.120 210 288 I ComposerResources: failed to get mapper 4.0 service, falling back to mapper 3.0
01-01 01:04:49.121 210 288 I ComposerResources: failed to get mapper 3.0 service, falling back to mapper 2.0
01-01 01:04:49.122 4223 4223 D APM_EngineLoader: Loaded engine from libaudiopolicyenginedefault.so
01-01 01:04:49.122 4223 4223 E APM::AudioPolicyEngine/Config: parse: Could not parse document /vendor/etc/audio_policy_engine_configuration.xml
01-01 01:04:49.122 4223 4223 E libxml2 : I/O warning : failed to load external entity "/vendor/etc/audio_policy_engine_configuration.xml"
01-01 01:04:49.122 4223 4223 W APM::AudioPolicyEngine/Base: loadAudioPolicyEngineConfig: No configuration found, using default matching phone experience.
01-01 01:04:49.123 4223 4223 E APM::AudioPolicyEngine/Config: parseLegacyVolumeFile: Could not parse document /odm/etc/audio_policy_configuration.xml
01-01 01:04:49.123 4223 4223 E libxml2 : I/O warning : failed to load external entity "/odm/etc/audio_policy_configuration.xml"
01-01 01:04:49.123 4225 4225 E HWComposer: loadLayerMetadataSupport: getLayerGenericMetadataKeys failed: UNSUPPORTED (8)
01-01 01:04:49.124 4225 4225 F SurfaceFlinger: Missing internal display after registering composer callback.
01-01 01:04:49.124 4225 4225 F libc : Fatal signal 6 (SIGABRT), code -1 (SI_QUEUE) in tid 4225 (surfaceflinger), pid 4225 (surfaceflinger)
01-01 01:04:49.141 4223 4223 W APM::AudioPolicyEngine/Base: loadAudioPolicyEngineConfig: No configuration of AUDIO_STREAM_CALL_ASSISTANT found, using default volume configuration
01-01 01:04:49.142 241 241 I ServiceManager: Waiting for service 'package_native' on '/dev/binder'...
