01-01 01:03:23.270 0 0 W libprocessgroup: Failed to open /dev/stune/top-app/tasks: No such file or directory: No such file or directory
01-01 01:03:23.282 0 0 W libprocessgroup: Failed to apply MaxPerformance task profile: No such file or directory
01-01 01:03:23.289 0 0 I init : starting service 'zygote_secondary'...
01-01 01:03:23.297 0 0 I init : Created socket '/dev/socket/zygote_secondary', mode 660, user 0, group 1000
01-01 01:03:23.306 0 0 I init : Created socket '/dev/socket/usap_pool_secondary', mode 660, user 0, group 1000
01-01 01:03:23.318 0 0 I init : starting service 'audioserver'...
01-01 01:03:23.319 0 0 W libprocessgroup: Failed to open /dev/stune/top-app/tasks: No such file or directory: No such file or directory
01-01 01:03:23.467 2997 2997 I boot_progress_start: 203467
01-01 01:03:23.674 3001 3001 F libc : Fatal signal 6 (SIGABRT), code -1 (SI_QUEUE) in tid 3001 (surfaceflinger), pid 3001 (surfaceflinger)
01-01 01:03:23.726 3038 3038 F DEBUG : *** *** *** *** *** *** *** *** *** *** *** *** *** *** *** ***
01-01 01:03:23.726 3038 3038 F DEBUG : Build fingerprint: 'emteria/rpi4/rpi4:11/RQ1A.210105.003/eng.root.20210331.145622:userdebug/release-keys'
01-01 01:03:23.726 3038 3038 F DEBUG : Revision: '0'
01-01 01:03:23.726 3038 3038 F DEBUG : ABI: 'arm64'
01-01 01:03:23.727 3038 3038 F DEBUG : Timestamp: 1970-01-01 01:03:23+0100
01-01 01:03:23.727 3038 3038 F DEBUG : pid: 3001, tid: 3001, name: surfaceflinger >>> /system/bin/surfaceflinger <<<
01-01 01:03:23.727 3038 3038 F DEBUG : uid: 1000
01-01 01:03:23.727 3038 3038 F DEBUG : signal 6 (SIGABRT), code -1 (SI_QUEUE), fault addr --------
01-01 01:03:23.728 3038 3038 F DEBUG : Abort message: 'Missing internal display after registering composer callback.'
01-01 01:03:23.728 3038 3038 F DEBUG : x0 0000000000000000 x1 0000000000000bb9 x2 0000000000000006 x3 0000007fde34ca30
01-01 01:03:23.728 3038 3038 F DEBUG : x4 000000001284bda1 x5 000000001284bda1 x6 000000001284bda1 x7 00000000000000cb
01-01 01:03:23.728 3038 3038 F DEBUG : x8 00000000000000f0 x9 0000007e12eb4800 x10 ffffff80ffffffdf x11 0000000000000001
01-01 01:03:23.728 3038 3038 F DEBUG : x12 0000007fde34ca00 x13 000000000000003e x14 0000007fde34cbd0 x15 ffffffffffffffff
01-01 01:03:23.728 3038 3038 F DEBUG : x16 0000007e12f4dc80 x17 0000007e12f2f3c0 x18 0000007e14378000 x19 00000000000000ac
01-01 01:03:23.728 3038 3038 F DEBUG : x20 0000000000000bb9 x21 00000000000000b2 x22 0000000000000bb9 x23 00000000ffffffff
01-01 01:03:23.728 3038 3038 F DEBUG : x24 0000000000000002 x25 0000000000000000 x26 0000000000000000 x27 0000000000000000
01-01 01:03:23.728 3038 3038 F DEBUG : x28 0000000000000000 x29 0000007fde34cab0
01-01 01:03:23.728 3038 3038 F DEBUG : lr 0000007e12ee2544 sp 0000007fde34ca10 pc 0000007e12ee2574 pst 0000000000000000
01-01 01:03:23.759 3038 3038 F DEBUG : backtrace:
01-01 01:03:23.762 2997 2997 I boot_progress_preload_start: 203762
01-01 01:03:23.765 3038 3038 F DEBUG : #00 pc 000000000004e574 /apex/com.android.runtime/lib64/bionic/libc.so (abort+180) (BuildId: f81965d884d6ebc5e5c3fd825c17a209)
01-01 01:03:23.765 3038 3038 F DEBUG : #01 pc 0000000000006334 /system/lib64/liblog.so (__android_log_default_aborter+12) (BuildId: c92329feece7a2d7fa4d9fb6acc815f9)
01-01 01:03:23.765 3038 3038 F DEBUG : #02 pc 0000000000006ec8 /system/lib64/liblog.so (__android_log_assert+336) (BuildId: c92329feece7a2d7fa4d9fb6acc815f9)
01-01 01:03:23.765 3038 3038 F DEBUG : #03 pc 000000000010a844 /system/lib64/libsurfaceflinger.so (android::SurfaceFlinger::init()+1380) (BuildId: 717e9bb2a8f30577e4b047e005231fd7)
01-01 01:03:23.765 3038 3038 F DEBUG : #04 pc 00000000000021a8 /system/bin/surfaceflinger (main+352) (BuildId: 90f19aac502ae7e05183738dd9ef97d1)
01-01 01:03:23.765 3038 3038 F DEBUG : #05 pc 0000000000049a34 /apex/com.android.runtime/lib64/bionic/libc.so (__libc_init+108) (BuildId: f81965d884d6ebc5e5c3fd825c17a209)
01-01 01:03:23.780 2997 2997 D Zygote64Timing: BeginPreload took to complete: 18ms
01-01 01:03:23.838 2998 2998 D Zygote32Timing: PostZygoteInitGC took to complete: 17ms
01-01 01:03:23.838 2998 2998 D Zygote32Timing: ZygoteInit took to complete: 28ms
01-01 01:03:23.868 0 0 D logd : logdr: UID=1000 GID=1003 PID=3038 n tail=50 logMask=8 pid=3001 start=0ns timeout=0ns
01-01 01:03:23.870 0 0 D logd : logdr: UID=1000 GID=1003 PID=3038 n tail=50 logMask=1 pid=3001 start=0ns timeout=0ns
01-01 01:03:23.901 0 0 D logd : logdr: UID=1000 GID=1003 PID=3038 n tail=0 logMask=8 pid=3001 start=0ns timeout=0ns
01-01 01:03:23.903 0 0 D logd : logdr: UID=1000 GID=1003 PID=3038 n tail=0 logMask=1 pid=3001 start=0ns timeout=0ns
01-01 01:03:24.098 3061 3061 I wificond: wificond is starting up...
01-01 01:03:24.103 3061 3061 I HidlServiceManagement: Registered android.system.wifi.keystore@1.0::IKeystore/default (start delay of 43ms)
01-01 01:03:27.891 241 241 E iorapd : Cannot get package manager service!
01-01 01:03:28.256 0 0 I init : starting service 'zygote'...
01-01 01:03:28.261 0 0 I init : Created socket '/dev/socket/zygote', mode 660, user 0, group 1000
01-01 01:03:28.270 0 0 I init : Created socket '/dev/socket/usap_pool_primary', mode 660, user 0, group 1000
01-01 01:03:28.298 0 0 W libprocessgroup: Failed to open /dev/stune/top-app/tasks: No such file or directory: No such file or directory
01-01 01:03:28.310 0 0 W libprocessgroup: Failed to apply MaxPerformance task profile: No such file or directory
01-01 01:03:28.318 0 0 I init : starting service 'zygote_secondary'...
01-01 01:03:28.325 0[ 333.972230] init: starting service 'zygote'... 0 I[ 333.977727] init: Created socket '/dev/socket/zygote', mode 660, user 0, group 1000 init : Creat[ 333.986344] init: Created socket '/dev/socket/usap_pool_primary', mode 660, user 0, group 1000 ed socket '/dev/socket/zygote_secondary', mode 660, user 0, group 1000
01-01 01:03:28.334 0 0 I init : Created socket '/dev/socket/usap_pool_secondary', mode 660, user 0, group 1000
01-01 01:03:28.346 0 [ 334.014756] libprocessgroup: Failed to open /dev/stune/top-app/tasks: No such file or directory: No such file or directory 0 I init[ 334.026756] libprocessgroup: Failed to apply MaxPerformance task profile: No such file or directory : st[ 334.036112] init: starting service 'zygote_secondary'... arting s[ 334.043205] init: Created socket '/dev/socket/zygote_secondary', mode 660, user 0, group 1000 ervice 'audioser[ 334.052707] init: Created socket '/dev/socket/usap_pool_secondary', mode 660, user 0, group 1000 ver'...
01-01 01:03:28.347 0 0 W libpro[ 334.065861] init: starting service 'audioserver'... cessgrou[ 334.066643] libprocessgroup: Failed to open /dev/stune/top-app/tasks: No such file or directory: No such file or directory p: Failed to open /dev/stune/top-app/tasks: No such file or directory: No such file or directory
01-01 01:03:28.505 3068 3068 I boot_progress_start: 208505
01-01 01:03:28.716 3072 3072 F libc : Fatal signal 6 (SIGABRT), code -1 (SI_QUEUE) in tid 3072 (surfaceflinger), pid 3072 (surfaceflinger)
01-01 01:03:28.757 3111 3111 F DEBUG : *** *** *** *** *** *** *** *** *** *** *** *** *** *** *** ***
01-01 01:03:28.764 3111 3111 F DEBUG : Build fingerprint: 'emteria/rpi4/rpi4:11/RQ1A.210105.003/eng.root.20210331.145622:userdebug/release-keys'
01-01 01:03:28.764 3111 3111 F DEBUG : Revision: '0'
01-01 01:03:28.764 3111 3111 F DEBUG : ABI: 'arm64'
01-01 01:03:28.765 3111 3111 F DEBUG : Timestamp: 1970-01-01 01:03:28+0100
01-01 01:03:28.765 3111 3111 F DEBUG : pid: 3072, tid: 3072, name: surfaceflinger >>> /system/bin/surfaceflinger <<<
01-01 01:03:28.766 3111 3111 F DEBUG : uid: 1000
01-01 01:03:28.766 3111 3111 F DEBUG : signal 6 (SIGABRT), code -1 (SI_QUEUE), fault addr --------
01-01 01:03:28.766 3111 3111 F DEBUG : Abort message: 'Missing internal display after registering composer callback.'
01-01 01:03:28.766 3111 3111 F DEBUG : x0 0000000000000000 x1 0000000000000c00 x2 0000000000000006 x3 0000007fcdca1ae0
01-01 01:03:28.766 3111 3111 F DEBUG : x4 000000001284bda1 x5 000000001284bda1 x6 000000001284bda1 x7 00000000000000d0
01-01 01:03:28.766 3111 3111 F DEBUG : x8 00000000000000f0 x9 0000007e3f7f7800 x10 ffffff80ffffffdf x11 0000000000000001
01-01 01:03:28.766 3111 3111 F DEBUG : x12 0000007fcdca1ab0 x13 000000000000003e x14 0000007fcdca1c80 x15 ffffffffffffffff
01-01 01:03:28.766 3111 3111 F DEBUG : x16 0000007e3f890c80 x17 0000007e3f8723c0 x18 0000007e4190e000 x19 00000000000000ac
01-01 01:03:28.766 3111 3111 F DEBUG : x20 0000000000000c00 x21 00000000000000b2 x22 0000000000000c00 x23 00000000ffffffff
01-01 01:03:28.766 3111 3111 F DEBUG : x24 0000000000000002 x25 0000000000000000 x26 0000000000000000 x27 0000000000000000
01-01 01:03:28.766 3111 3111 F DEBUG : x28 0000000000000000 x29 0000007fcdca1b60
01-01 01:03:28.766 3111 3111 F DEBUG : lr 0000007e3f825544 sp 0000007fcdca1ac0 pc 0000007e3f825574 pst 0000000000000000
01-01 01:03:28.797 3111 3111 F DEBUG : backtrace:
01-01 01:03:28.797 3111 3111 F DEBUG : #00 pc 000000000004e574 /apex/com.android.runtime/lib64/bionic/libc.so (abort+180) (BuildId: f81965d884d6ebc5e5c3fd825c17a209)
01-01 01:03:28.797 3111 3111 F DEBUG : #01 pc 0000000000006334 /system/lib64/liblog.so (__android_log_default_aborter+12) (BuildId: c92329feece7a2d7fa4d9fb6acc815f9)
01-01 01:03:28.797 3111 3111 F DEBUG : #02 pc 0000000000006ec8 /system/lib64/liblog.so (__android_log_assert+336) (BuildId: c92329feece7a2d7fa4d9fb6acc815f9)
01-01 01:03:28.797 3111 3111 F DEBUG : #03 pc 000000000010a844 /system/lib64/libsurfaceflinger.so (android::SurfaceFlinger::init()+1380) (BuildId: 717e9bb2a8f30577e4b047e005231fd7)
01-01 01:03:28.797 3111 3111 F DEBUG : #04 pc 00000000000021a8 /system/bin/surfaceflinger (main+352) (BuildId: 90f19aac502ae7e05183738dd9ef97d1)
01-01 01:03:28.797 3111 3111 F DEBUG : #05 pc 0000000000049a34 /apex/com.android.runtime/lib64/bionic/libc.so (__libc_init+108) (BuildId: f81965d884d6ebc5e5c3fd825c17a209)
01-01 01:03:28.803 3068 3068 I boot_progress_preload_start: 208803
01-01 01:03:28.820 3068 3068 D Zygote64Timing: BeginPreload took to complete: 17ms
01-01 01:03:28.860 3069 3069 D Zygote32Timing: PostZygoteInitGC took to complete: 17ms
01-01 01:03:28.860 3069 3069 D Zygote32Timing: ZygoteInit took to complete: 24ms
01-01 01:03:28.897 0 0 D logd : logdr: UID=1000 GID=1003 PID=3111 n tail=50 logMask=8 pid=3072 start=0ns timeout=0ns
01-01 01:03:28.891 241 241 W iorapd : Reconnect to package manager service: 34 times
01-01 01:03:28.900 0 0 D logd : logdr: UID=1000 GID=1003 PID=3111 n tail=50 logMask=1 pid=3072 start=0ns timeout=0ns
01-01 01:03:28.930 0 0 D logd : logdr: UID=1000 GID=1003 PID=3111 n tail=0 logMask=8 pid=3072 start=0ns timeout=0ns
01-01 01:03:28.932 0 0 D logd : logdr: UID=1000 GID=1003 PID=3111 n tail=0 logMask=1 pid=3072 start=0ns timeout=0ns
01-01 01:03:29.108 3134 3134 I wificond: wificond is starting up...
01-01 01:03:29.113 3134 3134 I HidlServiceManagement: Registered android.system.wifi.keystore@1.0::IKeystore/default (start delay of 43ms)
01-01 01:03:33.285 0 0 I init : starting service 'zygote'...
01-01 01:03:33.290 0 0 I init : Created socket '/dev/socket/zygote', mode 660, user 0, group 1000
01-01 01:03:33.298 0 0 I init : Created socket '/dev/socket/usap_pool_primary', mode 660, user 0, group 1000
01-01 01:03:33.334 0 0 W libprocessgroup: Failed to open /dev/stune/top-app/tasks: No such file or directory: No such file or directory
01-01 01:03:33.345 0 0 I init : starting service 'zygote_secondary'...
01-01 01:03:33.346 0 0 W libprocessgroup: Failed to apply MaxPerformance task profile: No such file or directory
01-01 01:03:33.351 0 0 I init : Created socket '/dev/socket/zygote_secondary', mode 660, user 0, group 1000
01-01 01:03:33.369 0 0 I init : Created socket '/dev/socket/usap_pool_secondary', mode 660, user 0, group 1000
01-01 01:03:33.381 0 0 I init : starting service 'audioserver'...
01-01 01:03:33.383 0 0 W libprocessgroup: Failed to open /dev/stune/top-app/tasks: No such file or directory: No such file or directory
01-01 01:03:33.543 3141 3141 I boot_progress_start: 213543
01-01 01:03:33.763 3145 3145 F libc : Fatal signal 6 (SIGABRT), code -1 (SI_QUEUE) in tid 3145 (surfaceflinger), pid 3145 (surfaceflinger)
01-01 01:03:33.800 3185 3185 F DEBUG : *** *** *** *** *** *** *** *** *** *** *** *** *** *** *** ***
01-01 01:03:33.800 3185 3185 F DEBUG : Build fingerprint: 'emteria/rpi4/rpi4:11/RQ1A.210105.003/eng.root.20210331.145622:userdebug/release-keys'
01-01 01:03:33.800 3185 3185 F DEBUG : Revision: '0'
01-01 01:03:33.800 3185 3185 F DEBUG : ABI: 'arm64'
01-01 01:03:33.801 3185 3185 F DEBUG : Timestamp: 1970-01-01 01:03:33+0100
01-01 01:03:33.801 3185 3185 F DEBUG : pid: 3145, tid: 3145, name: surfaceflinger >>> /system/bin/surfaceflinger <<<
01-01 01:03:33.801 3185 3185 F DEBUG : uid: 1000
01-01 01:03:33.802 3185 3185 F DEBUG : signal 6 (SIGABRT), code -1 (SI_QUEUE), fault addr --------
01-01 01:03:33.802 3185 3185 F DEBUG : Abort message: 'Missing internal display after registering composer callback.'
01-01 01:03:33.802 3185 3185 F DEBUG : x0 0000000000000000 x1 0000000000000c49 x2 0000000000000006 x3 0000007fc22e7b70
01-01 01:03:33.802 3185 3185 F DEBUG : x4 000000001284bda1 x5 000000001284bda1 x6 000000001284bda1 x7 00000000000000d5
01-01 01:03:33.802 3185 3185 F DEBUG : x8 00000000000000f0 x9 00000071bfea0800 x10 ffffff80ffffffdf x11 0000000000000001
01-01 01:03:33.802 3185 3185 F DEBUG : x12 0000007fc22e7b40 x13 000000000000003e x14 0000007fc22e7d10 x15 ffffffffffffffff
01-01 01:03:33.802 3185 3185 F DEBUG : x16 00000071bff39c80 x17 00000071bff1b3c0 x18 00000071c26dc000 x19 00000000000000ac
01-01 01:03:33.802 3185 3185 F DEBUG : x20 0000000000000c49 x21 00000000000000b2 x22 0000000000000c49 x23 00000000ffffffff
01-01 01:03:33.802 3185 3185 F DEBUG : x24 0000000000000002 x25 0000000000000000 x26 0000000000000000 x27 0000000000000000
01-01 01:03:33.802 3185 3185 F DEBUG : x28 0000000000000000 x29 0000007fc22e7bf0
01-01 01:03:33.802 3185 3185 F DEBUG : lr 00000071bfece544 sp 0000007fc22e7b50 pc 00000071bfece574 pst 0000000000000000
01-01 01:03:33.834 3185 3185 F DEBUG : backtrace:
01-01 01:03:33.834 3185 3185 F DEBUG : #00 pc 000000000004e574 /apex/com.android.runtime/lib64/bionic/libc.so (abort+180) (BuildId: f81965d884d6ebc5e5c3fd825c17a209)
01-01 01:03:33.834 3185 3185 F DEBUG : #01 pc 0000000000006334 /system/lib64/liblog.so (__android_log_default_aborter+12) (BuildId: c92329feece7a2d7fa4d9fb6acc815f9)
01-01 01:03:33.834 3185 3185 F DEBUG : #02 pc 0000000000006ec8 /system/lib64/liblog.so (__android_log_assert+336) (BuildId: c92329feece7a2d7fa4d9fb6acc815f9)
01-01 01:03:33.834 3185 3185 F DEBUG : #03 pc 000000000010a844 /system/lib64/libsurfaceflinger.so (android::SurfaceFlinger::init()+1380) (BuildId: 717e9bb2a8f30577e4b047e005231fd7)
01-01 01:03:33.834 3185 3185 F DEBUG : #04 pc 00000000000021a8 /system/bin/surfaceflinger (main+352) (BuildId: 90f19aac502ae7e05183738dd9ef97d1)
01-01 01:03:33.834 3185 3185 F DEBUG : #05 pc 0000000000049a34 /apex/com.android.runtime/lib64/bionic/libc.so (__libc_init+108) (BuildId: f81965d884d6ebc5e5c3fd825c17a209)
01-01 01:03:33.838 3141 3141 I boot_progress_preload_start: 213838
01-01 01:03:33.855 3141 3141 D Zygote64Timing: BeginPreload took to complete: 17ms
01-01 01:03:33.899 3142 3142 D Zygote32Timing: PostZygoteInitGC took to complete: 20ms
01-01 01:03:33.899 3142 3142 D Zygote32Timing: ZygoteInit took to complete: 27ms
01-01 01:03:33.907 241 241 E iorapd : Cannot get package manager service!
01-01 01:03:33.937 0 0 D logd : logdr: UID=1000 GID=1003 PID=3185 n tail=50 logMask=8 pid=3145 start=0ns timeout=0ns
01-01 01:03:33.939 0 0 D logd : logdr: UID=1000 GID=1003 PID=3185 n tail=50 logMask=1 pid=3145 start=0ns timeout=0ns
01-01 01:03:33.970 0 0 D logd : logdr: UID=1000 GID=1003 PID=3185 n tail=0 logMask=8 pid=3145 start=0ns timeout=0ns
01-01 01:03:33.972 0 0 D logd : logdr: UID=1000 GID=1003 PID=3185 n tail=0 logMask=1 pid=3145 start=0ns timeout=0ns
01-01 01:03:34.158 3206 3206 I wificond: wificond is starting up...
01-01 01:03:34.162 3206 3206 I HidlServiceManagement: Registered android.system.wifi.keystore@1.0::IKeystore/default (start delay of 42ms)
01-01 01:03:34.908 241 241 W iorapd : Reconnect to package manager service: 35 times
01-01 01:03:38.313 0 0 I init : starting service 'zygote'...
01-01 01:03:38.318 0 0 I init : Created socket '/dev/socket/zygote', mode 660, user 0, group 1000
01-01 01:03:38.326 0 0 I init : Created socket '/dev/socket/usap_pool_primary', mode 660, user 0, group 1000
01-01 01:03:38.362 0 0 W libprocessgroup: Failed to open /dev/stune/top-app/tasks: No such file or directory: No such file or directory
01-01 01:03:38.374 0 0 W libprocessgroup: Failed to apply MaxPerformance task profile: No such file or directory
01-01 01:03:38.380 0 0 I init : starting service 'zygote_secondary'...
01-01 01:03:38.389 0 0 I init : Created socket '/dev/socket/zygote_secondary', mode 660, user 0, group 1000
01-01 01:03:38.398 0 0 I init : Created socket '/dev/socket/usap_pool_secondary', mode 660, user 0, group 1000
01-01 01:03:38.410 0 0 I init : starting service 'audioserver'...
01-01 01:03:38.411 0 0 W libprocessgroup: Failed to open /dev/stune/top-app/tasks: No such file or directory: No such file or directory
01-01 01:03:38.559 3213 3213 I boot_progress_start: 218559
01-01 01:03:38.747 3217 3217 F libc : Fatal signal 6 (SIGABRT), code -1 (SI_QUEUE) in tid 3217 (surfaceflinger), pid 3217 (surfaceflinger)
01-01 01:03:38.795 3255 3255 F DEBUG : *** *** *** *** *** *** *** *** *** *** *** *** *** *** *** ***
01-01 01:03:38.795 3255 3255 F DEBUG : Build fingerprint: 'emteria/rpi4/rpi4:11/RQ1A.210105.003/eng.root.20210331.145622:userdebug/release-keys'
01-01 01:03:38.795 3255 3255 F DEBUG : Revision: '0'
01-01 01:03:38.795 3255 3255 F DEBUG : ABI: 'arm64'
01-01 01:03:38.803 3255 3255 F DEBUG : Timestamp: 1970-01-01 01:03:38+0100
01-01 01:03:38.803 3255 3255 F DEBUG : pid: 3217, tid: 3217, name: surfaceflinger >>> /system/bin/surfaceflinger <<<
01-01 01:03:38.803 3255 3255 F DEBUG : uid: 1000
01-01 01:03:38.803 3255 3255 F DEBUG : signal 6 (SIGABRT), code -1 (SI_QUEUE), fault addr --------
01-01 01:03:38.803 3255 3255 F DEBUG : Abort message: 'Missing internal display after registering composer callback.'
01-01 01:03:38.804 3255 3255 F DEBUG : x0 0000000000000000 x1 0000000000000c91 x2 0000000000000006 x3 0000007fd1e92810
01-01 01:03:38.804 3255 3255 F DEBUG : x4 000000001284bda1 x5 000000001284bda1 x6 000000001284bda1 x7 00000000000000da
01-01 01:03:38.804 3255 3255 F DEBUG : x8 00000000000000f0 x9 0000007bc5376800 x10 ffffff80ffffffdf x11 0000000000000001
01-01 01:03:38.804 3255 3255 F DEBUG : x12 0000007fd1e927e0 x13 000000000000003e x14 0000007fd1e929b0 x15 ffffffffffffffff
01-01 01:03:38.804 3255 3255 F DEBUG : x16 0000007bc540fc80 x17 0000007bc53f13c0 x18 0000007bc6b1a000 x19 00000000000000ac
01-01 01:03:38.804 3255 3255 F DEBUG : x20 0000000000000c91 x21 00000000000000b2 x22 0000000000000c91 x23 00000000ffffffff
01-01 01:03:38.804 3255 3255 F DEBUG : x24 0000000000000002 x25 0000000000000000 x26 0000000000000000 x27 0000000000000000
01-01 01:03:38.804 3255 3255 F DEBUG : x28 0000000000000000 x29 0000007fd1e92890
01-01 01:03:38.804 3255 3255 F DEBUG : lr 0000007bc53a4544 sp 0000007fd1e927f0 pc 0000007bc53a4574 pst 0000000000000000
01-01 01:03:38.838 3255 3255 F DEBUG : backtrace:
01-01 01:03:38.838 3255 3255 F DEBUG : #00 pc 000000000004e574 /apex/com.android.runtime/lib64/bionic/libc.so (abort+180) (BuildId: f81965d884d6ebc5e5c3fd825c17a209)
01-01 01:03:38.838 3255 3255 F DEBUG : #01 pc 0000000000006334 /system/lib64/liblog.so (__android_log_default_aborter+12) (BuildId: c92329feece7a2d7fa4d9fb6acc815f9)
01-01 01:03:38.838 3255 3255 F DEBUG : #02 pc 0000000000006ec8 /system/lib64/liblog.so (__android_log_assert+336) (BuildId: c92329feece7a2d7fa4d9fb6acc815f9)
01-01 01:03:38.838 3255 3255 F DEBUG : #03 pc 000000000010a844 /system/lib64/libsurfaceflinger.so (android::SurfaceFlinger::init()+1380) (BuildId: 717e9bb2a8f30577e4b047e005231fd7)
01-01 01:03:38.838 3255 3255 F DEBUG : #04 pc 00000000000021a8 /system/bin/surfaceflinger (main+352) (BuildId: 90f19aac502ae7e05183738dd9ef97d1)
01-01 01:03:38.839 3255 3255 F DEBUG : #05 pc 0000000000049a34 /apex/com.android.runtime/lib64/bionic/libc.so (__libc_init+108) (BuildId: f81965d884d6ebc5e5c3fd825c17a209)
01-01 01:03:38.852 3213 3213 I boot_progress_preload_start: 218851
01-01 01:03:38.870 3213 3213 D Zygote64Timing: BeginPreload took to complete: 18ms
01-01 01:03:38.934 3214 3214 D Zygote32Timing: PostZygoteInitGC took to complete: 20ms
01-01 01:03:38.934 3214 3214 D Zygote32Timing: ZygoteInit took to complete: 27ms
01-01 01:03:38.946 0 0 D logd : logdr: UID=1000 GID=1003 PID=3255 n tail=50 logMask=8 pid=3217 start=0ns timeout=0ns
01-01 01:03:38.954 0 0 D logd : logdr: UID=1000 GID=1003 PID=3255 n tail=50 logMask=1 pid=3217 start=0ns timeout=0ns
01-01 01:03:38.987 0 0 D logd : logdr: UID=1000 GID=1003 PID=3255 n tail=0 logMask=8 pid=3217 start=0ns timeout=0ns
01-01 01:03:38.989 0 0 D logd : logdr: UID=1000 GID=1003 PID=3255 n tail=0 logMask=1 pid=3217 start=0ns timeout=0ns
01-01 01:03:39.176 3278 3278 I wificond: wificond is starting up...
01-01 01:03:39.181 3278 3278 I HidlServiceManagement: Registered android.system.wifi.keystore@1.0::IKeystore/default (start delay of 41ms)
01-01 01:03:39.924 241 241 E iorapd : Cannot get package manager service!
01-01 01:03:40.924 241 241 W iorapd : Reconnect to package manager service: 36 times
01-01 01:03:43.341 0 0 I init : starting service 'zygote'...
01-01 01:03:43.347 0 0 I init : Created socket '/dev/socket/zygote', mode 660, user 0, group 1000
01-01 01:03:43.355 0 0 I init : Created socket '/dev/socket/usap_pool_primary', mode 660, user 0, group 1000
01-01 01:03:43.390 0 0 W libprocessgroup: Failed to open /dev/stune/top-app/tasks: No such file or directory: No such file or directory
01-01 01:03:43.402 0 0 W libprocessgroup: Failed to apply MaxPerformance task profile: No such file or directory
01-01 01:03:43.409 0 0 I init : starting service 'zygote_secondary'...
01-01 01:03:43.417 0 0 I init : Created socket '/dev/socket/zygote_secondary', mode 660, user 0, group 1000
01-01 01:03:43.426 0 0 I init : Created socket '/dev/socket/usap_pool_secondary', mode 660, user 0, group 1000
01-01 01:03:43.438 0 0 I init : starting service 'audioserver'...
01-01 01:03:43.439 0 0 W libprocessgroup: Failed to open /dev/stune/top-app/tasks: No such file or directory: No such file or directory
01-01 01:03:43.595 3285 3285 I boot_progress_start: 223595
01-01 01:03:43.769 3289 3289 F libc : Fatal signal 6 (SIGABRT), code -1 (SI_QUEUE) in tid 3289 (surfaceflinger), pid 3289 (surfaceflinger)
01-01 01:03:43.820 3327 3327 F DEBUG : *** *** *** *** *** *** *** *** *** *** *** *** *** *** *** ***
01-01 01:03:43.820 3327 3327 F DEBUG : Build fingerprint: 'emteria/rpi4/rpi4:11/RQ1A.210105.003/eng.root.20210331.145622:userdebug/release-keys'
01-01 01:03:43.820 3327 3327 F DEBUG : Revision: '0'
01-01 01:03:43.820 3327 3327 F DEBUG : ABI: 'arm64'
01-01 01:03:43.822 3327 3327 F DEBUG : Timestamp: 1970-01-01 01:03:43+0100
01-01 01:03:43.822 3327 3327 F DEBUG : pid: 3289, tid: 3289, name: surfaceflinger >>> /system/bin/surfaceflinger <<<
01-01 01:03:43.822 3327 3327 F DEBUG : uid: 1000
01-01 01:03:43.822 3327 3327 F DEBUG : signal 6 (SIGABRT), code -1 (SI_QUEUE), fault addr --------
01-01 01:03:43.822 3327 3327 F DEBUG : Abort message: 'Missing internal display after registering composer callback.'
01-01 01:03:43.822 3327 3327 F DEBUG : x0 0000000000000000 x1 0000000000000cd9 x2 0000000000000006 x3 0000007fe8bf61e0
01-01 01:03:43.822 3327 3327 F DEBUG : x4 000000001284bda1 x5 000000001284bda1 x6 000000001284bda1 x7 00000000000000df
01-01 01:03:43.822 3327 3327 F DEBUG : x8 00000000000000f0 x9 00000078047a8800 x10 ffffff80ffffffdf x11 0000000000000001
01-01 01:03:43.822 3327 3327 F DEBUG : x12 0000007fe8bf61b0 x13 000000000000003e x14 0000007fe8bf6380 x15 ffffffffffffffff
01-01 01:03:43.822 3327 3327 F DEBUG : x16 0000007804841c80 x17 00000078048233c0 x18 000000780672e000 x19 00000000000000ac
01-01 01:03:43.823 3327 3327 F DEBUG : x20 0000000000000cd9 x21 00000000000000b2 x22 0000000000000cd9 x23 00000000ffffffff
01-01 01:03:43.823 3327 3327 F DEBUG : x24 0000000000000002 x25 0000000000000000 x26 0000000000000000 x27 0000000000000000
01-01 01:03:43.823 3327 3327 F DEBUG : x28 0000000000000000 x29 0000007fe8bf6260
01-01 01:03:43.823 3327 3327 F DEBUG : lr 00000078047d6544 sp 0000007fe8bf61c0 pc 00000078047d6574 pst 0000000000000000
01-01 01:03:43.866 3327 3327 F DEBUG : backtrace:
01-01 01:03:43.866 3327 3327 F DEBUG : #00 pc 000000000004e574 /apex/com.android.runtime/lib64/bionic/libc.so (abort+180) (BuildId: f81965d884d6ebc5e5c3fd825c17a209)
01-01 01:03:43.866 3327 3327 F DEBUG : #01 pc 0000000000006334 /system/lib64/liblog.so (__android_log_default_aborter+12) (BuildId: c92329feece7a2d7fa4d9fb6acc815f9)
01-01 01:03:43.866 3327 3327 F DEBUG : #02 pc 0000000000006ec8 /system/lib64/liblog.so (__android_log_assert+336) (BuildId: c92329feece7a2d7fa4d9fb6acc815f9)
01-01 01:03:43.866 3327 3327 F DEBUG : #03 pc 000000000010a844 /system/lib64/libsurfaceflinger.so (android::SurfaceFlinger::init()+1380) (BuildId: 717e9bb2a8f30577e4b047e005231fd7)
01-01 01:03:43.866 3327 3327 F DEBUG : #04 pc 00000000000021a8 /system/bin/surfaceflinger (main+352) (BuildId: 90f19aac502ae7e05183738dd9ef97d1)
01-01 01:03:43.866 3327 3327 F DEBUG : #05 pc 0000000000049a34 /apex/com.android.runtime/lib64/bionic/libc.so (__libc_init+108) (BuildId: f81965d884d6ebc5e5c3fd825c17a209)
01-01 01:03:43.901 3285 3285 I boot_progress_preload_start: 223901
01-01 01:03:43.918 3285 3285 D Zygote64Timing: BeginPreload took to complete: 17ms
01-01 01:03:43.952 3286 3286 D Zygote32Timing: PostZygoteInitGC took to complete: 16ms
01-01 01:03:43.952 3286 3286 D Zygote32Timing: ZygoteInit took to complete: 24ms
01-01 01:03:43.965 0 0 D logd : logdr: UID=1000 GID=1003 PID=3327 n tail=50 logMask=8 pid=3289 start=0ns timeout=0ns
01-01 01:03:43.967 0 0 D logd : logdr: UID=1000 GID=1003 PID=3327 n tail=50 logMask=1 pid=3289 start=0ns timeout=0ns
01-01 01:03:43.997 0 0 D logd : logdr: UID=1000 GID=1003 PID=3327 n tail=0 logMask=8 pid=3289 start=0ns timeout=0ns
01-01 01:03:43.999 0 0 D logd : logdr: UID=1000 GID=1003 PID=3327 n tail=0 logMask=1 pid=3289 start=0ns timeout=0ns
01-01 01:03:44.180 3351 3351 I wificond: wificond is starting up...
01-01 01:03:44.184 3351 3351 I HidlServiceManagement: Registered android.system.wifi.keystore@1.0::IKeystore/default (start delay of 44ms)
01-01 01:03:45.939 241 241 E iorapd : Cannot get package manager service!
01-01 01:03:46.939 241 241 W iorapd : Reconnect to package manager service: 37 times
01-01 01:03:48.370 0 0 I init : starting service 'zygote'...
01-01 01:03:48.375 0 0 I init : Created socket '/dev/socket/zygote', mode 660, user 0, group 1000
01-01 01:03:48.383 0 0 I init : Created socket '/dev/socket/usap_pool_primary', mode 660, user 0, group 1000
01-01 01:03:48.414 0 0 W libprocessgroup: Failed to open /dev/stune/top-app/tasks: No such file or directory: No such file or directory
01-01 01:03:48.426 0 0 W libprocessgroup: Failed to apply MaxPerformance task profile: No such file or directory
01-01 01:03:48.437 0 0 I init : starting service 'zygote_secondary'...
01-01 01:03:48.443 0 0 I init : Created socket '/dev/socket/zygote_secondary', mode 660, user 0, group 1000
01-01 01:03:48.452 0 0 I init : Created socket '/dev/socket/usap_pool_secondary', mode 660, user 0, group 1000
01-01 01:03:48.465 0 0 I init : starting service 'audioserver'...
01-01 01:03:48.465 0 0 W libprocessgroup: Failed to open /dev/stune/top-app/tasks: No such file or directory: No such file or directory
01-01 01:03:48.622 3358 3358 I boot_progress_start: 228622
01-01 01:03:48.813 3362 3362 F libc : Fatal signal 6 (SIGABRT), code -1 (SI_QUEUE) in tid 3362 (surfaceflinger), pid 3362 (surfaceflinger)
01-01 01:03:48.861 3401 3401 F DEBUG : *** *** *** *** *** *** *** *** *** *** *** *** *** *** *** ***
01-01 01:03:48.862 3401 3401 F DEBUG : Build fingerprint: 'emteria/rpi4/rpi4:11/RQ1A.210105.003/eng.root.20210331.145622:userdebug/release-keys'
01-01 01:03:48.862 3401 3401 F DEBUG : Revision: '0'
01-01 01:03:48.862 3401 3401 F DEBUG : ABI: 'arm64'
01-01 01:03:48.863 3401 3401 F DEBUG : Timestamp: 1970-01-01 01:03:48+0100
01-01 01:03:48.863 3401 3401 F DEBUG : pid: 3362, tid: 3362, name: surfaceflinger >>> /system/bin/surfaceflinger <<<
01-01 01:03:48.863 3401 3401 F DEBUG : uid: 1000
01-01 01:03:48.863 3401 3401 F DEBUG : signal 6 (SIGABRT), code -1 (SI_QUEUE), fault addr --------
01-01 01:03:48.863 3401 3401 F DEBUG : Abort message: 'Missing internal display after registering composer callback.'
01-01 01:03:48.863 3401 3401 F DEBUG : x0 0000000000000000 x1 0000000000000d22 x2 0000000000000006 x3 0000007ff5f36e40
01-01 01:03:48.863 3401 3401 F DEBUG : x4 000000001284bda1 x5 000000001284bda1 x6 000000001284bda1 x7 00000000000000e4
01-01 01:03:48.864 3401 3401 F DEBUG : x8 00000000000000f0 x9 0000007072d63800 x10 ffffff80ffffffdf x11 0000000000000001
01-01 01:03:48.864 3401 3401 F DEBUG : x12 0000007ff5f36e10 x13 000000000000003e x14 0000007ff5f36fe0 x15 ffffffffffffffff
01-01 01:03:48.864 3401 3401 F DEBUG : x16 0000007072dfcc80 x17 0000007072dde3c0 x18 000000707550e000 x19 00000000000000ac
01-01 01:03:48.864 3401 3401 F DEBUG : x20 0000000000000d22 x21 00000000000000b2 x22 0000000000000d22 x23 00000000ffffffff
01-01 01:03:48.864 3401 3401 F DEBUG : x24 0000000000000002 x25 0000000000000000 x26 0000000000000000 x27 0000000000000000
01-01 01:03:48.864 3401 3401 F DEBUG : x28 0000000000000000 x29 0000007ff5f36ec0
01-01 01:03:48.864 3401 3401 F DEBUG : lr 0000007072d91544 sp 0000007ff5f36e20 pc 0000007072d91574 pst 0000000000000000
01-01 01:03:48.894 3401 3401 F DEBUG : backtrace:
01-01 01:03:48.894 3401 3401 F DEBUG : #00 pc 000000000004e574 /apex/com.android.runtime/lib64/bionic/libc.so (abort+180) (BuildId: f81965d884d6ebc5e5c3fd825c17a209)
01-01 01:03:48.894 3401 3401 F DEBUG : #01 pc 0000000000006334 /system/lib64/liblog.so (__android_log_default_aborter+12) (BuildId: c92329feece7a2d7fa4d9fb6acc815f9)
01-01 01:03:48.894 3401 3401 F DEBUG : #02 pc 0000000000006ec8 /system/lib64/liblog.so (__android_log_assert+336) (BuildId: c92329feece7a2d7fa4d9fb6acc815f9)
01-01 01:03:48.894 3401 3401 F DEBUG : #03 pc 000000000010a844 /system/lib64/libsurfaceflinger.so (android::SurfaceFlinger::init()+1380) (BuildId: 717e9bb2a8f30577e4b047e005231fd7)
01-01 01:03:48.894 3401 3401 F DEBUG : #04 pc 00000000000021a8 /system/bin/surfaceflinger (main+352) (BuildId: 90f19aac502ae7e05183738dd9ef97d1)
01-01 01:03:48.894 3401 3401 F DEBUG : #05 pc 0000000000049a34 /apex/com.android.runtime/lib64/bionic/libc.so (__libc_init+108) (BuildId: f81965d884d6ebc5e5c3fd825c17a209)
01-01 01:03:48.926 3358 3358 I boot_progress_preload_start: 228926
01-01 01:03:48.944 3358 3358 D Zygote64Timing: BeginPreload took to complete: 18ms
01-01 01:03:48.982 3359 3359 D Zygote32Timing: PostZygoteInitGC took to complete: 17ms
01-01 01:03:48.982 3359 3359 D Zygote32Timing: ZygoteInit took to complete: 25ms
01-01 01:03:48.994 0 0 D logd : logdr: UID=1000 GID=1003 PID=3401 n tail=50 logMask=8 pid=3362 start=0ns timeout=0ns
01-01 01:03:48.996 0 0 D logd : logdr: UID=1000 GID=1003 PID=3401 n tail=50 logMask=1 pid=3362 start=0ns timeout=0ns
01-01 01:03:49.027 0 0 D logd : logdr: UID=1000 GID=1003 PID=3401 n tail=0 logMask=8 pid=3362 start=0ns timeout=0ns
01-01 01:03:49.029 0 0 D logd : logdr: UID=1000 GID=1003 PID=3401 n tail=0 logMask=1 pid=3362 start=0ns timeout=0ns
01-01 01:03:49.225 3424 3424 I wificond: wificond is starting up...
01-01 01:03:49.230 3424 3424 I HidlServiceManagement: Registered android.system.wifi.keystore@1.0::IKeystore/default (start delay of 40ms)
01-01 01:03:51.955 241 241 E iorapd : Cannot get package manager service!
01-01 01:03:52.955 241 241 W iorapd : Reconnect to package manager service: 38 times
01-01 01:03:53.398 0 0 I init : starting service 'zygote'...
01-01 01:03:53.403 0 0 I init : Created socket '/dev/socket/zygote', mode 660, user 0, group 1000
01-01 01:03:53.411 0 0 I init : Created socket '/dev/socket/usap_pool_primary', mode 660, user 0, group 1000
01-01 01:03:53.438 0 0 W libprocessgroup: Failed to open /dev/stune/top-app/tasks: No such file or directory: No such file or directory
01-01 01:03:53.450 0 0 W libprocessgroup: Failed to apply MaxPerformance task profile: No such file or directory
01-01 01:03:53.464 0 0 I init : starting service 'zygote_secondary'...
01-01 01:03:53.469 0 0 I init : Created socket '/dev/socket/zygote_secondary', mode 660, user 0, group 1000
01-01 01:03:53.479 0 0 I init : Created socket '/dev/socket/usap_pool_secondary', mode 660, user 0, group 1000
01-01 01:03:53.491 0 0 I init : starting service 'audioserver'...
01-01 01:03:53.492 0 0 W libprocessgroup: Failed to open /dev/stune/top-app/tasks: No such file or directory: No such file or directory
01-01 01:03:53.640 3431 3431 I boot_progress_start: 233640
01-01 01:03:53.837 3435 3435 F libc : Fatal signal 6 (SIGABRT), code -1 (SI_QUEUE) in tid 3435 (surfaceflinger), pid 3435 (surfaceflinger)
01-01 01:03:53.887 3473 3473 F DEBUG : *** *** *** *** *** *** *** *** *** *** *** *** *** *** *** ***
01-01 01:03:53.888 3473 3473 F DEBUG : Build fingerprint: 'emteria/rpi4/rpi4:11/RQ1A.210105.003/eng.root.20210331.145622:userdebug/release-keys'
01-01 01:03:53.888 3473 3473 F DEBUG : Revision: '0'
01-01 01:03:53.888 3473 3473 F DEBUG : ABI: 'arm64'
01-01 01:03:53.889 3473 3473 F DEBUG : Timestamp: 1970-01-01 01:03:53+0100
01-01 01:03:53.889 3473 3473 F DEBUG : pid: 3435, tid: 3435, name: surfaceflinger >>> /system/bin/surfaceflinger <<<
01-01 01:03:53.889 3473 3473 F DEBUG : uid: 1000
01-01 01:03:53.889 3473 3473 F DEBUG : signal 6 (SIGABRT), code -1 (SI_QUEUE), fault addr --------
01-01 01:03:53.890 3473 3473 F DEBUG : Abort message: 'Missing internal display after registering composer callback.'
01-01 01:03:53.890 3473 3473 F DEBUG : x0 0000000000000000 x1 0000000000000d6b x2 0000000000000006 x3 0000007fea1a1570
01-01 01:03:53.890 3473 3473 F DEBUG : x4 000000001284bda1 x5 000000001284bda1 x6 000000001284bda1 x7 00000000000000e9
01-01 01:03:53.890 3473 3473 F DEBUG : x8 00000000000000f0 x9 0000007959f60800 x10 ffffff80ffffffdf x11 0000000000000001
01-01 01:03:53.890 3473 3473 F DEBUG : x12 0000007fea1a1540 x13 000000000000003e x14 0000007fea1a1710 x15 ffffffffffffffff
01-01 01:03:53.890 3473 3473 F DEBUG : x16 0000007959ff9c80 x17 0000007959fdb3c0 x18 000000795b940000 x19 00000000000000ac
01-01 01:03:53.890 3473 3473 F DEBUG : x20 0000000000000d6b x21 00000000000000b2 x22 0000000000000d6b x23 00000000ffffffff
01-01 01:03:53.890 3473 3473 F DEBUG : x24 0000000000000002 x25 0000000000000000 x26 0000000000000000 x27 0000000000000000
01-01 01:03:53.890 3473 3473 F DEBUG : x28 0000000000000000 x29 0000007fea1a15f0
01-01 01:03:53.890 3473 3473 F DEBUG : lr 0000007959f8e544 sp 0000007fea1a1550 pc 0000007959f8e574 pst 0000000000000000
01-01 01:03:53.921 3473 3473 F DEBUG : backtrace:
01-01 01:03:53.922 3473 3473 F DEBUG : #00 pc 000000000004e574 /apex/com.android.runtime/lib64/bionic/libc.so (abort+180) (BuildId: f81965d884d6ebc5e5c3fd825c17a209)
01-01 01:03:53.922 3473 3473 F DEBUG : #01 pc 0000000000006334 /system/lib64/liblog.so (__android_log_default_aborter+12) (BuildId: c92329feece7a2d7fa4d9fb6acc815f9)
01-01 01:03:53.922 3473 3473 F DEBUG : #02 pc 0000000000006ec8 /system/lib64/liblog.so (__android_log_assert+336) (BuildId: c92329feece7a2d7fa4d9fb6acc815f9)
01-01 01:03:53.922 3473 3473 F DEBUG : #03 pc 000000000010a844 /system/lib64/libsurfaceflinger.so (android::SurfaceFlinger::init()+1380) (BuildId: 717e9bb2a8f30577e4b047e005231fd7)
01-01 01:03:53.922 3473 3473 F DEBUG : #04 pc 00000000000021a8 /system/bin/surfaceflinger (main+352) (BuildId: 90f19aac502ae7e05183738dd9ef97d1)
01-01 01:03:53.922 3473 3473 F DEBUG : #05 pc 0000000000049a34 /apex/com.android.runtime/lib64/bionic/libc.so (__libc_init+108) (BuildId: f81965d884d6ebc5e5c3fd825c17a209)
01-01 01:03:53.941 3431 3431 I boot_progress_preload_start: 233941
01-01 01:03:53.958 3431 3431 D Zygote64Timing: BeginPreload took to complete: 17ms
01-01 01:03:54.002 3432 3432 D Zygote32Timing: PostZygoteInitGC took to complete: 17ms
01-01 01:03:54.002 3432 3432 D Zygote32Timing: ZygoteInit took to complete: 24ms
01-01 01:03:54.022 0 0 D logd : logdr: UID=1000 GID=1003 PID=3473 n tail=50 logMask=8 pid=3435 start=0ns timeout=0ns
01-01 01:03:54.024 0 0 D logd : logdr: UID=1000 GID=1003 PID=3473 n tail=50 logMask=1 pid=3435 start=0ns timeout=0ns
01-01 01:03:54.055 0 0 D logd : logdr: UID=1000 GID=1003 PID=3473 n tail=0 logMask=8 pid=3435 start=0ns timeout=0ns
01-01 01:03:54.057 0 0 D logd : logdr: UID=1000 GID=1003 PID=3473 n tail=0 logMask=1 pid=3435 start=0ns timeout=0ns
01-01 01:03:54.231 3495 3495 I wificond: wificond is starting up...
01-01 01:03:54.236 3495 3495 I HidlServiceManagement: Registered android.system.wifi.keystore@1.0::IKeystore/default (start delay of 36ms)
01-01 01:03:57.975 241 241 E iorapd : Cannot get package manager service!
01-01 01:03:58.426 0 0 I init : starting service 'zygote'...
01-01 01:03:58.431 0 0 I init : Created socket '/dev/socket/zygote', mode 660, user 0, group 1000
01-01 01:03:58.439 0 0 I init : Created socket '/dev/socket/usap_pool_primary', mode 660, user 0, group 1000
01-01 01:03:58.466 0 0 W libprocessgroup: Failed to open /dev/stune/top-app/tasks: No such file or directory: No such file or directory
01-01 01:03:58.478 0 0 W libprocessgroup: Failed to apply MaxPerformance task profile: No such file or directory
01-01 01:03:58.491 0 0 I init : starting service 'zygote_secondary'...
01-01 01:03:58.497 0 0 I init : Created socket '/dev/socket/zygote_secondary', mode 660, user 0, group 1000
01-01 01:03:58.506 0 0 I init : Created socket '/dev/socket/usap_pool_secondary', mode 660, user 0, group 1000
01-01 01:03:58.518 0 0 I init : starting service 'audioserver'...
01-01 01:03:58.519 0 0 W libprocessgroup: Failed to open /dev/stune/top-app/tasks: No such file or directory: No such file or directory
01-01 01:03:58.660 3502 3502 I boot_progress_start: 238660
01-01 01:03:58.848 3506 3506 F libc : Fatal signal 6 (SIGABRT), code -1 (SI_QUEUE) in tid 3506 (surfaceflinger), pid 3506 (surfaceflinger)
01-01 01:03:58.903 3544 3544 F DEBUG : *** *** *** *** *** *** *** *** *** *** *** *** *** *** *** ***
01-01 01:03:58.903 3544 3544 F DEBUG : Build fingerprint: 'emteria/rpi4/rpi4:11/RQ1A.210105.003/eng.root.20210331.145622:userdebug/release-keys'
01-01 01:03:58.903 3544 3544 F DEBUG : Revision: '0'
01-01 01:03:58.903 3544 3544 F DEBUG : ABI: 'arm64'
01-01 01:03:58.904 3544 3544 F DEBUG : Timestamp: 1970-01-01 01:03:58+0100
01-01 01:03:58.904 3544 3544 F DEBUG : pid: 3506, tid: 3506, name: surfaceflinger >>> /system/bin/surfaceflinger <<<
01-01 01:03:58.904 3544 3544 F DEBUG : uid: 1000
01-01 01:03:58.905 3544 3544 F DEBUG : signal 6 (SIGABRT), code -1 (SI_QUEUE), fault addr --------
01-01 01:03:58.905 3544 3544 F DEBUG : Abort message: 'Missing internal display after registering composer callback.'
01-01 01:03:58.905 3544 3544 F DEBUG : x0 0000000000000000 x1 0000000000000db2 x2 0000000000000006 x3 0000007ff4887440
01-01 01:03:58.905 3544 3544 F DEBUG : x4 000000001284bda1 x5 000000001284bda1 x6 000000001284bda1 x7 00000000000000ee
01-01 01:03:58.905 3544 3544 F DEBUG : x8 00000000000000f0 x9 0000007f03a68800 x10 ffffff80ffffffdf x11 0000000000000001
01-01 01:03:58.905 3544 3544 F DEBUG : x12 0000007ff4887410 x13 000000000000003e x14 0000007ff48875e0 x15 ffffffffffffffff
01-01 01:03:58.905 3544 3544 F DEBUG : x16 0000007f03b01c80 x17 0000007f03ae33c0 x18 0000007f04df2000 x19 00000000000000ac
01-01 01:03:58.905 3544 3544 F DEBUG : x20 0000000000000db2 x21 00000000000000b2 x22 0000000000000db2 x23 00000000ffffffff
01-01 01:03:58.905 3544 3544 F DEBUG : x24 0000000000000002 x25 0000000000000000 x26 0000000000000000 x27 0000000000000000
01-01 01:03:58.905 3544 3544 F DEBUG : x28 0000000000000000 x29 0000007ff48874c0
01-01 01:03:58.905 3544 3544 F DEBUG : lr 0000007f03a96544 sp 0000007ff4887420 pc 0000007f03a96574 pst 0000000000000000
01-01 01:03:58.936 3544 3544 F DEBUG : backtrace:
01-01 01:03:58.936 3544 3544 F DEBUG : #00 pc 000000000004e574 /apex/com.android.runtime/lib64/bionic/libc.so (abort+180) (BuildId: f81965d884d6ebc5e5c3fd825c17a209)
01-01 01:03:58.936 3544 3544 F DEBUG : #01 pc 0000000000006334 /system/lib64/liblog.so (__android_log_default_aborter+12) (BuildId: c92329feece7a2d7fa4d9fb6acc815f9)
01-01 01:03:58.936 3544 3544 F DEBUG : #02 pc 0000000000006ec8 /system/lib64/liblog.so (__android_log_assert+336) (BuildId: c92329feece7a2d7fa4d9fb6acc815f9)
01-01 01:03:58.937 3544 3544 F DEBUG : #03 pc 000000000010a844 /system/lib64/libsurfaceflinger.so (android::SurfaceFlinger::init()+1380) (BuildId: 717e9bb2a8f30577e4b047e005231fd7)
01-01 01:03:58.937 3544 3544 F DEBUG : #04 pc 00000000000021a8 /system/bin/surfaceflinger (main+352) (BuildId: 90f19aac502ae7e05183738dd9ef97d1)
01-01 01:03:58.937 3544 3544 F DEBUG : #05 pc 0000000000049a34 /apex/com.android.runtime/lib64/bionic/libc.so (__libc_init+108) (BuildId: f81965d884d6ebc5e5c3fd825c17a209)
01-01 01:03:58.954 3502 3502 I boot_progress_preload_start: 238954
01-01 01:03:58.972 3502 3502 D Zygote64Timing: BeginPreload took to complete: 18ms
01-01 01:03:58.975 241 241 W iorapd : Reconnect to package manager service: 39 times
01-01 01:03:59.039 0 0 D logd : logdr: UID=1000 GID=1003 PID=3544 n tail=50 logMask=8 pid=3506 start=0ns timeout=0ns
01-01 01:03:59.042 0 0 D logd : logdr: UID=1000 GID=1003 PID=3544 n tail=50 logMask=1 pid=3506 start=0ns timeout=0ns
01-01 01:03:59.050 3503 3503 D Zygote32Timing: PostZygoteInitGC took to complete: 22ms
01-01 01:03:59.050 3503 3503 D Zygote32Timing: ZygoteInit took to complete: 30ms
01-01 01:03:59.073 0 0 D logd : logdr: UID=1000 GID=1003 PID=3544 n tail=0 logMask=8 pid=3506 start=0ns timeout=0ns
01-01 01:03:59.075 0 0 D logd : logdr: UID=1000 GID=1003 PID=3544 n tail=0 logMask=1 pid=3506 start=0ns timeout=0ns
01-01 01:03:59.256 3567 3567 I wificond: wificond is starting up...
01-01 01:03:59.260 3567 3567 I HidlServiceManagement: Registered android.system.wifi.keystore@1.0::IKeystore/default (start delay of 40ms)
01-01 01:04:03.455 0 0 I init : starting service 'zygote'...
01-01 01:04:03.460 0 0 I init : Created socket '/dev/socket/zygote', mode 660, user 0, group 1000
01-01 01:04:03.468 0 0 I init : Created socket '/dev/socket/usap_pool_primary', mode 660, user 0, group 1000
01-01 01:04:03.494 0 0 W libprocessgroup: Failed to open /dev/stune/top-app/tasks: No such file or directory: No such file or directory
01-01 01:04:03.506 0 0 W libprocessgroup: Failed to apply MaxPerformance task profile: No such file or directory
01-01 01:04:03.517 0 0 I init : starting service 'zygote_secondary'...
01-01 01:04:03.523 0 0 I init : Created socket '/dev/socket/zygote_secondary', mode 660, user 0, group 1000
01-01 01:04:03.533 0 0 I init : Created socket '/dev/socket/usap_pool_secondary', mode 660, user 0, group 1000
01-01 01:04:03.545 0 0 I init : starting service 'audioserver'...
01-01 01:04:03.546 0 0 W libprocessgroup: Failed to open /dev/stune/top-app/tasks: No such file or directory: No such file or directory
01-01 01:04:03.695 3573 3573 I boot_progress_start: 243695
01-01 01:04:03.905 3577 3577 F libc : Fatal signal 6 (SIGABRT), code -1 (SI_QUEUE) in tid 3577 (surfaceflinger), pid 3577 (surfaceflinger)
01-01 01:04:03.944 3618 3618 F DEBUG : *** *** *** *** *** *** *** *** *** *** *** *** *** *** *** ***
01-01 01:04:03.945 3618 3618 F DEBUG : Build fingerprint: 'emteria/rpi4/rpi4:11/RQ1A.210105.003/eng.root.20210331.145622:userdebug/release-keys'
01-01 01:04:03.945 3618 3618 F DEBUG : Revision: '0'
01-01 01:04:03.945 3618 3618 F DEBUG : ABI: 'arm64'
01-01 01:04:03.946 3618 3618 F DEBUG : Timestamp: 1970-01-01 01:04:03+0100
01-01 01:04:03.946 3618 3618 F DEBUG : pid: 3577, tid: 3577, name: surfaceflinger >>> /system/bin/surfaceflinger <<<
01-01 01:04:03.946 3618 3618 F DEBUG : uid: 1000
01-01 01:04:03.946 3618 3618 F DEBUG : signal 6 (SIGABRT), code -1 (SI_QUEUE), fault addr --------
01-01 01:04:03.946 3618 3618 F DEBUG : Abort message: 'Missing internal display after registering composer callback.'
01-01 01:04:03.947 3618 3618 F DEBUG : x0 0000000000000000 x1 0000000000000df9 x2 0000000000000006 x3 0000007fe1394550
01-01 01:04:03.947 3618 3618 F DEBUG : x4 000000001284bda1 x5 000000001284bda1 x6 000000001284bda1 x7 00000000000000f3
01-01 01:04:03.947 3618 3618 F DEBUG : x8 00000000000000f0 x9 0000007c25a24800 x10 ffffff80ffffffdf x11 0000000000000001
01-01 01:04:03.947 3618 3618 F DEBUG : x12 0000007fe1394520 x13 000000000000003e x14 0000007fe13946f0 x15 ffffffffffffffff
01-01 01:04:03.947 3618 3618 F DEBUG : x16 0000007c25abdc80 x17 0000007c25a9f3c0 x18 0000007c27a58000 x19 00000000000000ac
01-01 01:04:03.947 3618 3618 F DEBUG : x20 0000000000000df9 x21 00000000000000b2 x22 0000000000000df9 x23 00000000ffffffff
01-01 01:04:03.947 3618 3618 F DEBUG : x24 0000000000000002 x25 0000000000000000 x26 0000000000000000 x27 0000000000000000
01-01 01:04:03.947 3618 3618 F DEBUG : x28 0000000000000000 x29 0000007fe13945d0
01-01 01:04:03.947 3618 3618 F DEBUG : lr 0000007c25a52544 sp 0000007fe1394530 pc 0000007c25a52574 pst 0000000000000000
01-01 01:04:03.978 3618 3618 F DEBUG : backtrace:
01-01 01:04:03.978 3618 3618 F DEBUG : #00 pc 000000000004e574 /apex/com.android.runtime/lib64/bionic/libc.so (abort+180) (BuildId: f81965d884d6ebc5e5c3fd825c17a209)
01-01 01:04:03.978 3618 3618 F DEBUG : #01 pc 0000000000006334 /system/lib64/liblog.so (__android_log_default_aborter+12) (BuildId: c92329feece7a2d7fa4d9fb6acc815f9)
01-01 01:04:03.978 3618 3618 F DEBUG : #02 pc 0000000000006ec8 /system/lib64/liblog.so (__android_log_assert+336) (BuildId: c92329feece7a2d7fa4d9fb6acc815f9)
01-01 01:04:03.978 3618 3618 F DEBUG : #03 pc 000000000010a844 /system/lib64/libsurfaceflinger.so (android::SurfaceFlinger::init()+1380) (BuildId: 717e9bb2a8f30577e4b047e005231fd7)
01-01 01:04:03.978 3618 3618 F DEBUG : #04 pc 00000000000021a8 /system/bin/surfaceflinger (main+352) (BuildId: 90f19aac502ae7e05183738dd9ef97d1)
01-01 01:04:03.978 3618 3618 F DEBUG : #05 pc 0000000000049a34 /apex/com.android.runtime/lib64/bionic/libc.so (__libc_init+108) (BuildId: f81965d884d6ebc5e5c3fd825c17a209)
01-01 01:04:03.992 3573 3573 I boot_progress_preload_start: 243992
01-01 01:04:04.001 241 241 E iorapd : Cannot get package manager service!
01-01 01:04:04.011 3573 3573 D Zygote64Timing: BeginPreload took to complete: 19ms
01-01 01:04:04.062 3574 3574 D Zygote32Timing: PostZygoteInitGC took to complete: 16ms
01-01 01:04:04.062 3574 3574 D Zygote32Timing: ZygoteInit took to complete: 23ms
01-01 01:04:04.080 0 0 D logd : logdr: UID=1000 GID=1003 PID=3618 n tail=50 logMask=8 pid=3577 start=0ns timeout=0ns
01-01 01:04:04.082 0 0 D logd : logdr: UID=1000 GID=1003 PID=3618 n tail=50 logMask=1 pid=3577 start=0ns timeout=0ns
01-01 01:04:04.114 0 0 D logd : logdr: UID=1000 GID=1003 PID=3618 n tail=0 logMask=8 pid=3577 start=0ns timeout=0ns
01-01 01:04:04.116 0 0 D logd : logdr: UID=1000 GID=1003 PID=3618 n tail=0 logMask=1 pid=3577 start=0ns timeout=0ns
01-01 01:04:04.296 3639 3639 I wificond: wificond is starting up...
01-01 01:04:04.300 3639 3639 I HidlServiceManagement: Registered android.system.wifi.keystore@1.0::IKeystore/default (start delay of 40ms)
01-01 01:04:05.001 241 241 W iorapd : Reconnect to package manager service: 40 times
01-01 01:04:08.484 0 0 I init : starting service 'zygote'...
01-01 01:04:08.489 0 0 I init : Created socket '/dev/socket/zygote', mode 660, user 0, group 1000
01-01 01:04:08.497 0 0 I init : Created socket '/dev/socket/usap_pool_primary', mode 660, user 0, group 1000
01-01 01:04:08.530 0 0 W libprocessgroup: Failed to open /dev/stune/top-app/tasks: No such file or directory: No such file or directory
01-01 01:04:08.542 0 0 W libprocessgroup: Failed to apply MaxPerformance task profile: No such file or directory
01-01 01:04:08.544 0 0 I init : starting service 'zygote_secondary'...
01-01 01:04:08.557 0 0 I init : Created socket '/dev/socket/zygote_secondary', mode 660, user 0, group 1000
01-01 01:04:08.566 0 0 I init : Created socket '/dev/socket/usap_pool_secondary', mode 660, user 0, group 1000
01-01 01:04:08.578 0 0 I init : starting service 'audioserver'...
01-01 01:04:08.579 0 0 W libprocessgroup: Failed to open /dev/stune/top-app/tasks: No such file or directory: No such file or directory
01-01 01:04:08.733 3646 3646 I boot_progress_start: 248733
01-01 01:04:08.926 3650 3650 F libc : Fatal signal 6 (SIGABRT), code -1 (SI_QUEUE) in tid 3650 (surfaceflinger), pid 3650 (surfaceflinger)
01-01 01:04:08.970 3689 3689 F DEBUG : *** *** *** *** *** *** *** *** *** *** *** *** *** *** *** ***
01-01 01:04:08.970 3689 3689 F DEBUG : Build fingerprint: 'emteria/rpi4/rpi4:11/RQ1A.210105.003/eng.root.20210331.145622:userdebug/release-keys'
01-01 01:04:08.970 3689 3689 F DEBUG : Revision: '0'
01-01 01:04:08.970 3689 3689 F DEBUG : ABI: 'arm64'
01-01 01:04:08.971 3689 3689 F DEBUG : Timestamp: 1970-01-01 01:04:08+0100
01-01 01:04:08.972 3689 3689 F DEBUG : pid: 3650, tid: 3650, name: surfaceflinger >>> /system/bin/surfaceflinger <<<
01-01 01:04:08.972 3689 3689 F DEBUG : uid: 1000
01-01 01:04:08.972 3689 3689 F DEBUG : signal 6 (SIGABRT), code -1 (SI_QUEUE), fault addr --------
01-01 01:04:08.972 3689 3689 F DEBUG : Abort message: 'Missing internal display after registering composer callback.'
01-01 01:04:08.972 3689 3689 F DEBUG : x0 0000000000000000 x1 0000000000000e42 x2 0000000000000006 x3 0000007ff02088b0
01-01 01:04:08.972 3689 3689 F DEBUG : x4 000000001284bda1 x5 000000001284bda1 x6 000000001284bda1 x7 00000000000000f8
