01-01 01:04:49.145 4226 4226 I audio_rpi: Parsing audio output data from system property
01-01 01:04:49.145 4226 4226 I audio_rpi: Using card 0, device 0 for primary audio output
01-01 01:04:49.145 4226 4226 D audio_rpi: mixer 0 name Headphone Playback Volume
01-01 01:04:49.145 4226 4226 D audio_rpi: set ctl 0 to 2400
01-01 01:04:49.145 4226 4226 D audio_rpi: mixer 1 name Headphone Playback Switch
01-01 01:04:49.145 4226 4226 D audio_rpi: set ctl 0 to 1
01-01 01:04:49.147 4223 4223 I AudioFlinger: loadHwModule() Loaded primary audio interface, handle 10
01-01 01:04:49.147 4223 4223 I AudioFlinger: openOutput() this 0xb400007911e4da30, module 10 Device type:0x2,@:, SamplingRate 48000, Format 0x000001, Channels 0x3, flags 0x2
01-01 01:04:49.150 4223 4223 I AudioFlinger: HAL output buffer size 1024 frames, normal sink buffer size 1024 frames
01-01 01:04:49.154 4226 4226 E EffectsConfig: Could not parse effect configuration in any of the default locations.
01-01 01:04:49.154 4226 4226 E EffectsFactoryConfigLoader: Failed to parse XML configuration file
01-01 01:04:49.154 4226 4226 W EffectsFactory: Failed to load XML effect configuration, fallback to .conf
01-01 01:04:49.155 4226 4226 W EffectsFactoryConfigLoader: checkLibraryPath() corrected library path /vendor/lib/soundfx/libbundlewrapper.so to /vendor/lib64/soundfx/libbundlewrapper.so
01-01 01:04:49.157 4226 4226 W EffectsFactoryConfigLoader: checkLibraryPath() corrected library path /vendor/lib/soundfx/libreverbwrapper.so to /vendor/lib64/soundfx/libreverbwrapper.so
01-01 01:04:49.158 4226 4226 W EffectsFactoryConfigLoader: checkLibraryPath() corrected library path /vendor/lib/soundfx/libvisualizer.so to /vendor/lib64/soundfx/libvisualizer.so
01-01 01:04:49.158 4226 4226 W EffectsFactoryConfigLoader: checkLibraryPath() corrected library path /vendor/lib/soundfx/libdownmix.so to /vendor/lib64/soundfx/libdownmix.so
01-01 01:04:49.159 4226 4226 W EffectsFactoryConfigLoader: checkLibraryPath() corrected library path /vendor/lib/soundfx/libldnhncr.so to /vendor/lib64/soundfx/libldnhncr.so
01-01 01:04:49.159 4226 4226 W EffectsFactoryConfigLoader: checkLibraryPath() corrected library path /vendor/lib/soundfx/libdynproc.so to /vendor/lib64/soundfx/libdynproc.so
01-01 01:04:49.165 4223 4223 I BufferProvider: found effect "Multichannel Downmix To Stereo" from The Android Open Source Project
01-01 01:04:49.165 4223 4223 E AudioFlinger: Failed to add event callback
01-01 01:04:49.167 4223 4263 I AudioFlinger: AudioFlinger's thread 0xb400007a94605040 tid=4263 ready to run
01-01 01:04:49.167 4223 4263 W AudioFlinger: no wake lock to update, system not ready yet
01-01 01:04:49.167 4223 4263 D AudioFlinger: ro.audio.silent is ignored since no output device is set
01-01 01:04:49.169 4223 4263 W AudioFlinger: no wake lock to update, system not ready yet
01-01 01:04:49.169 4223 4263 D AudioFlinger: ro.audio.silent is ignored since no output device is set
01-01 01:04:49.171 4226 4233 W DeviceHAL: Error from HAL Device in function set_voice_volume: Function not implemented
01-01 01:04:49.172 4223 4223 W AudioFlinger: moveEffects() bad srcOutput 0
01-01 01:04:49.173 4223 4223 W APM::AudioPolicyEngine: getDevicesForStrategy() unknown strategy: -1
01-01 01:04:49.183 4264 4264 I crash_dump64: obtaining output fd from tombstoned, type: kDebuggerdTombstone
01-01 01:04:49.186 191 191 I tombstoned: received crash request for pid 4225
01-01 01:04:49.187 4264 4264 I crash_dump64: performing dump of process 4225 (target tid = 4225)
01-01 01:04:49.192 4264 4264 F DEBUG : *** *** *** *** *** *** *** *** *** *** *** *** *** *** *** ***
01-01 01:04:49.193 4264 4264 F DEBUG : Build fingerprint: 'emteria/rpi4/rpi4:11/RQ1A.210105.003/eng.root.20210331.145622:userdebug/release-keys'
01-01 01:04:49.193 4264 4264 F DEBUG : Revision: '0'
01-01 01:04:49.193 4264 4264 F DEBUG : ABI: 'arm64'
01-01 01:04:49.194 4264 4264 F DEBUG : Timestamp: 1970-01-01 01:04:49+0100
01-01 01:04:49.194 4264 4264 F DEBUG : pid: 4225, tid: 4225, name: surfaceflinger >>> /system/bin/surfaceflinger <<<
01-01 01:04:49.194 4264 4264 F DEBUG : uid: 1000
01-01 01:04:49.194 4264 4264 F DEBUG : signal 6 (SIGABRT), code -1 (SI_QUEUE), fault addr --------
01-01 01:04:49.194 4264 4264 F DEBUG : Abort message: 'Missing internal display after registering composer callback.'
01-01 01:04:49.194 4264 4264 F DEBUG : x0 0000000000000000 x1 0000000000001081 x2 0000000000000006 x3 0000007fe235b1c0
01-01 01:04:49.195 4264 4264 F DEBUG : x4 000000001284bda1 x5 000000001284bda1 x6 000000001284bda1 x7 0000000000000121
01-01 01:04:49.195 4264 4264 F DEBUG : x8 00000000000000f0 x9 00000078c6fbf800 x10 ffffff80ffffffdf x11 0000000000000001
01-01 01:04:49.196 4264 4264 F DEBUG : x12 0000007fe235b190 x13 000000000000003e x14 0000007fe235b360 x15 ffffffffffffffff
01-01 01:04:49.197 4264 4264 F DEBUG : x16 00000078c7058c80 x17 00000078c703a3c0 x18 00000078c8dcc000 x19 00000000000000ac
01-01 01:04:49.198 4264 4264 F DEBUG : x20 0000000000001081 x21 00000000000000b2 x22 0000000000001081 x23 00000000ffffffff
01-01 01:04:49.199 4223 4223 E APM_AudioPolicyManager: onNewAudioModulesAvailableInt: Input device list is empty!
01-01 01:04:49.200 4264 4264 F DEBUG : x24 0000000000000002 x25 0000000000000000 x26 0000000000000000 x27 0000000000000000
01-01 01:04:49.200 4264 4264 F DEBUG : x28 0000000000000000 x29 0000007fe235b240
01-01 01:04:49.200 4264 4264 F DEBUG : lr 00000078c6fed544 sp 0000007fe235b1a0 pc 00000078c6fed574 pst 0000000000000000
01-01 01:04:49.203 4223 4223 I bt_a2dp_hw: adev_open: adev_open in A2dp_hw module
01-01 01:04:49.203 4223 4223 I AudioFlinger: loadHwModule() Loaded a2dp audio interface, handle 18
01-01 01:04:49.203 4223 4223 E APM_AudioPolicyManager: onNewAudioModulesAvailableInt: Input device list is empty!
01-01 01:04:49.208 4223 4223 I AudioFlinger: loadHwModule() Loaded usb audio interface, handle 26
01-01 01:04:49.208 4223 4223 E APM_AudioPolicyManager: onNewAudioModulesAvailableInt: Input device list is empty!
01-01 01:04:49.210 4221 4221 D zygote64: Time zone APEX ICU file found: /apex/com.android.tzdata/etc/icu/icu_tzdata.dat
01-01 01:04:49.210 4226 4233 I r_submix: adev_open(name=audio_hw_if)
01-01 01:04:49.210 4221 4221 D zygote64: I18n APEX ICU file found: /apex/com.android.i18n/etc/icu/icudt66l.dat
01-01 01:04:49.210 4226 4233 I r_submix: adev_init_check()
01-01 01:04:49.211 4223 4223 I AudioFlinger: loadHwModule() Loaded r_submix audio interface, handle 34
01-01 01:04:49.211 4226 4233 D r_submix: adev_open_input_stream(addr=0)
01-01 01:04:49.211 4226 4233 D r_submix: submix_audio_device_create_pipe_l(addr=0, idx=9)
01-01 01:04:49.211 4226 4233 D r_submix: now using address 0 for route 9
01-01 01:04:49.216 4223 4267 I AudioFlinger: AudioFlinger's thread 0xb400007a9456e040 tid=4267 ready to run
01-01 01:04:49.216 4226 4233 I r_submix: in_standby()
01-01 01:04:49.217 4223 4267 W AudioFlinger: no wake lock to update, system not ready yet
01-01 01:04:49.217 4226 4233 I r_submix: in_standby()
01-01 01:04:49.218 4223 4267 W AudioFlinger: no wake lock to update, system not ready yet
01-01 01:04:49.219 4226 4233 D r_submix: adev_close_input_stream()
01-01 01:04:49.219 4226 4233 D r_submix: submix_audio_device_release_pipe_l(idx=9) addr=0
01-01 01:04:49.219 4226 4233 D r_submix: submix_audio_device_destroy_pipe_l(): pipe destroyed
01-01 01:04:49.220 4223 4223 W APM::AudioPolicyEngine: getDevicesForStrategy() unknown strategy: -1
01-01 01:04:49.220 4223 4223 W APM::AudioPolicyEngine: getDevicesForStrategy() unknown strategy: -1
01-01 01:04:49.220 4223 4223 E EffectsConfig: Could not parse effect configuration in any of the default locations.
01-01 01:04:49.220 4223 4223 W AudioPolicyEffects: Failed to load XML effect configuration, fallback to .conf
01-01 01:04:49.221 4223 4223 I audioserver: Waiting for activity service
01-01 01:04:49.223 4221 4221 I zygote64: Using memfd for future sealing
01-01 01:04:49.233 4264 4264 F DEBUG : backtrace:
01-01 01:04:49.233 4264 4264 F DEBUG : #00 pc 000000000004e574 /apex/com.android.runtime/lib64/bionic/libc.so (abort+180) (BuildId: f81965d884d6ebc5e5c3fd825c17a209)
01-01 01:04:49.233 4264 4264 F DEBUG : #01 pc 0000000000006334 /system/lib64/liblog.so (__android_log_default_aborter+12) (BuildId: c92329feece7a2d7fa4d9fb6acc815f9)
01-01 01:04:49.233 4264 4264 F DEBUG : #02 pc 0000000000006ec8 /system/lib64/liblog.so (__android_log_assert+336) (BuildId: c92329feece7a2d7fa4d9fb6acc815f9)
01-01 01:04:49.233 4264 4264 F DEBUG : #03 pc 000000000010a844 /system/lib64/libsurfaceflinger.so (android::SurfaceFlinger::init()+1380) (BuildId: 717e9bb2a8f30577e4b047e005231fd7)
01-01 01:04:49.233 4264 4264 F DEBUG : #04 pc 00000000000021a8 /system/bin/surfaceflinger (main+352) (BuildId: 90f19aac502ae7e05183738dd9ef97d1)
01-01 01:04:49.233 4264 4264 F DEBUG : #05 pc 0000000000049a34 /apex/com.android.runtime/lib64/bionic/libc.so (__libc_init+108) (BuildId: f81965d884d6ebc5e5c3fd825c17a209)
01-01 01:04:49.242 241 241 I ServiceManager: Waiting for service 'package_native' on '/dev/binder'...
01-01 01:04:49.248 4222 4222 D zygote : Time zone APEX ICU file found: /apex/com.android.tzdata/etc/icu/icu_tzdata.dat
01-01 01:04:49.248 4222 4222 D zygote : I18n APEX ICU file found: /apex/com.android.i18n/etc/icu/icudt66l.dat
01-01 01:04:49.255 4221 4221 W zygote64: JNI RegisterNativeMethods: attempt to register 0 native methods for android.media.AudioAttributes
01-01 01:04:49.261 4222 4222 I zygote : Using memfd for future sealing
01-01 01:04:49.266 4221 4221 I boot_progress_preload_start: 289266
01-01 01:04:49.266 4221 4221 D Zygote : begin preload
01-01 01:04:49.266 4221 4221 I Zygote : Calling ZygoteHooks.beginPreload()
01-01 01:04:49.283 4221 4221 D Zygote64Timing: BeginPreload took to complete: 17ms
01-01 01:04:49.283 4221 4221 I Zygote : Preloading classes...
01-01 01:04:49.286 4221 4221 W Zygote : Class not found for preloading: android.app.-$$Lambda$ResourcesManager$QJ7UiVk_XS90KuXAsIjIEym1DnM
01-01 01:04:49.298 4222 4222 W zygote : JNI RegisterNativeMethods: attempt to register 0 native methods for android.media.AudioAttributes
01-01 01:04:49.321 4222 4222 I zygote : Explicit concurrent copying GC freed 372(31KB) AllocSpace objects, 0(0B) LOS objects, 95% free, 66KB/1602KB, paused 179us total 8.719ms
01-01 01:04:49.332 4222 4222 I zygote : Explicit concurrent copying GC freed 12(47KB) AllocSpace objects, 0(0B) LOS objects, 95% free, 67KB/1603KB, paused 108us total 10.764ms
01-01 01:04:49.332 4222 4222 D Zygote32Timing: PostZygoteInitGC took to complete: 20ms
01-01 01:04:49.332 4222 4222 D Zygote32Timing: ZygoteInit took to complete: 31ms
01-01 01:04:49.337 4222 4222 I Zygote : Accepting command socket connections
01-01 01:04:49.339 0 0 D logd : logdr: UID=1000 GID=1003 PID=4264 n tail=50 logMask=8 pid=4225 start=0ns timeout=0ns
01-01 01:04:49.342 0 0 D logd : logdr: UID=1000 GID=1003 PID=4264 n tail=50 logMask=1 pid=4225 start=0ns timeout=0ns
01-01 01:04:49.344 241 241 I ServiceManager: Waiting for service 'package_native' on '/dev/binder'...
01-01 01:04:49.374 0 0 D logd : logdr: UID=1000 GID=1003 PID=4264 n tail=0 logMask=8 pid=4225 start=0ns timeout=0ns
01-01 01:04:49.376 0 0 D logd : logdr: UID=1000 GID=1003 PID=4264 n tail=0 logMask=1 pid=4225 start=0ns timeout=0ns
01-01 01:04:49.377 4264 4264 E crash_dump64: unable to connect to activity manager: No such file or directory
01-01 01:04:49.380 191 191 E tombstoned: Tombstone written to: /data/tombstones/tombstone_34
01-01 01:04:49.385 210 288 D android.hardware.graphics.composer@2.1-service: destroying composer client
01-01 01:04:49.385 210 288 D android.hardware.graphics.composer@2.1-service: removed composer client
01-01 01:04:49.425 4226 4233 I r_submix: adev_close()
01-01 01:04:49.445 241 241 I ServiceManager: Waiting for service 'package_native' on '/dev/binder'...
01-01 01:04:49.545 241 241 I ServiceManager: Waiting for service 'package_native' on '/dev/binder'...
01-01 01:04:49.573 4287 4287 I wificond: wificond is starting up...
01-01 01:04:49.578 4287 4287 I HidlServiceManagement: Registered android.system.wifi.keystore@1.0::IKeystore/default (start delay of 38ms)
01-01 01:04:49.612 4285 4285 I cameraserver: ServiceManager: 0xb4000073800e7490
01-01 01:04:49.612 4285 4285 I CameraService: CameraService started (pid=4285)
01-01 01:04:49.612 4285 4285 I CameraService: CameraService process starting
01-01 01:04:49.613 4285 4285 W BatteryNotifier: batterystats service unavailable!
01-01 01:04:49.613 4285 4285 W BatteryNotifier: batterystats service unavailable!
01-01 01:04:49.615 4285 4285 I CameraProviderManager: Connecting to new camera provider: external/0, isRemote? 1
01-01 01:04:49.616 4285 4285 I CameraProviderManager: Camera provider external/0 ready with 0 camera devices
01-01 01:04:49.616 4285 4289 W CameraProviderManager: addProviderLocked: Camera provider HAL with name 'external/0' already registered
01-01 01:04:49.616 4285 4285 I cameraserver: Waiting for activity service
01-01 01:04:49.646 241 241 I ServiceManager: Waiting for service 'package_native' on '/dev/binder'...
01-01 01:04:49.647 4286 4286 I mediaserver: ServiceManager: 0xb40000747db27220
01-01 01:04:49.648 4286 4286 D mediaserver: Time zone APEX ICU file found: /apex/com.android.tzdata/etc/icu/icu_tzdata.dat
01-01 01:04:49.648 4286 4286 D mediaserver: I18n APEX ICU file found: /apex/com.android.i18n/etc/icu/icudt66l.dat
01-01 01:04:49.648 4286 4286 W BatteryNotifier: batterystats service unavailable!
01-01 01:04:49.649 4286 4286 W BatteryNotifier: batterystats service unavailable!
01-01 01:04:49.746 241 241 I ServiceManager: Waiting for service 'package_native' on '/dev/binder'...
01-01 01:04:51.951 241 241 I chatty : uid=1071(iorapd) /system/bin/iorapd identical 101 lines
01-01 01:04:52.051 241 241 I ServiceManager: Waiting for service 'package_native' on '/dev/binder'...
01-01 01:04:52.152 241 241 W ServiceManager: Service package_native didn't start. Returning NULL
01-01 01:04:52.152 241 241 E iorapd : Cannot get package manager service!
01-01 01:04:53.152 241 241 W iorapd : Reconnect to package manager service: 48 times
01-01 01:04:53.152 241 241 I ServiceManager: Waiting for service 'package_native' on '/dev/binder'...
01-01 01:04:53.741 0 0 I init : starting service 'zygote'...
01-01 01:04:53.746 0 0 I init : Created socket '/dev/socket/zygote', mode 660, user 0, group 1000
01-01 01:04:53.754 0 0 I init : Created socket '/dev/socket/usap_pool_primary', mode 660, user 0, group 1000
01-01 01:04:53.794 0 0 W libprocessgroup: Failed to open /dev/stune/top-app/tasks: No such file or directory: No such file or directory
01-01 01:04:53.805 0 0 I init : starting service 'zygote_secondary'...
01-01 01:04:53.806 0 0 W libprocessgroup: Failed to apply MaxPerformance task profile: No such file or directory
01-01 01:04:53.811 0 0 I init : Created socket '/dev/socket/zygote_secondary', mode 660, user 0, group 1000
01-01 01:04:53.829 0 0 I init : Created socket '/dev/socket/usap_pool_secondary', mode 660, user 0, group 1000
01-01 01:04:53.842 0 0 I init : starting service 'audioserver'...
01-01 01:04:53.842 0 0 W libprocessgroup: Failed to open /dev/stune/top-app/tasks: No such file or directory: No such file or directory
01-01 01:04:53.856 241 241 I ServiceManager: Waiting for service 'package_native' on '/dev/binder'...
01-01 01:04:53.892 4296 4296 I netdClient: Skipping libnetd_client init since *we* are netd
01-01 01:04:53.899 4296 4296 I netd : netd 1.0 starting
01-01 01:04:53.902 4296 4296 D TetherController: Setting IP forward enable = 0
01-01 01:04:53.925 4298 4298 E LegacySupport: Could not get passthrough implementation for android.hardware.audio@6.0::IDevicesFactory/default.
01-01 01:04:53.926 4298 4298 E LegacySupport: Could not get passthrough implementation for android.hardware.audio@5.0::IDevicesFactory/default.
01-01 01:04:53.926 4298 4298 E LegacySupport: Could not get passthrough implementation for android.hardware.audio@4.0::IDevicesFactory/default.
01-01 01:04:53.947 4298 4298 I HidlServiceManagement: Registered android.hardware.audio@2.0::IDevicesFactory/default (start delay of 87ms)
01-01 01:04:53.948 4298 4298 I HidlServiceManagement: Removing namespace from process name android.hardware.audio.service to audio.service.
01-01 01:04:53.948 4298 4298 I LegacySupport: Registration complete for android.hardware.audio@2.0::IDevicesFactory/default.
01-01 01:04:53.949 4298 4298 E LegacySupport: Could not get passthrough implementation for android.hardware.audio.effect@6.0::IEffectsFactory/default.
01-01 01:04:53.950 4298 4298 E LegacySupport: Could not get passthrough implementation for android.hardware.audio.effect@5.0::IEffectsFactory/default.
01-01 01:04:53.951 4298 4298 E LegacySupport: Could not get passthrough implementation for android.hardware.audio.effect@4.0::IEffectsFactory/default.
01-01 01:04:53.956 241 241 I ServiceManager: Waiting for [ 349.061394] init: starting service 'zygote'... service 'package[ 349.066980] init: Created socket '/dev/socket/zygote', mode 660, user 0, group 1000 _native'[ 349.075836] init: Created socket '/dev/socket/usap_pool_primary', mode 660, user 0, group 1000 on '/dev/binder'...
01-01 01:04:53.969 4298 4298 I HidlServiceManagement: Registered android.hardware.audio.effect@2.0::IEffectsFactory/default (start delay of 109ms)
01-01 01:04:53.969 4298 4298 I LegacySupport: Registration complete for android.hardware.audio.effect@2.0::IEffectsFactory[ 349.110772] libprocessgroup: Failed to open /dev/stune/top-app/tasks: No such file or directory: No such file or directory /default[ 349.122297] libprocessgroup: Failed to apply MaxPerformance task profile: No such file or directory [ 349.123211] init: starting service 'zygote_secondary'... . 01-01[ 349.138044] init: Created socket '/dev/socket/zygote_secondary', mode 660, user 0, group 1000 01:04:5[ 349.147350] init: Created socket '/dev/socket/usap_pool_secondary', mode 660, user 0, group 1000 3.970 4298 4298 E LegacySupport: Could[ 349.159840] init: starting service 'audioserver'... not get[ 349.161168] libprocessgroup: Failed to open /dev/stune/top-app/tasks: No such file or directory: No such file or directory passthrough implementation for android.hardware.soundtrigger@2.3::ISoundTriggerHw/default.
01-01 01:04:53.971 4298 4298 E LegacySupport: Could not get passthrough implementation for android.hardware.soundtrigger@2.2::ISoundTriggerHw/default.
01-01 01:04:53.972 4298 4298 E LegacySupport: Could not get passthrough implementation for android.hardware.soundtrigger@2.1::ISoundTriggerHw/default.
01-01 01:04:53.973 4298 4298 E LegacySupport: Could not get passthrough implementation for android.hardware.soundtrigger@2.0::ISoundTriggerHw/default.
01-01 01:04:53.973 4298 4298 W audiohalservice: Could not register Soundtrigger API
01-01 01:04:53.973 4298 4298 E LegacySupport: Could not get passthrough implementation for android.hardware.bluetooth.audio@2.0::IBluetoothAudioProvidersFactory/default.
01-01 01:04:53.973 4298 4298 W audiohalservice: Could not register Bluetooth Audio API
01-01 01:04:53.974 4298 4298 E LegacySupport: Could not get passthrough implementation for android.hardware.bluetooth.a2dp@1.0::IBluetoothAudioOffload/default.
01-01 01:04:53.974 4298 4298 W audiohalservice: Could not register Bluetooth Audio Offload API
01-01 01:04:53.991 4297 4297 I chatty : uid=1000(system) /system/bin/surfaceflinger expire 7 lines
01-01 01:04:53.999 4295 4295 I FastMixerState: sMaxFastTracks = 8
01-01 01:04:54.004 4295 4295 V MediaUtils: physMem: 1937104896
01-01 01:04:54.004 4295 4295 V MediaUtils: requested limit: 387420960
01-01 01:04:54.004 4295 4295 I libc : malloc_limit: Allocation limit enabled, max size 387420960 bytes
01-01 01:04:54.004 4293 4293 D AndroidRuntime: >>>>>> START com.android.internal.os.ZygoteInit uid 0 <<<<<<
01-01 01:04:54.005 4293 4293 I boot_progress_start: 294005
01-01 01:04:54.006 4295 4295 I audioserver: ServiceManager: 0xb400006eb5389130
01-01 01:04:54.011 4293 4293 I AndroidRuntime: Using default boot image
01-01 01:04:54.011 4293 4293 I AndroidRuntime: Leaving lock profiling enabled
01-01 01:04:54.013 4293 4293 I zygote64: option[0]=-Xzygote
01-01 01:04:54.014 4293 4293 I zygote64: option[1]=exit
01-01 01:04:54.014 4293 4293 I zygote64: option[2]=vfprintf
01-01 01:04:54.014 4293 4293 I zygote64: option[3]=sensitiveThread
01-01 01:04:54.014 4293 4293 I zygote64: option[4]=-verbose:gc
01-01 01:04:54.014 4293 4293 I zygote64: option[5]=-XX:PerfettoHprof=true
01-01 01:04:54.014 4293 4293 I zygote64: option[6]=-Xprimaryzygote
01-01 01:04:54.014 4293 4293 I zygote64: option[7]=-Xms8m
01-01 01:04:54.014 4293 4293 I zygote64: option[8]=-Xmx512m
01-01 01:04:54.014 4293 4293 I zygote64: option[9]=-XX:HeapGrowthLimit=192m
01-01 01:04:54.014 4293 4293 I zygote64: option[10]=-XX:HeapMinFree=512k 01-01 01:04:54.0[ 349.419735] selinux: SELinux: Could not get canonical path for /sys/devices/virtual/net/ipsec_test/queues/rx-0 restorecon: No such file or directory. 14 4293[ 349.434111] selinux: 4293 I zygote6[ 349.437805] ueventd: selinux_android_restorecon(/sys/devices/virtual/net/ipsec_test/queues/rx-0) failed: No such file or directory 4: option[11]=-XX:HeapMaxFree=8m
01-01 01:04:54.014 4293 4293 I zygote64: option[12]=-XX:HeapTargetUtilization=0.75
01-01 01:04:54.014 4293 4293 I zygote64: option[13]=-Xusejit:true
01-01 01:04:54.014 4293 4293 I zygote64: option[14]=-Xjitsaveprofilinginfo
01-01 01:04:54.014 4293 4293 I zygote64: option[15]=-XjdwpOptions:suspend=n,server=y
01-01 01:04:54.014 4293 4293 I zygote64: option[16]=-XjdwpProvider:default
01-01 01:04:54.014 4293 4293 I zygote64: option[17]=-Xopaque-jni-ids:swapable
01-01 01:04:54.014 4293 4293 I zygote64: option[18]=-Xlockprofthreshold:500
01-01 01:04:54.014 4293 4293 I zygote64: option[19]=-Xcompiler-option
01-01 01:04:54.014 4293 4293 I zygote64: option[20]=--instruction-set-variant=cortex-a72
01-01 01:04:54.014 4293 4293 I zygote64: option[21]=-Xcompiler-option
01-01 01:04:54.014 4293 4293 I zygote64: option[22]=--instruction-set-features=default
01-01 01:04:54.014 4293 4293 I zygote64: option[23]=-Xcompiler-option
01-01 01:04:54.015 4293 4293 I zygote64: option[24]=--generate-mini-debug-info
01-01 01:04:54.015 4293 4293 I zygote64: option[25]=-Ximage-compiler-option
01-01 01:04:54.015 4293 4293 I zygote64: option[26]=--runtime-arg
01-01 01:04:54.015 4293 4293 I zygote64: option[27]=-Ximage-compiler-option
01-01 01:04:54.015 4293 4293 I zygote64: option[28]=-Xms64m
01-01 01:04:54.015 4293 4293 I zygote64: option[29]=-Ximage-compiler-option
01-01 01:04:54.015 4293 4293 I zygote64: option[30]=--runtime-arg
01-01 01:04:54.015 4293 4293 I zygote64: option[31]=-Ximage-compiler-option
01-01 01:04:54.015 4293 4293 I zygote64: option[32]=-Xmx64m
01-01 01:04:54.015 4293 4293 I zygote64: option[33]=-Ximage-compiler-option
01-01 01:04:54.015 4293 4293 I zygote64: option[34]=--dirty-image-objects=/system/etc/dirty-image-objects
01-01 01:04:54.015 4293 4293 I zygote64: option[35]=-Ximage-compiler-option
01-01 01:04:54.015 4293 4293 I zygote64: option[36]=--instruction-set-variant=cortex-a72
01-01 01:04:54.015 4293 4293 I zygote64: option[37]=-Ximage-compiler-option
01-01 01:04:54.015 4293 4293 I zygote64: option[38]=--instruction-set-features=default
01-01 01:04:54.015 4293 4293 I zygote64: option[39]=-Ximage-compiler-option
01-01 01:04:54.015 4293 4293 I zygote64: option[40]=--generate-mini-debug-info
01-01 01:04:54.015 4293 4293 I zygote64: option[41]=-Duser.locale=en-US
01-01 01:04:54.015 4293 4293 I zygote64: option[42]=--cpu-abilist=arm64-v8a
01-01 01:04:54.015 4293 4293 I zygote64: option[43]=-Xcore-platform-api-policy:just-warn
01-01 01:04:54.015 4293 4293 I zygote64: option[44]=-Xfingerprint:emteria/rpi4/rpi4:11/RQ1A.210105.003/eng.root.20210331.145622:userdebug/release-keys
01-01 01:04:54.018 4296 4296 I netd : Creating child chains: 104860us
01-01 01:04:54.018 4296 4296 I netd : Setting up OEM hooks: 234us
01-01 01:04:54.019 4296 4296 I netd : Setting up FirewallController hooks: 94us
01-01 01:04:54.019 4293 4293 I zygote64: Core platform API reporting enabled, enforcing=false
01-01 01:04:54.024 4296 4296 I netd : Setting up TetherController hooks: 5023us
01-01 01:04:54.028 4295 4295 W BatteryNotifier: batterystats service unavailable!
01-01 01:04:54.034 4297 4297 D libEGL : loaded /vendor/lib64/egl/libGLES_mesa.so
01-01 01:04:54.045 4296 4296 I netd : Setting up BandwidthController hooks: 21482us
01-01 01:04:54.045 4296 4296 I netd : Setting up IdletimerController hooks: 204us
01-01 01:04:54.049 4295 4295 I AudioFlinger: Using default 3000 mSec as standby time.
01-01 01:04:54.049 244 244 W AudioAnalytics: (key=audio.flinger) Audioflinger constructor event detected
01-01 01:04:54.051 4295 4295 E APM::Serializer: deserialize: Could not parse /odm/etc/audio_policy_configuration.xml document.
01-01 01:04:54.056 4294 4294 D AndroidRuntime: >>>>>> START com.android.internal.os.ZygoteInit uid 0 <<<<<<
01-01 01:04:54.062 4294 4294 I AndroidRuntime: Using default boot image
01-01 01:04:54.062 4294 4294 I AndroidRuntime: Leaving lock profiling enabled
01-01 01:04:54.064 241 241 I ServiceManager: Waiting for service 'package_native' on '/dev/binder'...
01-01 01:04:54.065 4294 4294 I zygote : option[0]=-Xzygote
01-01 01:04:54.065 4294 4294 I zygote : option[1]=exit
01-01 01:04:54.065 4294 4294 I zygote : option[2]=vfprintf
01-01 01:04:54.065 4294 4294 I zygote : option[3]=sensitiveThread
01-01 01:04:54.065 4294 4294 I zygote : option[4]=-verbose:gc
01-01 01:04:54.065 4294 4294 I zygote : option[5]=-XX:PerfettoHprof=true
01-01 01:04:54.066 4294 4294 I zygote : option[6]=-Xms8m
01-01 01:04:54.066 4294 4294 I zygote : option[7]=-Xmx512m
01-01 01:04:54.066 4294 4294 I zygote : option[8]=-XX:HeapGrowthLimit=192m
01-01 01:04:54.066 4294 4294 I zygote : option[9]=-XX:HeapMinFree=512k
01-01 01:04:54.066 4294 4294 I zygote : option[10]=-XX:HeapMaxFree=8m
01-01 01:04:54.066 4294 4294 I zygote : option[11]=-XX:HeapTargetUtilization=0.75
01-01 01:04:54.066 4294 4294 I zygote : option[12]=-Xusejit:true
01-01 01:04:54.066 4294 4294 I zygote : option[13]=-Xjitsaveprofilinginfo
01-01 01:04:54.066 4294 4294 I zygote : option[14]=-XjdwpOptions:suspend=n,server=y
01-01 01:04:54.066 4294 4294 I zygote : option[15]=-XjdwpProvider:default
01-01 01:04:54.066 4294 4294 I zygote : option[16]=-Xopaque-jni-ids:swapable
01-01 01:04:54.066 4294 4294 I zygote : option[17]=-Xlockprofthreshold:500
01-01 01:04:54.066 4294 4294 I zygote : option[18]=-Xcompiler-option
01-01 01:04:54.066 4294 4294 I zygote : option[19]=--instruction-set-variant=cortex-a72
01-01 01:04:54.066 4294 4294 I zygote : option[20]=-Xcompiler-option
01-01 01:04:54.066 4294 4294 I zygote : option[21]=--instruction-set-features=default
01-01 01:04:54.066 4294 4294 I zygote : option[22]=-Xcompiler-option
01-01 01:04:54.066 4294 4294 I zygote : option[23]=--generate-mini-debug-info
01-01 01:04:54.066 4294 4294 I zygote : option[24]=-Ximage-compiler-option
01-01 01:04:54.066 4294 4294 I zygote : option[25]=--runtime-arg
01-01 01:04:54.066 4294 4294 I zygote : option[26]=-Ximage-compiler-option
01-01 01:04:54.066 4294 4294 I zygote : option[27]=-Xms64m
01-01 01:04:54.066 4294 4294 I zygote : option[28]=-Ximage-compiler-option
01-01 01:04:54.066 4294 4294 I zygote : option[29]=--runtime-arg
01-01 01:04:54.067 4294 4294 I zygote : option[30]=-Ximage-compiler-option
01-01 01:04:54.067 4294 4294 I zygote : option[31]=-Xmx64m
01-01 01:04:54.067 4294 4294 I zygote : option[32]=-Ximage-compiler-option
01-01 01:04:54.067 4294 4294 I zygote : option[33]=--dirty-image-objects=/system/etc/dirty-image-objects
01-01 01:04:54.067 4294 4294 I zygote : option[34]=-Ximage-compiler-option
01-01 01:04:54.067 4294 4294 I zygote : option[35]=--instruction-set-variant=cortex-a72
01-01 01:04:54.067 4294 4294 I zygote : option[36]=-Ximage-compiler-option
01-01 01:04:54.067 4294 4294 I zygote : option[37]=--instruction-set-features=default
01-01 01:04:54.067 4294 4294 I zygote : option[38]=-Ximage-compiler-option
01-01 01:04:54.067 4294 4294 I zygote : option[39]=--generate-mini-debug-info
01-01 01:04:54.067 4294 4294 I zygote : option[40]=-Duser.locale=en-US
01-01 01:04:54.067 4294 4294 I zygote : option[41]=--cpu-abilist=armeabi-v7a,armeabi
01-01 01:04:54.067 4294 4294 I zygote : option[42]=-Xcore-platform-api-policy:just-warn
01-01 01:04:54.067 4294 4294 I zygote : option[43]=-Xfingerprint:emteria/rpi4/rpi4:11/RQ1A.210105.003/eng.root.20210331.145622:userdebug/release-keys
01-01 01:04:54.072 4294 4294 W zygote : Could not reserve sentinel fault page
01-01 01:04:54.072 4294 4294 I zygote : Core platform API reporting enabled, enforcing=false
01-01 01:04:54.077 4295 4295 D APM_EngineLoader: Loaded engine from libaudiopolicyenginedefault.so
01-01 01:04:54.077 4295 4295 E APM::AudioPolicyEngine/Config: parse: Could not parse document /vendor/etc/audio_policy_engine_configuration.xml
01-01 01:04:54.077 4295 4295 E libxml2 : I/O warning : failed to load external entity "/vendor/etc/audio_policy_engine_configuration.xml"
01-01 01:04:54.077 4295 4295 W APM::AudioPolicyEngine/Base: loadAudioPolicyEngineConfig: No configuration found, using default matching phone experience.
01-01 01:04:54.077 4295 4295 E APM::AudioPolicyEngine/Config: parseLegacyVolumeFile: Could not parse document /odm/etc/audio_policy_configuration.xml
01-01 01:04:54.078 4295 4295 E libxml2 : I/O warning : failed to load external entity "/odm/etc/audio_policy_configuration.xml"
01-01 01:04:54.094 4295 4295 W APM::AudioPolicyEngine/Base: loadAudioPolicyEngineConfig: No configuration of AUDIO_STREAM_CALL_ASSISTANT found, using default volume configuration
01-01 01:04:54.097 4298 4298 I audio_rpi: Parsing audio output data from system property
01-01 01:04:54.097 4298 4298 I audio_rpi: Using card 0, device 0 for primary audio output
01-01 01:04:54.097 4298 4298 D audio_rpi: mixer 0 name Headphone Playback Volume
01-01 01:04:54.097 4298 4298 D audio_rpi: set ctl 0 to 2400
01-01 01:04:54.097 4298 4298 D audio_rpi: mixer 1 name Headphone Playback Switch
01-01 01:04:54.097 4298 4298 D audio_rpi: set ctl 0 to 1
01-01 01:04:54.098 4295 4295 I AudioFlinger: loadHwModule() Loaded primary audio interface, handle 10
01-01 01:04:54.098 4295 4295 I AudioFlinger: openOutput() this 0xb400006fa538d9d0, module 10 Device type:0x2,@:, SamplingRate 48000, Format 0x000001, Channels 0x3, flags 0x2
01-01 01:04:54.100 4295 4295 I AudioFlinger: HAL output buffer size 1024 frames, normal sink buffer size 1024 frames
01-01 01:04:54.104 4298 4298 E EffectsConfig: Could not parse effect configuration in any of the default locations.
01-01 01:04:54.104 4298 4298 E EffectsFactoryConfigLoader: Failed to parse XML configuration file
01-01 01:04:54.104 4298 4298 W EffectsFactory: Failed to load XML effect configuration, fallback to .conf
01-01 01:04:54.104 4298 4298 W EffectsFactoryConfigLoader: checkLibraryPath() corrected library path /vendor/lib/soundfx/libbundlewrapper.so to /vendor/lib64/soundfx/libbundlewrapper.so
01-01 01:04:54.106 4298 4298 W EffectsFactoryConfigLoader: checkLibraryPath() corrected library path /vendor/lib/soundfx/libreverbwrapper.so to /vendor/lib64/soundfx/libreverbwrapper.so
01-01 01:04:54.106 4298 4298 W EffectsFactoryConfigLoader: checkLibraryPath() corrected library path /vendor/lib/soundfx/libvisualizer.so to /vendor/lib64/soundfx/libvisualizer.so
01-01 01:04:54.107 4298 4298 W EffectsFactoryConfigLoader: checkLibraryPath() corrected library path /vendor/lib/soundfx/libdownmix.so to /vendor/lib64/soundfx/libdownmix.so
01-01 01:04:54.112 4298 4298 W EffectsFactoryConfigLoader: checkLibraryPath() corrected library path /vendor/lib/soundfx/libldnhncr.so to /vendor/lib64/soundfx/libldnhncr.so
01-01 01:04:54.114 4298 4298 W EffectsFactoryConfigLoader: checkLibraryPath() corrected library path /vendor/lib/soundfx/libdynproc.so to /vendor/lib64/soundfx/libdynproc.so
01-01 01:04:54.120 4295 4295 I BufferProvider: found effect "Multichannel Downmix To Stereo" from The Android Open Source Project
01-01 01:04:54.122 4295 4295 E AudioFlinger: Failed to add event callback
01-01 01:04:54.128 4295 4317 I AudioFlinger: AudioFlinger's thread 0xb400007127bc2040 tid=4317 ready to run
01-01 01:04:54.129 4295 4317 W AudioFlinger: no wake lock to update, system not ready yet
01-01 01:04:54.129 4295 4317 D AudioFlinger: ro.audio.silent is ignored since no output device is set
01-01 01:04:54.131 4295 4317 W AudioFlinger: no wake lock to update, system not ready yet
01-01 01:04:54.131 4295 4317 D AudioFlinger: ro.audio.silent is ignored since no output device is set
01-01 01:04:54.133 4297 4297 I RenderEngine: OpenGL ES informations:
01-01 01:04:54.133 4297 4297 I RenderEngine: vendor : Broadcom
01-01 01:04:54.133 4297 4297 I RenderEngine: renderer : V3D 4.2
01-01 01:04:54.133 4297 4297 I RenderEngine: version : OpenGL ES 3.1 Mesa 20.2.2 (git-87475f9d5e)
01-01 01:04:54.133 4297 4297 I RenderEngine: extensions: GL_EXT_debug_marker GL_EXT_blend_minmax GL_EXT_multi_draw_arrays GL_EXT_texture_compression_s3tc GL_EXT_texture_compression_dxt1 GL_EXT_texture_format_BGRA8888 GL_OES_compressed_ETC1_RGB8_texture GL_OES_depth24 GL_OES_element_index_uint GL_OES_fbo_render_mipmap GL_OES_mapbuffer GL_OES_rgb8_rgba8 GL_OES_standard_derivatives GL_OES_stencil8 GL_OES_texture_3D GL_OES_texture_float GL_OES_texture_half_float GL_OES_texture_half_float_linear GL_OES_texture_npot GL_OES_vertex_half_float GL_EXT_draw_instanced GL_EXT_texture_sRGB_decode GL_OES_EGL_image GL_OES_depth_texture GL_OES_packed_depth_stencil GL_EXT_texture_type_2_10_10_10_REV GL_OES_get_program_binary GL_APPLE_texture_max_level GL_EXT_discard_framebuffer GL_EXT_read_format_bgra GL_EXT_frag_depth GL_NV_fbo_color_attachments GL_OES_EGL_image_external GL_OES_EGL_sync GL_OES_vertex_array_object GL_ANGLE_texture_compression_dxt3 GL_ANGLE_texture_compression_dxt5 GL_EXT_occlusion_query_boolean GL_EXT_texture_rg GL_EXT_unpack_subimage GL_NV_draw_buffers
01-01 01:04:54.133 4297 4297 I RenderEngine: GL_MAX_TEXTURE_SIZE = 4096
01-01 01:04:54.133 4297 4297 I RenderEngine: GL_MAX_VIEWPORT_DIMS = 4096
01-01 01:04:54.138 210 288 I ComposerResources: failed to get mapper 4.0 service, falling back to mapper 3.0
01-01 01:04:54.140 210 288 I ComposerResources: failed to get mapper 3.0 service, falling back to mapper 2.0
01-01 01:04:54.140 4296 4296 I netd : Setting up StrictController hooks: 94858us
01-01 01:04:54.141 4296 4296 E ClatdController: Cannot determine initial API level of the device.
01-01 01:04:54.141 4296 4296 I ClatdController: 4.9+ kernel and device shipped with Q+ - clat ebpf should work.
01-01 01:04:54.141 4296 4296 I netd : Initializing ClatdController: 655us
01-01 01:04:54.144 4296 4296 I netd : Initializing traffic control: 3052us
01-01 01:04:54.150 4297 4297 E HWComposer: loadLayerMetadataSupport: getLayerGenericMetadataKeys failed: UNSUPPORTED (8)
01-01 01:04:54.152 4297 4297 F SurfaceFlinger: Missing internal display after registering composer callback.
01-01 01:04:54.152 4297 4297 F libc : Fatal signal 6 (SIGABRT), code -1 (SI_QUEUE) in tid 4297 (surfaceflinger), pid 4297 (surfaceflinger)
01-01 01:04:54.153 4298 4305 W DeviceHAL: Error from HAL Device in function set_voice_volume: Function not implemented
01-01 01:04:54.155 4295 4295 W AudioFlinger: moveEffects() bad srcOutput 0
01-01 01:04:54.155 4295 4295 W APM::AudioPolicyEngine: getDevicesForStrategy() unknown strategy: -1
01-01 01:04:54.162 4296 4296 I netd : Enabling bandwidth control: 17539us
01-01 01:04:54.164 4296 4296 E Netd : Error adding route 0.0.0.0/0 -> (null) dummy0 to table 1002: File exists
01-01 01:04:54.165 241 241 I ServiceManager: Waiting for service 'package_native' on '/dev/binder'...
01-01 01:04:54.165 4296 4296 I netd : Initializing RouteController: 3313us
01-01 01:04:54.165 4296 4296 D XfrmController: XfrmController::ipSecAddXfrmInterface, line=1377
01-01 01:04:54.169 4296 4296 D XfrmController: XfrmController::ipSecRemoveTunnelInterface, line=1590
01-01 01:04:54.169 4296 4296 D XfrmController: deviceName=ipsec_test
01-01 01:04:54.191 4295 4295 E APM_AudioPolicyManager: onNewAudioModulesAvailableInt: Input device list is empty!
01-01 01:04:54.198 4295 4295 I bt_a2dp_hw: adev_open: adev_open in A2dp_hw module
01-01 01:04:54.198 4295 4295 I AudioFlinger: loadHwModule() Loaded a2dp audio interface, handle 18
01-01 01:04:54.198 4295 4295 E APM_AudioPolicyManager: onNewAudioModulesAvailableInt: Input device list is empty!
01-01 01:04:54.201 4295 4295 I AudioFlinger: loadHwModule() Loaded usb audio interface, handle 26
01-01 01:04:54.201 4295 4295 E APM_AudioPolicyManager: onNewAudioModulesAvailableInt: Input device list is empty!
01-01 01:04:54.201 4296 4296 D XfrmController: Sending Netlink XFRM Message: XFRM_MSG_FLUSHSA
01-01 01:04:54.201 4296 4296 D XfrmController: Sending Netlink XFRM Message: XFRM_MSG_FLUSHPOLICY
01-01 01:04:54.202 4296 4296 I netd : Initializing XfrmController: 36598us
01-01 01:04:54.203 4298 4305 I r_submix: adev_open(name=audio_hw_if)
01-01 01:04:54.204 4298 4305 I r_submix: adev_init_check()
01-01 01:04:54.204 4296 4296 I libnetd_resolv: resolv_init: Initializing resolver
01-01 01:04:54.204 4295 4295 I AudioFlinger: loadHwModule() Loaded r_submix audio interface, handle 34
01-01 01:04:54.204 4298 4305 D r_submix: adev_open_input_stream(addr=0)
01-01 01:04:54.204 4298 4305 D r_submix: submix_audio_device_create_pipe_l(addr=0, idx=9)
01-01 01:04:54.204 4298 4305 D r_submix: now using address 0 for route 9
01-01 01:04:54.213 4324 4324 I crash_dump64: obtaining output fd from tombstoned, type: kDebuggerdTombstone
01-01 01:04:54.214 4295 4337 I AudioFlinger: AudioFlinger's thread 0xb400007127b54040 tid=4337 ready to run
01-01 01:04:54.214 191 191 I tombstoned: received crash request for pid 4297
01-01 01:04:54.214 4298 4305 I r_submix: in_standby()
01-01 01:04:54.215 4295 4337 W AudioFlinger: no wake lock to update, system not ready yet
01-01 01:04:54.215 4298 4305 I r_submix: in_standby()
01-01 01:04:54.216 4298 4305 D r_submix: adev_close_input_stream()
01-01 01:04:54.216 4298 4305 D r_submix: submix_audio_device_release_pipe_l(idx=9) addr=0
01-01 01:04:54.216 4298 4305 D r_submix: submix_audio_device_destroy_pipe_l(): pipe destroyed
01-01 01:04:54.217 4324 4324 I crash_dump64: performing dump of process 4297 (target tid = 4297)
01-01 01:04:54.220 4295 4295 W APM::AudioPolicyEngine: getDevicesForStrategy() unknown strategy: -1
01-01 01:04:54.220 4295 4295 W APM::AudioPolicyEngine: getDevicesForStrategy() unknown strategy: -1
01-01 01:04:54.220 4295 4295 E EffectsConfig: Could not parse effect configuration in any of the default locations.
01-01 01:04:54.220 4295 4295 W AudioPolicyEffects: Failed to load XML effect configuration, fallback to .conf
01-01 01:04:54.221 4295 4295 I audioserver: Waiting for activity service
01-01 01:04:54.222 4324 4324 F DEBUG : *** *** *** *** *** *** *** *** *** *** *** *** *** *** *** ***
01-01 01:04:54.222 4324 4324 F DEBUG : Build fingerprint: 'emteria/rpi4/rpi4:11/RQ1A.210105.003/eng.root.20210331.145622:userdebug/release-keys'
01-01 01:04:54.222 4324 4324 F DEBUG : Revision: '0'
01-01 01:04:54.223 4324 4324 F DEBUG : ABI: 'arm64'
01-01 01:04:54.224 4324 4324 F DEBUG : Timestamp: 1970-01-01 01:04:54+0100
01-01 01:04:54.224 4324 4324 F DEBUG : pid: 4297, tid: 4297, name: surfaceflinger >>> /system/bin/surfaceflinger <<<
01-01 01:04:54.224 4324 4324 F DEBUG : uid: 1000
01-01 01:04:54.224 4324 4324 F DEBUG : signal 6 (SIGABRT), code -1 (SI_QUEUE), fault addr --------
01-01 01:04:54.224 4324 4324 F DEBUG : Abort message: 'Missing internal display after registering composer callback.'
01-01 01:04:54.224 4324 4324 F DEBUG : x0 0000000000000000 x1 00000000000010c9 x2 0000000000000006 x3 0000007fd94f4cc0
01-01 01:04:54.224 4324 4324 F DEBUG : x4 000000001284bda1 x5 000000001284bda1 x6 000000001284bda1 x7 0000000000000126
01-01 01:04:54.224 4324 4324 F DEBUG : x8 00000000000000f0 x9 0000007871ab5800 x10 ffffff80ffffffdf x11 0000000000000001
01-01 01:04:54.224 4324 4324 F DEBUG : x12 0000007fd94f4c90 x13 000000000000003e x14 0000007fd94f4e60 x15 ffffffffffffffff
01-01 01:04:54.225 4324 4324 F DEBUG : x16 0000007871b4ec80 x17 0000007871b303c0 x18 0000007873a18000 x19 00000000000000ac
01-01 01:04:54.225 4324 4324 F DEBUG : x20 00000000000010c9 x21 00000000000000b2 x22 00000000000010c9 x23 00000000ffffffff
01-01 01:04:54.225 4324 4324 F DEBUG : x24 0000000000000002 x25 0000000000000000 x26 0000000000000000 x27 0000000000000000
01-01 01:04:54.225 4324 4324 F DEBUG : x28 0000000000000000 x29 0000007fd94f4d40
01-01 01:04:54.225 4324 4324 F DEBUG : lr 0000007871ae3544 sp 0000007fd94f4ca0 pc 0000007871ae3574 pst 0000000000000000
01-01 01:04:54.249 4293 4293 D zygote64: Time zone APEX ICU file found: /apex/com.android.tzdata/etc/icu/icu_tzdata.dat
01-01 01:04:54.249 4293 4293 D zygote64: I18n APEX ICU file found: /apex/com.android.i18n/etc/icu/icudt66l.dat
01-01 01:04:54.255 4324 4324 F DEBUG : backtrace:
01-01 01:04:54.255 4324 4324 F DEBUG : #00 pc 000000000004e574 /apex/com.android.runtime/lib64/bionic/libc.so (abort+180) (BuildId: f81965d884d6ebc5e5c3fd825c17a209)
01-01 01:04:54.255 4324 4324 F DEBUG : #01 pc 0000000000006334 /system/lib64/liblog.so (__android_log_default_aborter+12) (BuildId: c92329feece7a2d7fa4d9fb6acc815f9)
01-01 01:04:54.255 4324 4324 F DEBUG : #02 pc 0000000000006ec8 /system/lib64/liblog.so (__android_log_assert+336) (BuildId: c92329feece7a2d7fa4d9fb6acc815f9)
01-01 01:04:54.256 4324 4324 F DEBUG : #03 pc 000000000010a844 /system/lib64/libsurfaceflinger.so (android::SurfaceFlinger::init()+1380) (BuildId: 717e9bb2a8f30577e4b047e005231fd7)
01-01 01:04:54.256 4324 4324 F DEBUG : #04 pc 00000000000021a8 /system/bin/surfaceflinger (main+352) (BuildId: 90f19aac502ae7e05183738dd9ef97d1)
01-01 01:04:54.256 4324 4324 F DEBUG : #05 pc 0000000000049a34 /apex/com.android.runtime/lib64/bionic/libc.so (__libc_init+108) (BuildId: f81965d884d6ebc5e5c3fd825c17a209)
01-01 01:04:54.262 4293 4293 I zygote64: Using memfd for future sealing
01-01 01:04:54.265 241 241 I ServiceManager: Waiting for service 'package_native' on '/dev/binder'...
01-01 01:04:54.286 4294 4294 D zygote : Time zone APEX ICU file found: /apex/com.android.tzdata/etc/icu/icu_tzdata.dat
01-01 01:04:54.286 4294 4294 D zygote : I18n APEX ICU file found: /apex/com.android.i18n/etc/icu/icudt66l.dat
01-01 01:04:54.292 4293 4293 W zygote64: JNI RegisterNativeMethods: attempt to register 0 native methods for android.media.AudioAttributes
01-01 01:04:54.299 4294 4294 I zygote : Using memfd for future sealing
01-01 01:04:54.304 4293 4293 I boot_progress_preload_start: 294304
01-01 01:04:54.304 4293 4293 D Zygote : begin preload
01-01 01:04:54.304 4293 4293 I Zygote : Calling ZygoteHooks.beginPreload()
01-01 01:04:54.322 4293 4293 D Zygote64Timing: BeginPreload took to complete: 17ms
01-01 01:04:54.322 4293 4293 I Zygote : Preloading classes...
01-01 01:04:54.324 4293 4293 W Zygote : Class not found for preloading: android.app.-$$Lambda$ResourcesManager$QJ7UiVk_XS90KuXAsIjIEym1DnM
01-01 01:04:54.333 4294 4294 W zygote : JNI RegisterNativeMethods: attempt to register 0 native methods for android.media.AudioAttributes
01-01 01:04:54.352 4294 4294 I zygote : Explicit concurrent copying GC freed 640(60KB) AllocSpace objects, 0(0B) LOS objects, 93% free, 98KB/1634KB, paused 136us total 8.725ms
01-01 01:04:54.363 4294 4294 I zygote : Explicit concurrent copying GC freed 24(47KB) AllocSpace objects, 0(0B) LOS objects, 93% free, 99KB/1635KB, paused 104us total 10.243ms
01-01 01:04:54.363 4294 4294 D Zygote32Timing: PostZygoteInitGC took to complete: 20ms
01-01 01:04:54.363 4294 4294 D Zygote32Timing: ZygoteInit took to complete: 27ms
01-01 01:04:54.367 4294 4294 I Zygote : Accepting command socket connections
01-01 01:04:54.368 241 241 I ServiceManager: Waiting for service 'package_native' on '/dev/binder'...
01-01 01:04:54.370 0 0 D logd : logdr: UID=1000 GID=1003 PID=4324 n tail=50 logMask=8 pid=4297 start=0ns timeout=0ns
01-01 01:04:54.375 0 0 D logd : logdr: UID=1000 GID=1003 PID=4324 n tail=50 logMask=1 pid=4297 start=0ns timeout=0ns
01-01 01:04:54.406 0 0 D logd : logdr: UID=1000 GID=1003 PID=4324 n tail=0 logMask=8 pid=4297 start=0ns timeout=0ns
01-01 01:04:54.408 0 0 D logd : logdr: UID=1000 GID=1003 PID=4324 n tail=0 logMask=1 pid=4297 start=0ns timeout=0ns
01-01 01:04:54.409 4324 4324 E crash_dump64: unable to connect to activity manager: No such file or directory
01-01 01:04:54.410 191 191 E tombstoned: Tombstone written to: /data/tombstones/tombstone_35
01-01 01:04:54.419 210 288 D android.hardware.graphics.composer@2.1-service: destroying composer client
01-01 01:04:54.419 210 288 D android.hardware.graphics.composer@2.1-service: removed composer client
01-01 01:04:54.458 4298 4305 I r_submix: adev_close()
01-01 01:04:54.468 241 241 I ServiceManager: Waiting for service 'package_native' on '/dev/binder'...
01-01 01:04:54.569 241 241 I ServiceManager: Waiting for service 'package_native' on '/dev/binder'...
01-01 01:04:54.585 4359 4359 I wificond: wificond is starting up...
01-01 01:04:54.589 4359 4359 I HidlServiceManagement: Registered android.system.wifi.keystore@1.0::IKeystore/default (start delay of 39ms)
01-01 01:04:54.644 4357 4357 I cameraserver: ServiceManager: 0xb40000729beec310
01-01 01:04:54.645 4357 4357 I CameraService: CameraService started (pid=4357)
01-01 01:04:54.645 4357 4357 I CameraService: CameraService process starting
01-01 01:04:54.645 4357 4357 W BatteryNotifier: batterystats service unavailable!
01-01 01:04:54.645 4357 4357 W BatteryNotifier: batterystats service unavailable!
01-01 01:04:54.647 4357 4357 I CameraProviderManager: Connecting to new camera provider: external/0, isRemote? 1
01-01 01:04:54.648 4357 4357 I CameraProviderManager: Camera provider external/0 ready with 0 camera devices
01-01 01:04:54.648 4357 4361 W CameraProviderManager: addProviderLocked: Camera provider HAL with name 'external/0' already registered
01-01 01:04:54.649 4357 4357 I cameraserver: Waiting for activity service
01-01 01:04:54.662 4358 4358 I mediaserver: ServiceManager: 0xb400006efb28f970
01-01 01:04:54.662 4358 4358 D mediaserver: Time zone APEX ICU file found: /apex/com.android.tzdata/etc/icu/icu_tzdata.dat
01-01 01:04:54.662 4358 4358 D mediaserver: I18n APEX ICU file found: /apex/com.android.i18n/etc/icu/icudt66l.dat
01-01 01:04:54.663 4358 4358 W BatteryNotifier: batterystats service unavailable!
01-01 01:04:54.663 4358 4358 W BatteryNotifier: batterystats service unavailable!
01-01 01:04:54.669 241 241 I ServiceManager: Waiting for service 'package_native' on '/dev/binder'...
01-01 01:04:58.077 241 241 I ServiceManager: Waiting for service 'package_native' on '/dev/binder'...
01-01 01:04:58.178 241 241 W ServiceManager: Service package_native didn't start. Returning NULL
01-01 01:04:58.178 241 241 E iorapd : Cannot get package manager service!
01-01 01:04:58.770 0 0 I init : starting service 'zygote'...
01-01 01:04:58.775 0 0 I init : Created socket '/dev/socket/zygote', mode 660, user 0, group 1000
01-01 01:04:58.783 0 0 I init : Created socket '/dev/socket/usap_pool_primary', mode 660, user 0, group 1000
01-01 01:04:58.814 0 0 W libprocessgroup: Failed to open /dev/stune/top-app/tasks: No such file or directory: No such file or directory
01-01 01:04:58.826 0 0 W libprocessgroup: Failed to apply MaxPerformance task profile: No such file or directory
01-01 01:04:58.841 0 0 I init : starting service 'zygote_secondary'...
01-01 01:04:58.847 0 0 I init : Created socket '/dev/socket/zygote_secondary', mode 660, user 0, group 1000
01-01 01:04:58.856 0 0 I init : Created socket '/dev/socket/usap_pool_secondary', mode 660, user 0, group 1000
01-01 01:04:58.868 0 0 I init : starting service 'audioserver'...
01-01 01:04:58.869 0 0 W libprocessgroup: Failed to open /dev/stune/top-app/tasks: No such file or directory: No such file or directory
01-01 01:04:58.920 4369 4369 I netdClient: Skipping libnetd_client init since *we* are netd
01-01 01:04:58.926 4369 4369 I netd : netd 1.0 starting
01-01 01:04:58.930 4369 4369 D TetherController: Setting IP forward enable = 0
01-01 01:04:58.977 150 150 I chatty : uid=1000(system) hwservicemanage expire 37 lines
01-01 01:04:58.978 4371 4371 E LegacySupport: Could not get passthrough implementation for android.hardware.audio@6.0::IDevicesFactory/default.
01-01 01:04:58.979 4371 4371 E LegacySupport: Could not get passthrough implementation for android.hardware.audio@5.0::IDevicesFactory/default.
01-01 01:04:58.979 4371 4371 E LegacySupport: Could not get passthrough implementation for android.hardware.audio@4.0::IDevicesFactory/default.
01-01 01:04:58.998 4369 4369 I netd : Creating child chains: 52718us
01-01 01:04:58.998 4369 4369 I netd : Setting up OEM hooks: 233us
01-01 01:04:58.998 4369 4369 I netd : Setting up FirewallController hooks: 106us
01-01 01:04:59.007 4369 4369 I netd : Setting up TetherController hooks: 8669us
01-01 01:04:59.010 4371 4371 I HidlServiceManagement: Registered android.hardware.audio@2.0::IDevicesFactory/default (start delay of 120ms)
01-01 01:04:59.011 4371 4371 I HidlServiceManagement: Removing namespace from process name android.hardware.audio.service to audio.service.
01-01 01:04:59.011 4371 4371 I LegacySupport: Registration complete for android.hardware.audio@2.0::IDevicesFactory/default.
01-01 01:04:59.016 4371 4371 E LegacySupport: Could not get passthrough implementation for android.hardware.audio.effect@6.0::IEffectsFactory/default.
01-01 01:04:59.016 4366 4366 D AndroidRuntime: >>>>>> START com.android.internal.os.ZygoteInit uid 0 <<<<<<
01-01 01:04:59.016 4366 4366 I boot_progress_start: 299016
01-01 01:04:59.017 4371 4371 E LegacySupport: Could not get passthrough implementation for android.hardware.audio.effect@5.0::IEffectsFactory/default.
