--------- beginning of kernel
01-01 01:00:00.000 0 0 I : Booting Linux on physical CPU 0x0000000000 [0x410fd083]
01-01 01:00:00.000 0 0 I : Linux version 5.4.64-v8+ (jan@jan-VirtualBox) (gcc version 9.3.0 (Ubuntu 9.3.0-17ubuntu1~20.04), GNU ld (GNU Binutils for Ubuntu) 2.34) #1 SMP PREEMPT Mon Feb 22 09:25:39 CET 2021
01-01 01:00:00.000 0 0 I Machine model: Raspberry Pi 4 Model B Rev 1.4
01-01 01:00:00.000 0 0 I efi : Getting EFI parameters from FDT:
01-01 01:00:00.000 0 0 I efi : UEFI not found.
01-01 01:00:00.000 0 0 I Reserved memory: created CMA memory pool at 0x000000001ec00000, size 256 MiB
01-01 01:00:00.000 0 0 I OF : reserved mem: initialized node linux,cma, compatible id shared-dma-pool
01-01 01:00:00.000 0 0 D : On node 0 totalpages: 504832
01-01 01:00:00.000 0 0 D DMA zone: 3792 pages used for memmap
01-01 01:00:00.000 0 0 D DMA zone: 0 pages reserved
01-01 01:00:00.000 0 0 D DMA zone: 242688 pages, LIFO batch:63
01-01 01:00:00.000 0 0 D DMA32 zone: 4096 pages used for memmap
01-01 01:00:00.000 0 0 D DMA32 zone: 262144 pages, LIFO batch:63
01-01 01:00:00.000 0 0 I percpu : Embedded 32 pages/cpu s90840 r8192 d32040 u131072
01-01 01:00:00.000 0 0 D pcpu-alloc: s90840 r8192 d32040 u131072 alloc=32*4096
01-01 01:00:00.000 0 0 D pcpu-alloc: [0] 0 [0] 1 [0] 2 [0] 3
01-01 01:00:00.000 0 0 I : Detected PIPT I-cache on CPU0
01-01 01:00:00.000 0 0 I CPU features: detected: EL2 vector hardening
01-01 01:00:00.000 0 0 W : ARM_SMCCC_ARCH_WORKAROUND_1 missing from firmware
01-01 01:00:00.000 0 0 I : Built 1 zonelists, mobility grouping on. Total pages: 496944
01-01 01:00:00.000 0 0 I : Kernel command line: coherent_pool=1M 8250.nr_uarts=1 snd_bcm2835.enable_compat_alsa=0 snd_bcm2835.enable_hdmi=1 smsc95xx.macaddr=E4:5F:01:03:5A:85 vc_mem.mem_base=0x3ec00000 vc_mem.mem_size=0x40000000 dwc_otg.lpm_enable=0 cgroup_enable=memory console=tty0 console=ttyS0,115200 consoleblank=0 no_console_suspend earlyprintk root=/dev/ram0 rootwait elevator=deadline fsck.repair=yes androidboot.hardware=bcm2711 androidboot.selinux=permissive audit=0 sdhci.debug_quirks2=4 androidboot.serialno=100000006fe44f49 androidboot.serialno=100000006fe44f49 androidboot.btmacaddr=11:22:6f:e4:4f:49
01-01 01:00:00.000 0 0 I audit : disabled (until reboot)
01-01 01:00:00.000 0 0 I : Dentry cache hash table entries: 262144 (order: 9, 2097152 bytes, linear)
01-01 01:00:00.000 0 0 I : Inode-cache hash table entries: 131072 (order: 8, 1048576 bytes, linear)
01-01 01:00:00.000 0 0 I mem auto-init: stack:off, heap alloc:off, heap free:off
01-01 01:00:00.000 0 0 I : software IO TLB: mapped [mem 0x37400000-0x3b400000] (64MB)
01-01 01:00:00.000 0 0 I Memory : 1626400K/2019328K available (13628K kernel code, 1272K rwdata, 4808K rodata, 1280K init, 1301K bss, 130784K reserved, 262144K cma-reserved)
01-01 01:00:00.000 0 0 I SLUB : HWalign=64, Order=0-3, MinObjects=0, CPUs=4, Nodes=1
01-01 01:00:00.000 0 0 I ftrace : allocating 43826 entries in 172 pages
01-01 01:00:00.000 0 0 I rcu : Preemptible hierarchical RCU implementation.
01-01 01:00:00.000 0 0 I rcu : RCU restricting CPUs from NR_CPUS=256 to nr_cpu_ids=4.
01-01 01:00:00.000 0 0 I : Tasks RCU enabled.
01-01 01:00:00.000 0 0 I rcu : RCU calculated value of scheduler-enlistment delay is 25 jiffies.
01-01 01:00:00.000 0 0 I rcu : Adjusting geometry for rcu_fanout_leaf=16, nr_cpu_ids=4
01-01 01:00:00.000 0 0 I NR_IRQS : 64, nr_irqs: 64, preallocated irqs: 0
01-01 01:00:00.000 0 0 I GIC : Using split EOI/Deactivate mode
01-01 01:00:00.000 0 0 I random : get_random_bytes called from start_kernel+0x378/0x508 with crng_init=0
01-01 01:00:00.000 0 0 I arch_timer: cp15 timer(s) running at 54.00MHz (phys).
01-01 01:00:00.000 0 0 I clocksource: arch_sys_counter: mask: 0xffffffffffffff max_cycles: 0xc743ce346, max_idle_ns: 440795203123 ns
01-01 01:00:00.000 0 0 I sched_clock: 56 bits at 54MHz, resolution 18ns, wraps every 4398046511102ns
01-01 01:00:00.000 0 0 I : Calibrating delay loop (skipped), value calculated using timer frequency.. 108.00 BogoMIPS (lpj=216000)
01-01 01:00:00.000 0 0 I pid_max : default: 32768 minimum: 301
01-01 01:00:00.000 0 0 I LSM : Security Framework initializing
01-01 01:00:00.000 0 0 I SELinux : Initializing.
01-01 01:00:00.000 0 0 I : Mount-cache hash table entries: 4096 (order: 3, 32768 bytes, linear)
01-01 01:00:00.000 0 0 I : Mountpoint-cache hash table entries: 4096 (order: 3, 32768 bytes, linear)
01-01 01:00:00.003 0 0 I : ASID allocator initialised with 32768 entries
01-01 01:00:00.003 0 0 I rcu : Hierarchical SRCU implementation.
01-01 01:00:00.004 0 0 I : EFI services will not be available.
01-01 01:00:00.004 0 0 I smp : Bringing up secondary CPUs ...
01-01 01:00:00.005 0 0 I : Detected PIPT I-cache on CPU1
01-01 01:00:00.005 0 0 I CPU1 : Booted secondary processor 0x0000000001 [0x410fd083]
01-01 01:00:00.006 0 0 I : Detected PIPT I-cache on CPU2
01-01 01:00:00.006 0 0 I CPU2 : Booted secondary processor 0x0000000002 [0x410fd083]
01-01 01:00:00.007 0 0 I : Detected PIPT I-cache on CPU3
01-01 01:00:00.007 0 0 I CPU3 : Booted secondary processor 0x0000000003 [0x410fd083]
01-01 01:00:00.007 0 0 I smp : Brought up 1 node, 4 CPUs
01-01 01:00:00.007 0 0 I SMP : Total of 4 processors activated.
01-01 01:00:00.007 0 0 I CPU features: detected: 32-bit EL0 Support
01-01 01:00:00.007 0 0 I CPU features: detected: CRC32 instructions
01-01 01:00:00.035 0 0 I : CPU: All CPU(s) started at EL2
01-01 01:00:00.035 0 0 I alternatives: patching kernel code
01-01 01:00:00.036 0 0 I CPU3 : update max cpu_capacity 1024
01-01 01:00:00.037 0 0 I devtmpfs: initialized
01-01 01:00:00.041 0 0 I CPU1 : update max cpu_capacity 1024
01-01 01:00:00.048 0 0 I : Enabled cp15_barrier support
01-01 01:00:00.048 0 0 I : Enabled setend support
01-01 01:00:00.048 0 0 I clocksource: jiffies: mask: 0xffffffff max_cycles: 0xffffffff, max_idle_ns: 7645041785100000 ns
01-01 01:00:00.048 0 0 I : futex hash table entries: 1024 (order: 4, 65536 bytes, linear)
01-01 01:00:00.056 0 0 I pinctrl core: initialized pinctrl subsystem
01-01 01:00:00.056 0 0 I : DMI not present or invalid.
01-01 01:00:00.057 0 0 I NET : Registered protocol family 16
01-01 01:00:00.060 0 0 I DMA : preallocated 1024 KiB pool for atomic allocations
01-01 01:00:00.061 0 0 I cpuidle : using governor menu
01-01 01:00:00.061 0 0 I hw-breakpoint: found 6 breakpoint and 4 watchpoint registers.
01-01 01:00:00.062 0 0 I Serial : AMBA PL011 UART driver
01-01 01:00:00.065 0 0 I bcm2835-mbox fe00b880.mailbox: mailbox enabled
01-01 01:00:00.076 0 0 I raspberrypi-firmware soc: firmware: Attached to firmware from 2021-03-19 12:05, variant start
01-01 01:00:00.080 0 0 I raspberrypi-firmware soc: firmware: Firmware hash is f66a788996046061ec93f246ffd5856f04eb8f38
01-01 01:00:00.129 0 0 I cryptd : max_cpu_qlen set to 1000
01-01 01:00:00.135 0 0 I bcm2835-dma fe007000.dma: DMA legacy API manager, dmachans=0x1
01-01 01:00:00.138 0 0 I vgaarb : loaded
01-01 01:00:00.139 0 0 I : SCSI subsystem initialized
01-01 01:00:00.139 0 0 I usbcore : registered new interface driver usbfs
01-01 01:00:00.139 0 0 I usbcore : registered new interface driver hub
01-01 01:00:00.139 0 0 I usbcore : registered new device driver usb
01-01 01:00:00.140 0 0 I mc : Linux media interface: v0.10
01-01 01:00:00.140 0 0 I videodev: Linux video capture interface: v2.00
01-01 01:00:00.140 0 0 I : Advanced Linux Sound Architecture Driver Initialized.
01-01 01:00:00.141 0 0 I Bluetooth: Core ver 2.22
01-01 01:00:00.141 0 0 I NET : Registered protocol family 31
01-01 01:00:00.141 0 0 I Bluetooth: HCI device and connection manager initialized
01-01 01:00:00.141 0 0 I Bluetooth: HCI socket layer initialized
01-01 01:00:00.141 0 0 I Bluetooth: L2CAP socket layer initialized
01-01 01:00:00.141 0 0 I Bluetooth: SCO socket layer initialized
01-01 01:00:00.142 0 0 I clocksource: Switched to clocksource arch_sys_counter
01-01 01:00:00.253 0 0 I VFS : Disk quotas dquot_6.6.0
01-01 01:00:00.253 0 0 I VFS : Dquot-cache hash table entries: 512 (order 0, 4096 bytes)
01-01 01:00:00.253 0 0 I FS-Cache: Loaded
01-01 01:00:00.253 0 0 I CacheFiles: Loaded
01-01 01:00:00.255 0 0 I thermal_sys: Registered thermal governor 'step_wise'
01-01 01:00:00.255 0 0 I NET : Registered protocol family 2
01-01 01:00:00.256 0 0 I : tcp_listen_portaddr_hash hash table entries: 1024 (order: 2, 16384 bytes, linear)
01-01 01:00:00.256 0 0 I : TCP established hash table entries: 16384 (order: 5, 131072 bytes, linear)
01-01 01:00:00.256 0 0 I : TCP bind hash table entries: 16384 (order: 6, 262144 bytes, linear)
01-01 01:00:00.256 0 0 I TCP : Hash tables configured (established 16384 bind 16384)
01-01 01:00:00.256 0 0 I : UDP hash table entries: 1024 (order: 3, 32768 bytes, linear)
01-01 01:00:00.256 0 0 I : UDP-Lite hash table entries: 1024 (order: 3, 32768 bytes, linear)
01-01 01:00:00.257 0 0 I NET : Registered protocol family 1
01-01 01:00:00.257 0 0 I PCI : CLS 0 bytes, default 64
01-01 01:00:00.258 0 0 I : Trying to unpack rootfs image as initramfs...
01-01 01:00:00.371 0 0 I : Freeing initrd memory: 1880K
01-01 01:00:00.373 0 0 I hw perfevents: enabled with armv8_cortex_a72 PMU driver, 7 counters available
01-01 01:00:00.373 0 0 I kvm : Limiting the IPA size due to kernel Virtual Address limit
01-01 01:00:00.373 0 0 I kvm [1] : IPA Size Limit: 43bits
01-01 01:00:00.374 0 0 I kvm [1] : vgic interrupt IRQ1
01-01 01:00:00.375 0 0 I kvm [1] : Hyp mode initialized successfully
01-01 01:00:00.378 0 0 I : Initialise system trusted keyrings
01-01 01:00:00.378 0 0 I workingset: timestamp_bits=46 max_order=19 bucket_order=0
01-01 01:00:00.389 0 0 I fuse : init (API version 7.31)
01-01 01:00:00.414 0 0 I : Key type asymmetric registered
01-01 01:00:00.414 0 0 I : Asymmetric key parser 'x509' registered
01-01 01:00:00.414 0 0 I : Block layer SCSI generic (bsg) driver version 0.4 loaded (major 247)
01-01 01:00:00.414 0 0 I : io scheduler mq-deadline registered
01-01 01:00:00.414 0 0 I : io scheduler kyber registered
01-01 01:00:00.418 0 0 I brcm-pcie fd500000.pcie: host bridge /scb/pcie@7d500000 ranges:
01-01 01:00:00.418 0 0 I brcm-pcie fd500000.pcie: No bus range found for /scb/pcie@7d500000, using [bus 00-ff]
01-01 01:00:00.418 0 0 I brcm-pcie fd500000.pcie: MEM 0x0600000000..0x0603ffffff -> 0x00f8000000
01-01 01:00:00.418 0 0 I brcm-pcie fd500000.pcie: IB MEM 0x0000000000..0x007fffffff -> 0x0400000000
01-01 01:00:00.484 0 0 I brcm-pcie fd500000.pcie: link up, 5 GT/s x1 (SSC)
01-01 01:00:00.484 0 0 I brcm-pcie fd500000.pcie: PCI host bridge to bus 0000:00
01-01 01:00:00.484 0 0 I pci_bus 0000: 00: root bus resource [bus 00-ff]
01-01 01:00:00.484 0 0 I pci_bus 0000: 00: root bus resource [mem 0x600000000-0x603ffffff] (bus address [0xf8000000-0xfbffffff])
01-01 01:00:00.485 0 0 I pci 0000: 00:00.0: [14e4:2711] type 01 class 0x060400
01-01 01:00:00.485 0 0 I pci 0000: 00:00.0: PME# supported from D0 D3hot
01-01 01:00:00.489 1106 1106 I pci 0000: 01:00.0: [1106:3483] type 00 class 0x0c0330
01-01 01:00:00.489 0 0 I pci 0000: 01:00.0: reg 0x10: [mem 0x00000000-0x00000fff 64bit]
01-01 01:00:00.489 0 0 I pci 0000: 01:00.0: PME# supported from D0 D3hot
01-01 01:00:00.493 0 0 I pci 0000: 00:00.0: BAR 8: assigned [mem 0x600000000-0x6000fffff]
01-01 01:00:00.493 0 0 I pci 0000: 01:00.0: BAR 0: assigned [mem 0x600000000-0x600000fff 64bit]
01-01 01:00:00.493 0 0 I pci 0000: 00:00.0: PCI bridge to [bus 01]
01-01 01:00:00.493 0 0 I pci 0000: 00:00.0: bridge window [mem 0x600000000-0x6000fffff]
01-01 01:00:00.493 0 0 I pci 0000: 00:00.0: enabling device (0000 -> 0002)
01-01 01:00:00.493 0 0 I pci 0000: 01:00.0: enabling device (0000 -> 0002)
01-01 01:00:00.538 0 0 I pci 0000: 01:00.0: quirk_usb_early_handoff+0x0/0x950 took 43758 usecs
01-01 01:00:00.542 0 0 I Serial : 8250/16550 driver, 1 ports, IRQ sharing enabled
01-01 01:00:00.545 0 0 I iproc-rng200 fe104000.rng: hwrng registered
01-01 01:00:00.545 0 0 I vc-mem : phys_addr:0x00000000 mem_base=0x3ec00000 mem_size:0x40000000(1024 MiB)
01-01 01:00:00.546 0 0 I gpiomem-bcm2835 fe200000.gpiomem: Initialised: Registers at 0xfe200000
01-01 01:00:00.547 0 0 I rpivid-mem feb00000.hevc-decoder: rpivid-hevcmem initialised: Registers at 0xfeb00000 length 0x00010000
01-01 01:00:00.547 0 0 I rpivid-mem feb10000.rpivid-local-intc: rpivid-intcmem initialised: Registers at 0xfeb10000 length 0x00001000
01-01 01:00:00.548 0 0 I rpivid-mem feb20000.h264-decoder: rpivid-h264mem initialised: Registers at 0xfeb20000 length 0x00010000
01-01 01:00:00.548 0 0 I rpivid-mem feb30000.vp9-decoder: rpivid-vp9mem initialised: Registers at 0xfeb30000 length 0x00010000
01-01 01:00:00.556 0 0 W cacheinfo: Unable to detect cache hierarchy for CPU 0
01-01 01:00:00.568 0 0 I brd : module loaded
01-01 01:00:00.581 0 0 I loop : module loaded
01-01 01:00:00.582 0 0 I : Loading iSCSI transport class v2.0-870.
01-01 01:00:00.585 0 0 I libphy : Fixed MDIO Bus: probed
01-01 01:00:00.585 0 0 I tun : Universal TUN/TAP device driver, 1.6
01-01 01:00:00.586 0 0 W bcmgenet fd580000.ethernet: failed to get enet clock
01-01 01:00:00.586 0 0 I bcmgenet fd580000.ethernet: GENET 5.0 EPHY: 0x0000
01-01 01:00:00.586 0 0 W bcmgenet fd580000.ethernet: failed to get enet-wol clock
01-01 01:00:00.586 0 0 W bcmgenet fd580000.ethernet: failed to get enet-eee clock
01-01 01:00:00.586 0 0 W bcmgenet: Skipping UMAC reset
01-01 01:00:00.598 0 0 I libphy : bcmgenet MII bus: probed
01-01 01:00:00.646 0 0 I unimac-mdio.-19: Broadcom UniMAC MDIO bus
01-01 01:00:00.647 0 0 I : PPP generic driver version 2.4.2
01-01 01:00:00.647 0 0 I : PPP BSD Compression module registered
01-01 01:00:00.647 0 0 I : PPP Deflate Compression module registered
01-01 01:00:00.647 0 0 I : PPP MPPE Compression module registered
01-01 01:00:00.647 0 0 I NET : Registered protocol family 24
01-01 01:00:00.647 0 0 I : PPTP driver version 0.8.5
01-01 01:00:00.648 0 0 I usbcore : registered new interface driver brcmfmac
01-01 01:00:00.648 0 0 I usbcore : registered new interface driver r8152
01-01 01:00:00.648 0 0 I usbcore : registered new interface driver lan78xx
01-01 01:00:00.648 0 0 I usbcore : registered new interface driver asix
01-01 01:00:00.648 0 0 I usbcore : registered new interface driver ax88179_178a
01-01 01:00:00.648 0 0 I usbcore : registered new interface driver cdc_ether
01-01 01:00:00.648 0 0 I usbcore : registered new interface driver smsc95xx
01-01 01:00:00.648 0 0 I usbcore : registered new interface driver net1080
01-01 01:00:00.649 0 0 I usbcore : registered new interface driver cdc_subset
01-01 01:00:00.649 0 0 I usbcore : registered new interface driver zaurus
01-01 01:00:00.649 0 0 I usbcore : registered new interface driver cdc_ncm
01-01 01:00:00.649 0 0 I ehci_hcd: USB 2.0 'Enhanced' Host Controller (EHCI) Driver
01-01 01:00:00.649 0 0 I ehci-pci: EHCI PCI platform driver
01-01 01:00:00.649 0 0 I xhci_hcd 0000: 01:00.0: xHCI Host Controller
01-01 01:00:00.649 0 0 I xhci_hcd 0000: 01:00.0: new USB bus registered, assigned bus number 1
01-01 01:00:00.650 0 0 I xhci_hcd 0000: 01:00.0: hcc params 0x002841eb hci version 0x100 quirks 0x0000001000000890
01-01 01:00:00.651 0 0 I usb1 : New USB device found, idVendor=1d6b, idProduct=0002, bcdDevice= 5.04
01-01 01:00:00.651 0 0 I usb1 : New USB device strings: Mfr=3, Product=2, SerialNumber=1
01-01 01:00:00.651 0 0 I usb1 : Product: xHCI Host Controller
01-01 01:00:00.651 0 0 I usb1 : Manufacturer: Linux 5.4.64-v8+ xhci-hcd
01-01 01:00:00.651 0 0 I usb1 : SerialNumber: 0000:01:00.0
01-01 01:00:00.652 0 0 I hub 1-0 : 1.0: USB hub found
01-01 01:00:00.652 0 0 I hub 1-0 : 1.0: 1 port detected
01-01 01:00:00.653 0 0 I xhci_hcd 0000: 01:00.0: xHCI Host Controller
01-01 01:00:00.653 0 0 I xhci_hcd 0000: 01:00.0: new USB bus registered, assigned bus number 2
01-01 01:00:00.653 0 0 I xhci_hcd 0000: 01:00.0: Host supports USB 3.0 SuperSpeed
01-01 01:00:00.653 0 0 I usb2 : New USB device found, idVendor=1d6b, idProduct=0003, bcdDevice= 5.04
01-01 01:00:00.653 0 0 I usb2 : New USB device strings: Mfr=3, Product=2, SerialNumber=1
01-01 01:00:00.653 0 0 I usb2 : Product: xHCI Host Controller
01-01 01:00:00.653 0 0 I usb2 : Manufacturer: Linux 5.4.64-v8+ xhci-hcd
01-01 01:00:00.653 0 0 I usb2 : SerialNumber: 0000:01:00.0
01-01 01:00:00.654 0 0 I hub 2-0 : 1.0: USB hub found
01-01 01:00:00.654 0 0 I hub 2-0 : 1.0: 4 ports detected
01-01 01:00:00.655 0 0 I dwc_otg : version 3.00a 10-AUG-2012 (platform bus)
01-01 01:00:00.656 0 0 D dwc_otg : FIQ enabled
01-01 01:00:00.656 0 0 D dwc_otg : NAK holdoff enabled
01-01 01:00:00.656 0 0 D dwc_otg : FIQ split-transaction FSM enabled
01-01 01:00:00.656 0 0 D : Module dwc_common_port init
01-01 01:00:00.656 0 0 I usbcore : registered new interface driver cdc_acm
01-01 01:00:00.656 0 0 I cdc_acm : USB Abstract Control Model driver for USB modems and ISDN adapters
01-01 01:00:00.657 0 0 I usbcore : registered new interface driver uas
01-01 01:00:00.657 0 0 I usbcore : registered new interface driver usb-storage
01-01 01:00:00.657 0 0 I mousedev: PS/2 mouse device common for all mice
01-01 01:00:00.657 0 0 I usbcore : registered new interface driver xpad
01-01 01:00:00.657 0 0 I usbcore : registered new interface driver usb_acecad
01-01 01:00:00.657 0 0 I usbcore : registered new interface driver aiptek
01-01 01:00:00.657 0 0 I usbcore : registered new interface driver gtco
01-01 01:00:00.657 0 0 I usbcore : registered new interface driver hanwang
01-01 01:00:00.657 0 0 I usbcore : registered new interface driver kbtab
01-01 01:00:00.659 0 0 I brcmstb-i2c fef04500.i2c: @97500hz registered in polling mode
01-01 01:00:00.659 0 0 I brcmstb-i2c fef09500.i2c: @97500hz registered in polling mode
01-01 01:00:00.660 0 0 I : IR NEC protocol handler initialized
01-01 01:00:00.660 0 0 I : IR RC5(x/sz) protocol handler initialized
01-01 01:00:00.660 0 0 I : IR RC6 protocol handler initialized
01-01 01:00:00.660 0 0 I : IR JVC protocol handler initialized
01-01 01:00:00.660 0 0 I : IR Sony protocol handler initialized
01-01 01:00:00.660 0 0 I : IR SANYO protocol handler initialized
01-01 01:00:00.660 0 0 I : IR Sharp protocol handler initialized
01-01 01:00:00.660 0 0 I : IR MCE Keyboard/mouse protocol handler initialized
01-01 01:00:00.660 0 0 I : IR XMP protocol handler initialized
01-01 01:00:00.660 0 0 I ir_imon_decoder: IR iMON protocol handler initialized
01-01 01:00:00.660 0 0 I : IR RCMM protocol handler initialized
01-01 01:00:00.660 0 0 I usbcore : registered new interface driver uvcvideo
01-01 01:00:00.660 0 0 I : USB Video Class driver (1.1.1)
01-01 01:00:00.662 0 0 I : bcm2835-wdt bcm2835-wdt: Broadcom BCM2835 watchdog timer
01-01 01:00:00.662 0 0 I device-mapper: uevent: version 1.0.3
01-01 01:00:00.663 0 0 I device-mapper: ioctl: 4.41.0-ioctl (2019-09-16) initialised: dm-devel@redhat.com
01-01 01:00:00.663 0 0 I Bluetooth: HCI UART driver ver 2.3
01-01 01:00:00.663 0 0 I Bluetooth: HCI UART protocol H4 registered
01-01 01:00:00.663 0 0 I Bluetooth: HCI UART protocol Three-wire (H5) registered
01-01 01:00:00.663 0 0 I Bluetooth: HCI UART protocol Broadcom registered
01-01 01:00:00.663 0 0 I usbcore : registered new interface driver btusb
01-01 01:00:00.667 0 0 I sdhci : Secure Digital Host Controller Interface driver
01-01 01:00:00.667 0 0 I sdhci : Copyright(c) Pierre Ossman
01-01 01:00:00.667 0 0 I mmc-bcm2835 fe300000.mmcnr: could not get clk, deferring probe
01-01 01:00:00.668 0 0 I sdhci-pltfm: SDHCI platform and OF driver helper
01-01 01:00:00.671 0 0 I ledtrig-cpu: registered to indicate activity on CPUs
01-01 01:00:00.671 0 0 I hidraw : raw HID events driver (C) Jiri Kosina
01-01 01:00:00.678 0 0 I usbcore : registered new interface driver usbhid
01-01 01:00:00.678 0 0 I usbhid : USB HID core driver
01-01 01:00:00.678 0 0 I ashmem : initialized
01-01 01:00:00.680 0 0 I vchiq : vchiq_init_state: slot_zero = (____ptrval____)
01-01 01:00:00.689 0 0 I : bcm2835_audio bcm2835_audio: card created with 8 channels
01-01 01:00:00.696 0 0 I bcm2835_vc_sm_cma_probe: Videocore shared memory driver
01-01 01:00:00.696 0 0 I [vc_sm_connected_init]: start
01-01 01:00:00.696 0 0 I [vc_sm_connected_init]: installed successfully
01-01 01:00:00.697 0 0 I usbcore : registered new interface driver snd-usb-audio
01-01 01:00:00.697 0 0 I netem : version 1.3
01-01 01:00:00.698 0 0 I : u32 classifier
01-01 01:00:00.698 0 0 I : input device check on
01-01 01:00:00.698 0 0 I : Actions configured
01-01 01:00:00.699 0 0 I xt_time : kernel timezone is -0000
01-01 01:00:00.699 0 0 I gre : GRE over IPv4 demultiplexor driver
01-01 01:00:00.699 0 0 I : IPv4 over IPsec tunneling driver
01-01 01:00:00.700 0 0 I : Initializing XFRM netlink socket
01-01 01:00:00.700 0 0 I : IPsec XFRM device driver
01-01 01:00:00.701 0 0 I NET : Registered protocol family 10
01-01 01:00:00.702 0 0 I : Segment Routing with IPv6
01-01 01:00:00.702 0 0 I mip6 : Mobile IPv6
01-01 01:00:00.703 0 0 I sit : IPv6, IPv4 and MPLS over IPv4 tunneling driver
01-01 01:00:00.704 0 0 I NET : Registered protocol family 17
01-01 01:00:00.704 0 0 I NET : Registered protocol family 15
01-01 01:00:00.705 0 0 I Bluetooth: RFCOMM TTY layer initialized
01-01 01:00:00.705 0 0 I Bluetooth: RFCOMM socket layer initialized
01-01 01:00:00.705 0 0 I Bluetooth: RFCOMM ver 1.11
01-01 01:00:00.705 0 0 I Bluetooth: BNEP (Ethernet Emulation) ver 1.3
01-01 01:00:00.705 0 0 I Bluetooth: BNEP filters: protocol multicast
01-01 01:00:00.705 0 0 I Bluetooth: BNEP socket layer initialized
01-01 01:00:00.705 0 0 I Bluetooth: HIDP (Human Interface Emulation) ver 1.2
01-01 01:00:00.705 0 0 I Bluetooth: HIDP socket layer initialized
01-01 01:00:00.705 0 0 I l2tp_core: L2TP core driver, V2.0
01-01 01:00:00.705 0 0 I l2tp_ppp: PPPoL2TP kernel driver, V2.0
01-01 01:00:00.705 0 0 I l2tp_netlink: L2TP netlink interface
01-01 01:00:00.706 0 0 I : registered taskstats version 1
01-01 01:00:00.706 0 0 I : Loading compiled-in X.509 certificates
01-01 01:00:00.706 0 0 I : Key type ._fscrypt registered
01-01 01:00:00.706 0 0 I : Key type .fscrypt registered
01-01 01:00:00.706 0 0 I : Key type fscrypt-provisioning registered
01-01 01:00:00.718 0 0 I uart-pl011 fe201000.serial: cts_event_workaround enabled
01-01 01:00:00.718 0 0 I fe201000.serial: ttyAMA0 at MMIO 0xfe201000 (irq = 15, base_baud = 0) is a PL011 rev2
01-01 01:00:00.724 0 0 I printk : console [ttyS0] disabled
01-01 01:00:00.724 0 0 I fe215040.serial: ttyS0 at MMIO 0x0 (irq = 16, base_baud = 62500000) is a 16550
01-01 01:00:02.396 0 0 I printk : console [ttyS0] enabled
01-01 01:00:02.407 0 0 W vc4_hdmi fef00700.hdmi: Unknown register ID 47
01-01 01:00:02.413 0 0 W vc4_hdmi fef00700.hdmi: 'dmas' DT property is missing or empty, no HDMI audio
01-01 01:00:02.421 0 0 I vc4-drm gpu: bound fef00700.hdmi (ops vc4_hdmi_ops)
01-01 01:00:02.427 0 0 W vc4_hdmi fef05700.hdmi: Unknown register ID 47
01-01 01:00:02.434 0 0 W vc4_hdmi fef05700.hdmi: 'dmas' DT property is missing or empty, no HDMI audio
01-01 01:00:02.442 0 0 I vc4-drm gpu: bound fef05700.hdmi (ops vc4_hdmi_ops)
01-01 01:00:02.448 0 0 I vc4-drm gpu: bound fe004000.txp (ops vc4_txp_ops)
01-01 01:00:02.454 0 0 I vc4-drm gpu: bound fe400000.hvs (ops vc4_hvs_ops)
01-01 01:00:02.460 0 0 I vc4-drm gpu: bound fe206000.pixelvalve (ops vc4_crtc_ops)
01-01 01:00:02.467 0 0 I vc4-drm gpu: bound fe207000.pixelvalve (ops vc4_crtc_ops)
01-01 01:00:02.474 0 0 I vc4-drm gpu: bound fe20a000.pixelvalve (ops vc4_crtc_ops)
01-01 01:00:02.481 0 0 I vc4-drm gpu: bound fe216000.pixelvalve (ops vc4_crtc_ops)
01-01 01:00:02.487 0 0 I vc4-drm gpu: bound fec12000.pixelvalve (ops vc4_crtc_ops)
01-01 01:00:02.495 0 0 I : [drm] Supports vblank timestamp caching Rev 2 (21.10.2013).
01-01 01:00:02.501 0 0 I : [drm] Driver supports precise vblank timestamp query.
01-01 01:00:02.509 0 0 I : [drm] Initialized vc4 0.0.0 20140616 for gpu on minor 0
01-01 01:00:02.517 0 0 I : [drm] Cannot find any crtc or sizes
01-01 01:00:02.524 0 0 I : bcm2835-power bcm2835-power: Broadcom BCM2835 power domains driver
01-01 01:00:02.532 0 0 I mmc-bcm2835 fe300000.mmcnr: mmc_debug:0 mmc_debug2:0
01-01 01:00:02.538 0 0 I mmc-bcm2835 fe300000.mmcnr: DMA channel allocated
01-01 01:00:02.587 0 0 W mmc1 : queuing unknown CIS tuple 0x80 (2 bytes)
01-01 01:00:02.594 0 0 W mmc1 : queuing unknown CIS tuple 0x80 (3 bytes)
01-01 01:00:02.602 0 0 W mmc1 : queuing unknown CIS tuple 0x80 (3 bytes)
01-01 01:00:02.610 0 0 W mmc1 : queuing unknown CIS tuple 0x80 (7 bytes)
01-01 01:00:02.616 0 0 I mmc0 : SDHCI controller on fe340000.emmc2 [fe340000.emmc2] using ADMA
01-01 01:00:02.629 0 0 W mmc1 : queuing unknown CIS tuple 0x80 (3 bytes)
01-01 01:00:02.635 0 0 I usb 1-1 : new high-speed USB device number 2 using xhci_hcd
01-01 01:00:02.643 0 0 I : [drm] Initialized v3d 1.0.0 20180419 for fec00000.v3d on minor 1
01-01 01:00:02.655 0 0 I : of_cfs_init
01-01 01:00:02.658 0 0 I of_cfs_init: OK
01-01 01:00:02.661 0 0 I cfg80211: Loading compiled-in X.509 certificates for regulatory database
01-01 01:00:02.672 0 0 I cfg80211: Loaded X.509 cert 'sforshee: 00b28ddf47aef9cea7'
01-01 01:00:02.679 0 0 W platform regulatory.0: Direct firmware load for regulatory.db failed with error -2
01-01 01:00:02.682 0 0 I : ALSA device list:
01-01 01:00:02.688 0 0 I cfg80211: failed to load regulatory.db
01-01 01:00:02.691 0 0 I : #0: bcm2835 Headphones
01-01 01:00:02.704 0 0 I : Freeing unused kernel memory: 1280K
01-01 01:00:02.713 0 0 I mmc0 : new high speed SDHC card at address aaaa
01-01 01:00:02.720 0 0 I mmcblk0 : mmc0:aaaa SE32G 29.7 GiB
01-01 01:00:02.726 0 0 I : Run /init as init process
01-01 01:00:02.731 0 0 I mmcblk0 : p1 p2 p3 p4 p5 p6 p7
01-01 01:00:02.731 0 0 I random : fast init done
01-01 01:00:02.735 0 0 I init : init first stage started!
01-01 01:00:02.743 0 0 I init : Unable to open /lib/modules, skipping module loading.
01-01 01:00:02.750 0 0 I init : [libfs_mgr]ReadFstabFromDt(): failed to read fstab from dt
01-01 01:00:02.759 0 0 I init : Using Android DT directory /proc/device-tree/firmware/android/
01-01 01:00:02.772 0 0 I mmc1 : new high speed SDIO card at address 0001
01-01 01:00:02.780 0 0 D brcmfmac: F1 signature read @0x18000000=0x15264345
01-01 01:00:02.788 0 0 E brcmfmac: brcmf_fw_alloc_request: using brcm/brcmfmac43455-sdio for chip BCM4345/6
01-01 01:00:02.801 0 0 I usb 1-1 : New USB device found, idVendor=2109, idProduct=3431, bcdDevice= 4.21
01-01 01:00:02.809 0 0 I usb 1-1 : New USB device strings: Mfr=0, Product=1, SerialNumber=0
01-01 01:00:02.815 0 0 I init : DSU not detected, proceeding with normal boot
01-01 01:00:02.817 0 0 I usb 1-1 : Product: USB2.0 Hub
01-01 01:00:02.826 0 0 I init : [libfs_mgr]superblock s_max_mnt_count:65535,/dev/block/platform/emmc2bus/fe340000.emmc2/by-name/system
01-01 01:00:02.828 0 0 I hub 1-1 : 1.0: USB hub found
01-01 01:00:02.842 0 0 I hub 1-1 : 1.0: 4 ports detected
01-01 01:00:02.850 0 0 I EXT4-fs (mmcblk0p2): mounted filesystem without journal. Opts: barrier=1
01-01 01:00:02.858 0 0 I init : [libfs_mgr]__mount(source=/dev/block/platform/emmc2bus/fe340000.emmc2/by-name/system,target=/system,type=ext4)=0: Success
01-01 01:00:02.872 0 0 I init : Switching root to '/system'
01-01 01:00:02.887 0 0 I init : [libfs_mgr]superblock s_max_mnt_count:65535,/dev/block/platform/emmc2bus/fe340000.emmc2/by-name/vendor
01-01 01:00:02.909 0 0 I EXT4-fs (mmcblk0p3): mounted filesystem without journal. Opts: barrier=1
01-01 01:00:02.917 0 0 I init : [libfs_mgr]__mount(source=/dev/block/platform/emmc2bus/fe340000.emmc2/by-name/vendor,target=/vendor,type=ext4)=0: Success
01-01 01:00:02.961 0 0 W printk : init: 1 output lines suppressed due to ratelimiting
01-01 01:00:03.007 0 0 I random : init: uninitialized urandom read (40 bytes read)
01-01 01:00:03.033 0 0 E brcmfmac: brcmf_fw_alloc_request: using brcm/brcmfmac43455-sdio for chip BCM4345/6
01-01 01:00:03.069 0 0 E brcmfmac: brcmf_c_preinit_dcmds: Firmware: BCM4345/6 wl0: Feb 27 2018 03:15:32 version 7.45.154 (r684107 CY) FWID 01-4fbe0b04
01-01 01:00:03.321 0 0 I random : init: uninitialized urandom read (40 bytes read)
01-01 01:00:03.328 0 0 I random : init: uninitialized urandom read (4 bytes read)
01-01 01:00:03.460 0 0 I init : Skipping mount of system_ext, system is not dynamic.
01-01 01:00:03.466 0 0 I init : Loading SELinux policy
01-01 01:00:03.541 0 0 I SELinux : policy capability network_peer_controls=1
01-01 01:00:03.547 0 0 I SELinux : policy capability open_perms=1
01-01 01:00:03.552 0 0 I SELinux : policy capability extended_socket_class=1
01-01 01:00:03.559 0 0 I SELinux : policy capability always_check_network=0
01-01 01:00:03.564 0 0 I SELinux : policy capability cgroup_seclabel=0
01-01 01:00:03.570 0 0 I SELinux : policy capability nnp_nosuid_transition=1
01-01 01:00:03.764 0 0 I selinux : SELinux: Loaded policy from /vendor/etc/selinux/precompiled_sepolicy
01-01 01:00:03.772 0 0 I selinux :
01-01 01:00:03.786 0 0 I selinux : SELinux: Loaded file_contexts
01-01 01:00:03.791 0 0 I selinux :
01-01 01:00:03.863 0 0 I init : init second stage started!
01-01 01:00:03.924 0 0 I init : Using Android DT directory /proc/device-tree/firmware/android/
01-01 01:00:03.933 0 0 E init : Init cannot set 'ro.boot.serialno' to '100000006fe44f49': Read-only property was already set
01-01 01:00:03.956 0 0 W init : Couldn't load property file '/factory/factory.prop': open() failed: No such file or directory: No such file or directory
01-01 01:00:03.974 0 0 I init : Setting product property ro.product.brand to 'emteria' (from ro.product.product.brand)
01-01 01:00:03.983 0 0 I init : Setting product property ro.product.device to 'rpi4' (from ro.product.product.device)
01-01 01:00:03.993 0 0 I init : Setting product property ro.product.manufacturer to 'brcm' (from ro.product.product.manufacturer)
01-01 01:00:04.004 0 0 I init : Setting product property ro.product.model to 'Raspberry Pi 4' (from ro.product.product.model)
01-01 01:00:04.014 0 0 I init : Setting product property ro.product.name to 'rpi4' (from ro.product.product.name)
01-01 01:00:04.023 0 0 I init : Setting property 'ro.build.fingerprint' to 'emteria/rpi4/rpi4:11/RQ1A.210105.003/eng.root.20210331.145622:userdebug/release-keys'
01-01 01:00:04.104 0 0 W urandom_read: 5 callbacks suppressed
01-01 01:00:04.104 0 0 I random : init: uninitialized urandom read (40 bytes read)
01-01 01:00:04.142 0 0 I random : init: uninitialized urandom read (40 bytes read)
01-01 01:00:04.209 0 0 E cgroup1 : Unknown subsys name 'schedtune'
01-01 01:00:04.381 0 0 I ueventd : ueventd started!
01-01 01:00:04.391 0 0 I selinux : SELinux: Loaded file_contexts
01-01 01:00:04.396 0 0 I selinux :
01-01 01:00:04.398 0 0 I ueventd : Parsing file /system/etc/ueventd.rc...
01-01 01:00:04.409 0 0 I ueventd : Parsing file /vendor/ueventd.rc...
01-01 01:00:04.416 0 0 I ueventd : Parsing file /odm/ueventd.rc...
01-01 01:00:04.421 0 0 I ueventd : Unable to read config file '/odm/ueventd.rc': open() failed: No such file or directory
01-01 01:00:04.431 0 0 I ueventd : Parsing file /ueventd.bcm2711.rc...
01-01 01:00:04.436 0 0 I ueventd : Unable to read config file '/ueventd.bcm2711.rc': open() failed: No such file or directory
01-01 01:00:04.549 0 0 I apexd : This device does not support updatable APEX. Exiting
01-01 01:00:04.824 0 0 I ueventd : Coldboot took 0.374 seconds
01-01 01:00:05.190 0 0 I : Registered swp emulation handler
01-01 01:00:05.306 0 0 I logd.auditd: start --------- beginning of events
01-01 01:00:05.380 149 149 I snet_event_log: [121035042,-1,]
01-01 01:00:05.388 0 0 W EXT4-fs (mmcblk0p4): Ignoring removed nomblk_io_submit option
01-01 01:00:05.406 149 149 I auditd : SELinux: Loaded service_contexts from:
01-01 01:00:05.406 149 149 I auditd : /system/etc/selinux/plat_service_contexts
01-01 01:00:05.406 149 149 I auditd : /system_ext/etc/selinux/system_ext_service_contexts
01-01 01:00:05.407 149 149 I auditd : /vendor/etc/selinux/vendor_service_contexts
01-01 01:00:05.418 0 0 W EXT4-fs (mmcblk0p4): warning: mounting unchecked fs, running e2fsck is recommended
01-01 01:00:05.436 0 0 I EXT4-fs (mmcblk0p4): mounted filesystem without journal. Opts: errors=remount-ro,nomblk_io_submit
01-01 01:00:05.439 152 152 I snet_event_log: [121035042,-1,]
01-01 01:00:05.516 0 0 I e2fsck : e2fsck 1.45.4 (23-Sep-2019)
01-01 01:00:05.536 0 0 I e2fsck : Pass 1: Checking inodes, blocks, and sizes
01-01 01:00:05.545 0 0 I e2fsck : Pass 2: Checking directory structure --------- beginning of system
01-01 01:00:05.548 154 154 I vold : Vold 3.0 (the awakening) firing up
01-01 01:00:05.549 154 154 D vold : Detected support for: ext4 f2fs vfat
01-01 01:00:05.553 154 154 W vold : Failed to LOOP_GET_STATUS64 /dev/block/loop5: No such device or address
01-01 01:00:05.553 154 154 W vold : Failed to LOOP_GET_STATUS64 /dev/block/loop2: No such device or address
01-01 01:00:05.553 154 154 W vold : Failed to LOOP_GET_STATUS64 /dev/block/loop3: No such device or address
01-01 01:00:05.553 154 154 W vold : Failed to LOOP_GET_STATUS64 /dev/block/loop0: No such device or address
01-01 01:00:05.553 154 154 W vold : Failed to LOOP_GET_STATUS64 /dev/block/loop7: No such device or address
01-01 01:00:05.553 154 154 W vold : Failed to LOOP_GET_STATUS64 /dev/block/loop4: No such device or address
01-01 01:00:05.553 154 154 W vold : Failed to LOOP_GET_STATUS64 /dev/block/loop6: No such device or address
01-01 01:00:05.553 154 154 W vold : Failed to LOOP_GET_STATUS64 /dev/block/loop1: No such device or address
01-01 01:00:05.556 154 154 D vold : VoldNativeService::start() completed OK
01-01 01:00:05.558 0 0 I e2fsck : Pass 3: Checking directory connectivity
01-01 01:00:05.564 0 0 I e2fsck : Pass 4: Checking reference counts
01-01 01:00:05.569 0 0 I e2fsck : Pass 5: Checking group summary information
01-01 01:00:05.576 0 0 I e2fsck : oem: 17/32768 files (0.0% non-contiguous), 2073/131072 blocks
01-01 01:00:05.583 0 0 I e2fsck : e2fsck terminated by exit(1)
01-01 01:00:05.595 0 0 I EXT4-fs (mmcblk0p4): mounted filesystem without journal. Opts:
01-01 01:00:05.607 0 0 W EXT4-fs (mmcblk0p6): Ignoring removed nomblk_io_submit option
01-01 01:00:05.630 0 0 I EXT4-fs (mmcblk0p6): recovery complete
01-01 01:00:05.636 0 0 I EXT4-fs (mmcblk0p6): mounted filesystem with ordered data mode. Opts: errors=remount-ro,nomblk_io_submit
01-01 01:00:05.664 0 0 I e2fsck : e2fsck 1.45.4 (23-Sep-2019)
01-01 01:00:05.674 0 0 I e2fsck : Pass 1: Checking inodes, blocks, and sizes
01-01 01:00:05.696 0 0 I EXT4-fs (mmcblk0p6): mounted filesystem with ordered data mode. Opts:
01-01 01:00:05.707 0 0 W EXT4-fs (mmcblk0p7): Ignoring removed nomblk_io_submit option
01-01 01:00:05.831 0 0 I EXT4-fs (mmcblk0p7): 1 orphan inode deleted
01-01 01:00:05.836 0 0 I EXT4-fs (mmcblk0p7): recovery complete
01-01 01:00:05.850 0 0 I EXT4-fs (mmcblk0p7): mounted filesystem with ordered data mode. Opts: errors=remount-ro,nomblk_io_submit
01-01 01:00:06.332 0 0 W EXT4-fs (mmcblk0p7): Ignoring removed nomblk_io_submit option
01-01 01:00:06.343 0 0 I EXT4-fs (mmcblk0p7): mounted filesystem with ordered data mode. Opts: nomblk_io_submit,errors=panic
01-01 01:00:06.457 154 154 I Checkpoint: cp_prepareCheckpoint called
01-01 01:00:06.511 0 0 I apexd : This device does not support updatable APEX. Exiting
01-01 01:00:06.518 0 0 I apexd : Marking APEXd as activated
01-01 01:00:06.689 154 154 D vold : fscrypt_init_user0
01-01 01:00:06.689 154 154 D vold : fscrypt_prepare_user_storage for volume null, user 0, serial 0, flags 1
01-01 01:00:06.689 154 154 D vold : Preparing: /data/system/users/0
01-01 01:00:06.691 0 0 D vdc : Waited 0ms for vold
01-01 01:00:06.692 154 154 D vold : Preparing: /data/misc/profiles/cur/0
01-01 01:00:06.693 154 154 D vold : Preparing: /data/system_de/0
01-01 01:00:06.695 154 154 D vold : Preparing: /data/misc_de/0
01-01 01:00:06.696 154 154 D vold : Preparing: /data/vendor_de/0
01-01 01:00:06.696 154 154 D vold : Preparing: /data/user_de/0
01-01 01:00:06.697 154 154 D vold : /system/bin/vold_prepare_subdirs
01-01 01:00:06.697 154 154 D vold : prepare
01-01 01:00:06.697 154 154 D vold :
01-01 01:00:06.697 154 154 D vold : 0
01-01 01:00:06.697 154 154 D vold : 1
01-01 01:00:06.737 154 154 D vold : fscrypt_unlock_user_key 0 serial=0 token_present=0
01-01 01:00:06.739 154 154 E vold : Failed to chmod /data/system_ce/0: No such file or directory
01-01 01:00:06.740 154 154 E vold : Failed to chmod /data/misc_ce/0: No such file or directory
01-01 01:00:06.740 154 154 E vold : Failed to chmod /data/media/0: No such file or directory
01-01 01:00:06.772 0 0 I apexd : This device does not support updatable APEX. Exiting
01-01 01:00:06.778 0 0 I apexd : Marking APEXd as ready
01-01 01:00:06.852 0 0 W init : Top-level directory needs encryption action, eg mkdir /data/oem encryption=Require
01-01 01:00:06.887 0 0 I logd.daemon: reinit
01-01 01:00:07.528 221 221 I gsid : no DSU: No such file or directory
01-01 01:00:07.586 0 0 W healthd : No battery devices found
01-01 01:00:07.595 0 0 W healthd : battery none chg=
01-01 01:00:08.236 240 240 I installd: installd firing up
01-01 01:00:08.552 246 246 W storaged: health: invalid battery status
01-01 01:00:08.949 247 247 I wificond: wificond is starting up...
01-01 01:00:08.954 247 247 I HidlServiceManagement: Registered android.system.wifi.keystore@1.0::IKeystore/default (start delay of 1083ms)
01-01 01:00:09.037 0 0 I init : Service 'exec 13 (/system/bin/bootstat --set_system_boot_reason)' (pid 231) exited with status 0 oneshot service took 1.238000 seconds in background
01-01 01:00:09.053 0 0 I init : Sending signal 9 to service 'exec 13 (/system/bin/bootstat --set_system_boot_reason)' (pid 231) process group...
01-01 01:00:09.066 0 0 I libprocessgroup: Successfully killed process cgroup uid 1000 pid 231 in 0ms
01-01 01:00:09.264 0 0 I init : starting service 'mdnsd'...
01-01 01:00:09.269 0 0 I init : Created socket '/dev/socket/mdnsd', mode 660, user 1020, group 3003
01-01 01:00:09.281 0 0 I init : Control message: Processed ctl.start for 'mdnsd' from pid: 230 (/apex/com.android.adbd/bin/adbd --root_seclabel=u:r:su:s0)
01-01 01:00:09.730 213 213 I android.hardware.wifi@1.0-service: Wifi Hal is booting up...
01-01 01:00:09.732 213 213 I HidlServiceManagement: Registered android.hardware.wifi@1.4::IWifi/default (start delay of 2672ms)
01-01 01:00:09.970 241 241 I iorapd : iorapd (the prefetchening) firing up
01-01 01:00:10.115 241 241 I iorapd : Opened existing database at '/data/misc/iorapd/sqlite.db'
01-01 01:00:10.194 241 241 W iorapd : Reconnect to package manager service: 1 times --------- beginning of crash
01-01 01:00:11.784 217 217 F libc : Fatal signal 6 (SIGABRT), code -1 (SI_QUEUE) in tid 217 (surfaceflinger), pid 217 (surfaceflinger)
01-01 01:00:11.880 328 328 F DEBUG : *** *** *** *** *** *** *** *** *** *** *** *** *** *** *** ***
01-01 01:00:11.880 328 328 F DEBUG : Build fingerprint: 'emteria/rpi4/rpi4:11/RQ1A.210105.003/eng.root.20210331.145622:userdebug/release-keys'
01-01 01:00:11.880 328 328 F DEBUG : Revision: '0'
01-01 01:00:11.880 328 328 F DEBUG : ABI: 'arm64'
01-01 01:00:11.881 328 328 F DEBUG : Timestamp: 1970-01-01 01:00:11+0100
01-01 01:00:11.881 328 328 F DEBUG : pid: 217, tid: 217, name: surfaceflinger >>> /system/bin/surfaceflinger <<<
01-01 01:00:11.881 328 328 F DEBUG : uid: 1000
01-01 01:00:11.882 328 328 F DEBUG : signal 6 (SIGABRT), code -1 (SI_QUEUE), fault addr --------
01-01 01:00:11.882 328 328 F DEBUG : Abort message: 'Missing internal display after registering composer callback.'
01-01 01:00:11.882 328 328 F DEBUG : x0 0000000000000000 x1 00000000000000d9 x2 0000000000000006 x3 0000007fdae7d890
01-01 01:00:11.882 328 328 F DEBUG : x4 000000001284bda1 x5 000000001284bda1 x6 000000001284bda1 x7 000000000000000b
01-01 01:00:11.882 328 328 F DEBUG : x8 00000000000000f0 x9 0000007a4386d800 x10 ffffff80ffffffdf x11 0000000000000001
01-01 01:00:11.882 328 328 F DEBUG : x12 0000007fdae7d860 x13 000000000000003e x14 0000007fdae7da30 x15 ffffffffffffffff
01-01 01:00:11.882 328 328 F DEBUG : x16 0000007a43906c80 x17 0000007a438e83c0 x18 0000007a4548e000 x19 00000000000000ac
01-01 01:00:11.882 328 328 F DEBUG : x20 00000000000000d9 x21 00000000000000b2 x22 00000000000000d9 x23 00000000ffffffff
01-01 01:00:11.882 328 328 F DEBUG : x24 0000000000000002 x25 0000000000000000 x26 0000000000000000 x27 0000000000000000
01-01 01:00:11.882 328 328 F DEBUG : x28 0000000000000000 x29 0000007fdae7d910
01-01 01:00:11.882 328 328 F DEBUG : lr 0000007a4389b544 sp 0000007fdae7d870 pc 0000007a4389b574 pst 0000000000000000
01-01 01:00:11.910 328 328 F DEBUG : backtrace:
01-01 01:00:11.911 328 328 F DEBUG : #00 pc 000000000004e574 /apex/com.android.runtime/lib64/bionic/libc.so (abort+180) (BuildId: f81965d884d6ebc5e5c3fd825c17a209)
01-01 01:00:11.911 328 328 F DEBUG : #01 pc 0000000000006334 /system/lib64/liblog.so (__android_log_default_aborter+12) (BuildId: c92329feece7a2d7fa4d9fb6acc815f9)
01-01 01:00:11.911 328 328 F DEBUG : #02 pc 0000000000006ec8 /system/lib64/liblog.so (__android_log_assert+336) (BuildId: c92329feece7a2d7fa4d9fb6acc815f9)
01-01 01:00:11.911 328 328 F DEBUG : #03 pc 000000000010a844 /system/lib64/libsurfaceflinger.so (android::SurfaceFlinger::init()+1380) (BuildId: 717e9bb2a8f30577e4b047e005231fd7)
01-01 01:00:11.911 328 328 F DEBUG : #04 pc 00000000000021a8 /system/bin/surfaceflinger (main+352) (BuildId: 90f19aac502ae7e05183738dd9ef97d1)
01-01 01:00:11.911 328 328 F DEBUG : #05 pc 0000000000049a34 /apex/com.android.runtime/lib64/bionic/libc.so (__libc_init+108) (BuildId: f81965d884d6ebc5e5c3fd825c17a209)
01-01 01:00:11.933 197 197 I boot_progress_start: 11933
01-01 01:00:12.009 0 0 D logd : logdr: UID=1000 GID=1003 PID=328 n tail=50 logMask=8 pid=217 start=0ns timeout=0ns
01-01 01:00:12.010 0 0 D logd : logdr: UID=1000 GID=1003 PID=328 n tail=50 logMask=1 pid=217 start=0ns timeout=0ns
01-01 01:00:12.047 0 0 D logd : logdr: UID=1000 GID=1003 PID=328 n tail=0 logMask=8 pid=217 start=0ns timeout=0ns
01-01 01:00:12.048 0 0 D logd : logdr: UID=1000 GID=1003 PID=328 n tail=0 logMask=1 pid=217 start=0ns timeout=0ns
01-01 01:00:12.054 0 0 I init : Service 'surfaceflinger' (pid 217) received signal 6
01-01 01:00:12.062 0 0 I init : Sending signal 9 to service 'surfaceflinger' (pid 217) process group...
01-01 01:00:12.071 0 0 I libprocessgroup: Successfully killed process cgroup uid 1000 pid 217 in 0ms
01-01 01:00:12.080 0 0 I init : Sending signal 9 to service 'zygote' (pid 197) process group...
01-01 01:00:12.111 0 0 I binder : undelivered TRANSACTION_COMPLETE
01-01 01:00:12.117 0 0 I binder : undelivered transaction 883, process died.
01-01 01:00:12.395 339 339 I boot_progress_start: 12395
01-01 01:00:12.439 344 344 F libc : Fatal signal 6 (SIGABRT), code -1 (SI_QUEUE) in tid 344 (surfaceflinger), pid 344 (surfaceflinger)
01-01 01:00:12.469 385 385 F DEBUG : *** *** *** *** *** *** *** *** *** *** *** *** *** *** *** ***
01-01 01:00:12.469 385 385 F DEBUG : Build fingerprint: 'emteria/rpi4/rpi4:11/RQ1A.210105.003/eng.root.20210331.145622:userdebug/release-keys'
01-01 01:00:12.469 385 385 F DEBUG : Revision: '0'
01-01 01:00:12.469 385 385 F DEBUG : ABI: 'arm64'
01-01 01:00:12.470 385 385 F DEBUG : Timestamp: 1970-01-01 01:00:12+0100
01-01 01:00:12.470 385 385 F DEBUG : pid: 344, tid: 344, name: surfaceflinger >>> /system/bin/surfaceflinger <<<
01-01 01:00:12.470 385 385 F DEBUG : uid: 1000
01-01 01:00:12.470 385 385 F DEBUG : signal 6 (SIGABRT), code -1 (SI_QUEUE), fault addr --------
01-01 01:00:12.470 385 385 F DEBUG : Abort message: 'Missing internal display after registering composer callback.'
01-01 01:00:12.470 385 385 F DEBUG : x0 0000000000000000 x1 0000000000000158 x2 0000000000000006 x3 0000007fc553ade0
01-01 01:00:12.470 385 385 F DEBUG : x4 000000001284bda1 x5 000000001284bda1 x6 000000001284bda1 x7 000000000000000c
01-01 01:00:12.470 385 385 F DEBUG : x8 00000000000000f0 x9 000000726b6c0800 x10 ffffff80ffffffdf x11 0000000000000001
01-01 01:00:12.470 385 385 F DEBUG : x12 0000007fc553adb0 x13 000000000000003e x14 0000007fc553af80 x15 ffffffffffffffff
01-01 01:00:12.470 385 385 F DEBUG : x16 000000726b759c80 x17 000000726b73b3c0 x18 000000726e2b4000 x19 00000000000000ac
01-01 01:00:12.471 385 385 F DEBUG : x20 0000000000000158 x21 00000000000000b2 x22 0000000000000158 x23 00000000ffffffff
01-01 01:00:12.471 385 385 F DEBUG : x24 000000000000[ 313.855630] init: starting service 'zygote'... 0002 x2[ 313.860830] init: Created socket '/dev/socket/zygote', mode 660, user 0, group 1000 5 000000[ 313.869083] init: Created socket '/dev/socket/usap_pool_primary', mode 660, user 0, group 1000 0000000000 x26 0000000000000000 x27 0000000000000000
01-01 01:00:12.471 385 385 F DEBUG : x28 0000000000000000 x29 0000007fc553ae60
01-01 01:00:12.471 385 385 F DEBUG : lr 000000726b6ee544 sp 0000007fc553adc0 pc[ 313.898776] libprocessgroup: Failed to open /dev/stune/top-app/tasks: No such file or directory: No such file or directory 000000[ 313.910565] libprocessgroup: Failed to apply MaxPerformance task profile: No such file or directory 726b6ee574 pst 0000000000000000
01-01 01:00:12.503 385 385[ 313.925465] init: starting service 'zygote_secondary'... F DEBUG[ 313.931984] init: Created socket '/dev/socket/zygote_secondary', mode 660, user 0, group 1000 : bac[ 313.941298] init: Created socket '/dev/socket/usap_pool_secondary', mode 660, user 0, group 1000 ktrace:
01-01 01:00:12.503 385 385 [ 313.953826] init: starting service 'audioserver'... F DEBUG : #00 pc 000000000004e574 /apex/com.android.runtime/lib64/bionic/libc.so (abort+180) (BuildId: f81965d884d6ebc5e5c3fd825c17a209)
01-01 01:00:12.503 385 385 F DEBUG : #01 pc 0000000000006334 /system/lib64/liblog.so (__android_log_default_aborter+12) [ 313.982925] libprocessgroup: Failed to open /dev/stune/top-app/tasks: No such file or directory: No such file or directory (BuildId: c92329feece7a2d7fa4d9fb6acc815f9)
01-01 01:00:12.503 385 385 F DEBUG : #02 pc 0000000000006ec8 /system/lib64/liblog.so (__android_log_assert+336) (BuildId: c92329feece7a2d7fa4d9fb6acc815f9)
01-01 01:00:12.503 385 385 F DEBUG : #03 pc 000000000010a844 /system/lib64/libsurfaceflinger.so (android::SurfaceFlinger::init()+1380) (BuildId: 717e9bb2a8f30577e4b047e005231fd7)
01-01 01:00:12.504 385 385 F DEBUG : #04 pc 00000000000021a8 /system/bin/surfaceflinger (main+352) (BuildId: 90f19aac502ae7e05183738dd9ef97d1)
01-01 01:00:12.504 385 385 F DEBUG : #05 pc 0000000000049a34 /apex/com.android.runtime/lib64/bionic/libc.so (__libc_init+108) (BuildId: f81965d884d6ebc5e5c3fd825c17a209)
01-01 01:00:12.514 0 0 I : [drm] Cannot find any crtc or sizes
01-01 01:00:12.613 0 0 D logd : logdr: UID=1000 GID=1003 PID=385 n tail=50 logMask=8 pid=344 start=0ns timeout=0ns
01-01 01:00:12.614 0 0 D logd : logdr: UID=1000 GID=1003 PID=385 n tail=50 logMask=1 pid=344 start=0ns timeout=0ns
01-01 01:00:12.643 0 0 D logd : logdr: UID=1000 GID=1003 PID=385 n tail=0 logMask=8 pid=344 start=0ns timeout=0ns
01-01 01:00:12.644 0 0 D logd : logdr: UID=1000 GID=1003 PID=385 n tail=0 logMask=1 pid=344 start=0ns timeout=0ns
01-01 01:00:12.926 396 396 I wificond: wificond is starting up...
01-01 01:00:12.930 396 396 I HidlServiceManagement: Registered android.system.wifi.keystore@1.0::IKeystore/default (start delay of 40ms)
01-01 01:00:13.593 246 246 E storaged: getService package_native failed
01-01 01:00:13.594 246 404 I storaged: storaged: Start
01-01 01:00:15.217 241 241 E iorapd : Cannot get package manager service!
01-01 01:00:16.217 241 241 W iorapd : Reconnect to package manager service: 2 times
01-01 01:00:17.177 0 0 I init : starting service 'zygote'...
01-01 01:00:17.182 0 0 I init : Created socket '/dev/socket/zygote', mode 660, user 0, group 1000
01-01 01:00:17.190 0 0 I init : Created socket '/dev/socket/usap_pool_primary', mode 660, user 0, group 1000
01-01 01:00:17.207 0 0 I init : starting service 'zygote_secondary'...
01-01 01:00:17.213 0 0 I init : Created socket '/dev/socket/zygote_secondary', mode 660, user 0, group 1000
01-01 01:00:17.223 0 0 I init : Created socket '/dev/socket/usap_pool_secondary', mode 660, user 0, group 1000
01-01 01:00:17.226 0 0 W libprocessgroup: Failed to open /dev/stune/top-app/tasks: No such file or directory: No such file or directory
01-01 01:00:17.235 0 0 I init : starting service 'audioserver'...
01-01 01:00:17.235 0 0 W libprocessgroup: Failed to open /dev/stune/top-app/tasks: No such file or directory: No such file or directory
01-01 01:00:17.235 0 0 W libprocessgroup: Failed to apply MaxPerformance task profile: No such file or directory
01-01 01:00:17.415 408 408 I boot_progress_start: 17415
01-01 01:00:17.505 412 412 F libc : Fatal signal 6 (SIGABRT), code -1 (SI_QUEUE) in tid 412 (surfaceflinger), pid 412 (surfaceflinger)
01-01 01:00:17.534 450 450 F DEBUG : *** *** *** *** *** *** *** *** *** *** *** *** *** *** *** ***
01-01 01:00:17.535 450 450 F DEBUG : Build fingerprint: 'emteria/rpi4/rpi4:11/RQ1A.210105.003/eng.root.20210331.145622:userdebug/release-keys'
01-01 01:00:17.535 450 450 F DEBUG : Revision: '0'
01-01 01:00:17.535 450 450 F DEBUG : ABI: 'arm64'
01-01 01:00:17.536 450 450 F DEBUG : Timestamp: 1970-01-01 01:00:17+0100
01-01 01:00:17.536 450 450 F DEBUG : pid: 412, tid: 412, name: surfaceflinger >>> /system/bin/surfaceflinger <<<
01-01 01:00:17.536 450 450 F DEBUG : uid: 1000
01-01 01:00:17.536 450 450 F DEBUG : signal 6 (SIGABRT), code -1 (SI_QUEUE), fault addr --------
01-01 01:00:17.537 450 450 F DEBUG : Abort message: 'Missing internal display after registering composer callback.'
01-01 01:00:17.537 450 450 F DEBUG : x0 0000000000000000 x1 000000000000019c x2 0000000000000006 x3 0000007fcfff0dd0
01-01 01:00:17.537 450 450 F DEBUG : x4 000000001284bda1 x5 000000001284bda1 x6 000000001284bda1 x7 0000000000000011
01-01 01:00:17.537 450 450 F DEBUG : x8 00000000000000f0 x9 00000072afdc0800 x10 ffffff80ffffffdf x11 0000000000000001
01-01 01:00:17.537 450 450 F DEBUG : x12 0000007fcfff0da0 x13 000000000000003e x14 0000007fcfff0f70 x15 ffffffffffffffff
