01-01 01:01:57.798 0 0 W libprocessgroup: Fa[ 323.958779] libprocessgroup: Failed to open /dev/stune/top-app/tasks: No such file or directory: No such file or directory iled to [ 323.970735] libprocessgroup: Failed to apply MaxPerformance task profile: No such file or directory apply MaxPerform[ 323.981511] init: starting service 'zygote_secondary'... ance tas[ 323.987885] init: Created socket '/dev/socket/zygote_secondary', mode 660, user 0, group 1000 k profil[ 323.997186] init: Created socket '/dev/socket/usap_pool_secondary', mode 660, user 0, group 1000 e: No such file or directory 01-01 01:0[ 324.009640] init: starting service 'audioserver'... 1:57.812[ 324.010408] libprocessgroup: Failed to open /dev/stune/top-app/tasks: No such file or directory: No such file or directory 0 0 I init : starting service 'zygote_secondary'...
01-01 01:01:57.818 0 0 I init : Created socket '/dev/socket/zygote_secondary', mode 660, user 0, group 1000
01-01 01:01:57.827 0 0 I init : Created socket '/dev/socket/usap_pool_secondary', mode 660, user 0, group 1000
01-01 01:01:57.840 0 0 I init : starting service 'audioserver'...
01-01 01:01:57.840 0 0 W libprocessgroup: Failed to open /dev/stune/top-app/tasks: No such file or directory: No such file or directory
01-01 01:01:57.980 1768 1768 I boot_progress_start: 117980
01-01 01:01:58.199 1772 1772 F libc : Fatal signal 6 (SIGABRT), code -1 (SI_QUEUE) in tid 1772 (surfaceflinger), pid 1772 (surfaceflinger)
01-01 01:01:58.238 1812 1812 F DEBUG : *** *** *** *** *** *** *** *** *** *** *** *** *** *** *** ***
01-01 01:01:58.238 1812 1812 F DEBUG : Build fingerprint: 'emteria/rpi4/rpi4:11/RQ1A.210105.003/eng.root.20210331.145622:userdebug/release-keys'
01-01 01:01:58.239 1812 1812 F DEBUG : Revision: '0'
01-01 01:01:58.239 1812 1812 F DEBUG : ABI: 'arm64'
01-01 01:01:58.240 1812 1812 F DEBUG : Timestamp: 1970-01-01 01:01:58+0100
01-01 01:01:58.240 1812 1812 F DEBUG : pid: 1772, tid: 1772, name: surfaceflinger >>> /system/bin/surfaceflinger <<<
01-01 01:01:58.240 1812 1812 F DEBUG : uid: 1000
01-01 01:01:58.240 1812 1812 F DEBUG : signal 6 (SIGABRT), code -1 (SI_QUEUE), fault addr --------
01-01 01:01:58.240 1812 1812 F DEBUG : Abort message: 'Missing internal display after registering composer callback.'
01-01 01:01:58.240 1812 1812 F DEBUG : x0 0000000000000000 x1 00000000000006ec x2 0000000000000006 x3 0000007fdaa24fe0
01-01 01:01:58.240 1812 1812 F DEBUG : x4 000000001284bda1 x5 000000001284bda1 x6 000000001284bda1 x7 0000000000000076
01-01 01:01:58.240 1812 1812 F DEBUG : x8 00000000000000f0 x9 000000797fe2c800 x10 ffffff80ffffffdf x11 0000000000000001
01-01 01:01:58.240 1812 1812 F DEBUG : x12 0000007fdaa24fb0 x13 000000000000003e x14 0000007fdaa25180 x15 ffffffffffffffff
01-01 01:01:58.240 1812 1812 F DEBUG : x16 000000797fec5c80 x17 000000797fea73c0 x18 0000007981618000 x19 00000000000000ac
01-01 01:01:58.241 1812 1812 F DEBUG : x20 00000000000006ec x21 00000000000000b2 x22 00000000000006ec x23 00000000ffffffff
01-01 01:01:58.241 1812 1812 F DEBUG : x24 0000000000000002 x25 0000000000000000 x26 0000000000000000 x27 0000000000000000
01-01 01:01:58.241 1812 1812 F DEBUG : x28 0000000000000000 x29 0000007fdaa25060
01-01 01:01:58.241 1812 1812 F DEBUG : lr 000000797fe5a544 sp 0000007fdaa24fc0 pc 000000797fe5a574 pst 0000000000000000
01-01 01:01:58.271 1812 1812 F DEBUG : backtrace:
01-01 01:01:58.271 1812 1812 F DEBUG : #00 pc 000000000004e574 /apex/com.android.runtime/lib64/bionic/libc.so (abort+180) (BuildId: f81965d884d6ebc5e5c3fd825c17a209)
01-01 01:01:58.271 1812 1812 F DEBUG : #01 pc 0000000000006334 /system/lib64/liblog.so (__android_log_default_aborter+12) (BuildId: c92329feece7a2d7fa4d9fb6acc815f9)
01-01 01:01:58.272 1812 1812 F DEBUG : #02 pc 0000000000006ec8 /system/lib64/liblog.so (__android_log_assert+336) (BuildId: c92329feece7a2d7fa4d9fb6acc815f9)
01-01 01:01:58.272 1812 1812 F DEBUG : #03 pc 000000000010a844 /system/lib64/libsurfaceflinger.so (android::SurfaceFlinger::init()+1380) (BuildId: 717e9bb2a8f30577e4b047e005231fd7)
01-01 01:01:58.272 1812 1812 F DEBUG : #04 pc 00000000000021a8 /system/bin/surfaceflinger (main+352) (BuildId: 90f19aac502ae7e05183738dd9ef97d1)
01-01 01:01:58.272 1812 1812 F DEBUG : #05 pc 0000000000049a34 /apex/com.android.runtime/lib64/bionic/libc.so (__libc_init+108) (BuildId: f81965d884d6ebc5e5c3fd825c17a209)
01-01 01:01:58.298 1768 1768 I boot_progress_preload_start: 118298
01-01 01:01:58.316 1768 1768 D Zygote64Timing: BeginPreload took to complete: 17ms
01-01 01:01:58.357 1769 1769 D Zygote32Timing: PostZygoteInitGC took to complete: 23ms
01-01 01:01:58.357 1769 1769 D Zygote32Timing: ZygoteInit took to complete: 31ms
01-01 01:01:58.374 0 0 D logd : logdr: UID=1000 GID=1003 PID=1812 n tail=50 logMask=8 pid=1772 start=0ns timeout=0ns
01-01 01:01:58.376 0 0 D logd : logdr: UID=1000 GID=1003 PID=1812 n tail=50 logMask=1 pid=1772 start=0ns timeout=0ns
01-01 01:01:58.407 0 0 D logd : logdr: UID=1000 GID=1003 PID=1812 n tail=0 logMask=8 pid=1772 start=0ns timeout=0ns
01-01 01:01:58.409 0 0 D logd : logdr: UID=1000 GID=1003 PID=1812 n tail=0 logMask=1 pid=1772 start=0ns timeout=0ns
01-01 01:01:58.543 241 241 W iorapd : Reconnect to package manager service: 19 times
01-01 01:01:58.584 1833 1833 I wificond: wificond is starting up...
01-01 01:01:58.588 1833 1833 I HidlServiceManagement: Registered android.system.wifi.keystore@1.0::IKeystore/default (start delay of 38ms)
01-01 01:02:02.774 0 0 I init : starting service 'zygote'...
01-01 01:02:02.779 0 0 I init : Created socket '/dev/socket/zygote', mode 660, user 0, group 1000
01-01 01:02:02.788 0 0 I init : Created socket '/dev/socket/usap_pool_primary', mode 660, user 0, group 1000
01-01 01:02:02.814 0 0 W libprocessgroup: Failed to open /dev/stune/top-app/tasks: No such file or directory: No such file or directory
01-01 01:02:02.826 0 0 W libprocessgroup: Failed to apply MaxPerformance task profile: No such file or directory
01-01 01:02:02.839 0 0 I init : starting service 'zygote_secondary'...
01-01 01:02:02.844 0 0 I init : Created socket '/dev/socket/zygote_secondary', mode 660, user 0, group 1000
01-01 01:02:02.854 0 0 I init : Created socket '/dev/socket/usap_pool_secondary', mode 660, user 0, group 1000
01-01 01:02:02.866 0 0 I init : starting service 'audioserver'...
01-01 01:02:02.886 0 0 W libprocessgroup: Failed to open /dev/stune/top-app/tasks: No such file or directory: No such file or directory
01-01 01:02:03.009 1841 1841 I boot_progress_start: 123009
01-01 01:02:03.276 1845 1845 F libc : Fatal signal 6 (SIGABRT), code -1 (SI_QUEUE) in tid 1845 (surfaceflinger), pid 1845 (surfaceflinger)
01-01 01:02:03.306 1841 1841 I boot_progress_preload_start: 123306
01-01 01:02:03.313 1891 1891 F DEBUG : *** *** *** *** *** *** *** *** *** *** *** *** *** *** *** ***
01-01 01:02:03.314 1891 1891 F DEBUG : Build fingerprint: 'emteria/rpi4/rpi4:11/RQ1A.210105.003/eng.root.20210331.145622:userdebug/release-keys'
01-01 01:02:03.314 1891 1891 F DEBUG : Revision: '0'
01-01 01:02:03.314 1891 1891 F DEBUG : ABI: 'arm64'
01-01 01:02:03.315 1891 1891 F DEBUG : Timestamp: 1970-01-01 01:02:03+0100
01-01 01:02:03.315 1891 1891 F DEBUG : pid: 1845, tid: 1845, name: surfaceflinger >>> /system/bin/surfaceflinger <<<
01-01 01:02:03.315 1891 1891 F DEBUG : uid: 1000
01-01 01:02:03.315 1891 1891 F DEBUG : signal 6 (SIGABRT), code -1 (SI_QUEUE), fault addr --------
01-01 01:02:03.315 1891 1891 F DEBUG : Abort message: 'Missing internal display after registering composer callback.'
01-01 01:02:03.315 1891 1891 F DEBUG : x0 0000000000000000 x1 0000000000000735 x2 0000000000000006 x3 0000007ffdc67920
01-01 01:02:03.315 1891 1891 F DEBUG : x4 000000001284bda1 x5 000000001284bda1 x6 000000001284bda1 x7 000000000000007b
01-01 01:02:03.316 1891 1891 F DEBUG : x8 00000000000000f0 x9 000000737aeed800 x10 ffffff80ffffffdf x11 0000000000000001
01-01 01:02:03.316 1891 1891 F DEBUG : x12 0000007ffdc678f0 x13 000000000000003e x14 0000007ffdc67ac0 x15 ffffffffffffffff
01-01 01:02:03.316 1891 1891 F DEBUG : x16 000000737af86c80 x17 000000737af683c0 x18 000000737d196000 x19 00000000000000ac
01-01 01:02:03.316 1891 1891 F DEBUG : x20 0000000000000735 x21 00000000000000b2 x22 0000000000000735 x23 00000000ffffffff
01-01 01:02:03.316 1891 1891 F DEBUG : x24 0000000000000002 x25 0000000000000000 x26 0000000000000000 x27 0000000000000000
01-01 01:02:03.316 1891 1891 F DEBUG : x28 0000000000000000 x29 0000007ffdc679a0
01-01 01:02:03.316 1891 1891 F DEBUG : lr 000000737af1b544 sp 0000007ffdc67900 pc 000000737af1b574 pst 0000000000000000
01-01 01:02:03.325 1841 1841 D Zygote64Timing: BeginPreload took to complete: 19ms
01-01 01:02:03.346 1891 1891 F DEBUG : backtrace:
01-01 01:02:03.347 1891 1891 F DEBUG : #00 pc 000000000004e574 /apex/com.android.runtime/lib64/bionic/libc.so (abort+180) (BuildId: f81965d884d6ebc5e5c3fd825c17a209)
01-01 01:02:03.347 1891 1891 F DEBUG : #01 pc 0000000000006334 /system/lib64/liblog.so (__android_log_default_aborter+12) (BuildId: c92329feece7a2d7fa4d9fb6acc815f9)
01-01 01:02:03.347 1891 1891 F DEBUG : #02 pc 0000000000006ec8 /system/lib64/liblog.so (__android_log_assert+336) (BuildId: c92329feece7a2d7fa4d9fb6acc815f9)
01-01 01:02:03.347 1891 1891 F DEBUG : #03 pc 000000000010a844 /system/lib64/libsurfaceflinger.so (android::SurfaceFlinger::init()+1380) (BuildId: 717e9bb2a8f30577e4b047e005231fd7)
01-01 01:02:03.347 1891 1891 F DEBUG : #04 pc 00000000000021a8 /system/bin/surfaceflinger (main+352) (BuildId: 90f19aac502ae7e05183738dd9ef97d1)
01-01 01:02:03.347 1891 1891 F DEBUG : #05 pc 0000000000049a34 /apex/com.android.runtime/lib64/bionic/libc.so (__libc_init+108) (BuildId: f81965d884d6ebc5e5c3fd825c17a209)
01-01 01:02:03.400 1842 1842 D Zygote32Timing: PostZygoteInitGC took to complete: 17ms
01-01 01:02:03.400 1842 1842 D Zygote32Timing: ZygoteInit took to complete: 24ms
01-01 01:02:03.445 0 0 D logd : logdr: UID=1000 GID=1003 PID=1891 n tail=50 logMask=8 pid=1845 start=0ns timeout=0ns
01-01 01:02:03.446 0 0 D logd : logdr: UID=1000 GID=1003 PID=1891 n tail=50 logMask=1 pid=1845 start=0ns timeout=0ns
01-01 01:02:03.476 0 0 D logd : logdr: UID=1000 GID=1003 PID=1891 n tail=0 logMask=8 pid=1845 start=0ns timeout=0ns
01-01 01:02:03.478 0 0 D logd : logdr: UID=1000 GID=1003 PID=1891 n tail=0 logMask=1 pid=1845 start=0ns timeout=0ns
01-01 01:02:03.558 241 241 E iorapd : Cannot get package manager service!
01-01 01:02:03.644 1907 1907 I wificond: wificond is starting up...
01-01 01:02:03.648 1907 1907 I HidlServiceManagement: Registered android.system.wifi.keystore@1.0::IKeystore/default (start delay of 38ms)
01-01 01:02:04.558 241 241 W iorapd : Reconnect to package manager service: 20 times
01-01 01:02:07.802 0 0 I init : starting service 'zygote'...
01-01 01:02:07.807 0 0 I init : Created socket '/dev/socket/zygote', mode 660, user 0, group 1000
01-01 01:02:07.816 0 0 I init : Created socket '/dev/socket/usap_pool_primary', mode 660, user 0, group 1000
01-01 01:02:07.846 0 0 W libprocessgroup: Failed to open /dev/stune/top-app/tasks: No such file or directory: No such file or directory
01-01 01:02:07.858 0 0 W libprocessgroup: Failed to apply MaxPerformance task profile: No such file or directory
01-01 01:02:07.866 0 0 I init : starting service 'zygote_secondary'...
01-01 01:02:07.873 0 0 I init : Created socket '/dev/socket/zygote_secondary', mode 660, user 0, group 1000
01-01 01:02:07.882 0 0 I init : Created socket '/dev/socket/usap_pool_secondary', mode 660, user 0, group 1000
01-01 01:02:07.894 0 0 I init : starting service 'audioserver'...
01-01 01:02:07.895 0 0 W libprocessgroup: Failed to open /dev/stune/top-app/tasks: No such file or directory: No such file or directory
01-01 01:02:08.048 1914 1914 I boot_progress_start: 128048
01-01 01:02:08.258 1918 1918 F libc : Fatal signal 6 (SIGABRT), code -1 (SI_QUEUE) in tid 1918 (surfaceflinger), pid 1918 (surfaceflinger)
01-01 01:02:08.307 1956 1956 F DEBUG : *** *** *** *** *** *** *** *** *** *** *** *** *** *** *** ***
01-01 01:02:08.307 1956 1956 F DEBUG : Build fingerprint: 'emteria/rpi4/rpi4:11/RQ1A.210105.003/eng.root.20210331.145622:userdebug/release-keys'
01-01 01:02:08.307 1956 1956 F DEBUG : Revision: '0'
01-01 01:02:08.307 1956 1956 F DEBUG : ABI: 'arm64'
01-01 01:02:08.310 1956 1956 F DEBUG : Timestamp: 1970-01-01 01:02:08+0100
01-01 01:02:08.310 1956 1956 F DEBUG : pid: 1918, tid: 1918, name: surfaceflinger >>> /system/bin/surfaceflinger <<<
01-01 01:02:08.310 1956 1956 F DEBUG : uid: 1000
01-01 01:02:08.310 1956 1956 F DEBUG : signal 6 (SIGABRT), code -1 (SI_QUEUE), fault addr --------
01-01 01:02:08.310 1956 1956 F DEBUG : Abort message: 'Missing internal display after registering composer callback.'
01-01 01:02:08.311 1956 1956 F DEBUG : x0 0000000000000000 x1 000000000000077e x2 0000000000000006 x3 0000007fefc8b480
01-01 01:02:08.311 1956 1956 F DEBUG : x4 000000001284bda1 x5 000000001284bda1 x6 000000001284bda1 x7 0000000000000080
01-01 01:02:08.311 1956 1956 F DEBUG : x8 00000000000000f0 x9 0000007d84cb1800 x10 ffffff80ffffffdf x11 0000000000000001
01-01 01:02:08.311 1956 1956 F DEBUG : x12 0000007fefc8b450 x13 000000000000003e x14 0000007fefc8b620 x15 ffffffffffffffff
01-01 01:02:08.311 1956 1956 F DEBUG : x16 0000007d84d4ac80 x17 0000007d84d2c3c0 x18 0000007d85bd8000 x19 00000000000000ac
01-01 01:02:08.311 1956 1956 F DEBUG : x20 000000000000077e x21 00000000000000b2 x22 000000000000077e x23 00000000ffffffff
01-01 01:02:08.311 1956 1956 F DEBUG : x24 0000000000000002 x25 0000000000000000 x26 0000000000000000 x27 0000000000000000
01-01 01:02:08.311 1956 1956 F DEBUG : x28 0000000000000000 x29 0000007fefc8b500
01-01 01:02:08.311 1956 1956 F DEBUG : lr 0000007d84cdf544 sp 0000007fefc8b460 pc 0000007d84cdf574 pst 0000000000000000
01-01 01:02:08.343 1956 1956 F DEBUG : backtrace:
01-01 01:02:08.347 1914 1914 I boot_progress_preload_start: 128347
01-01 01:02:08.350 1956 1956 F DEBUG : #00 pc 000000000004e574 /apex/com.android.runtime/lib64/bionic/libc.so (abort+180) (BuildId: f81965d884d6ebc5e5c3fd825c17a209)
01-01 01:02:08.350 1956 1956 F DEBUG : #01 pc 0000000000006334 /system/lib64/liblog.so (__android_log_default_aborter+12) (BuildId: c92329feece7a2d7fa4d9fb6acc815f9)
01-01 01:02:08.350 1956 1956 F DEBUG : #02 pc 0000000000006ec8 /system/lib64/liblog.so (__android_log_assert+336) (BuildId: c92329feece7a2d7fa4d9fb6acc815f9)
01-01 01:02:08.350 1956 1956 F DEBUG : #03 pc 000000000010a844 /system/lib64/libsurfaceflinger.so (android::SurfaceFlinger::init()+1380) (BuildId: 717e9bb2a8f30577e4b047e005231fd7)
01-01 01:02:08.350 1956 1956 F DEBUG : #04 pc 00000000000021a8 /system/bin/surfaceflinger (main+352) (BuildId: 90f19aac502ae7e05183738dd9ef97d1)
01-01 01:02:08.350 1956 1956 F DEBUG : #05 pc 0000000000049a34 /apex/com.android.runtime/lib64/bionic/libc.so (__libc_init+108) (BuildId: f81965d884d6ebc5e5c3fd825c17a209)
01-01 01:02:08.364 1914 1914 D Zygote64Timing: BeginPreload took to complete: 17ms
01-01 01:02:08.407 1915 1915 D Zygote32Timing: PostZygoteInitGC took to complete: 17ms
01-01 01:02:08.407 1915 1915 D Zygote32Timing: ZygoteInit took to complete: 25ms
01-01 01:02:08.455 0 0 D logd : logdr: UID=1000 GID=1003 PID=1956 n tail=50 logMask=8 pid=1918 start=0ns timeout=0ns
01-01 01:02:08.457 0 0 D logd : logdr: UID=1000 GID=1003 PID=1956 n tail=50 logMask=1 pid=1918 start=0ns timeout=0ns
01-01 01:02:08.486 0 0 D logd : logdr: UID=1000 GID=1003 PID=1956 n tail=0 logMask=8 pid=1918 start=0ns timeout=0ns
01-01 01:02:08.488 0 0 D logd : logdr: UID=1000 GID=1003 PID=1956 n tail=0 logMask=1 pid=1918 start=0ns timeout=0ns
01-01 01:02:08.660 1980 1980 I wificond: wificond is starting up...
01-01 01:02:08.664 1980 1980 I HidlServiceManagement: Registered android.system.wifi.keystore@1.0::IKeystore/default (start delay of 44ms)
01-01 01:02:09.579 241 241 E iorapd : Cannot get package manager service!
01-01 01:02:10.579 241 241 W iorapd : Reconnect to package manager service: 21 times
01-01 01:02:12.831 0 0 I init : starting service 'zygote'...
01-01 01:02:12.836 0 0 I init : Created socket '/dev/socket/zygote', mode 660, user 0, group 1000
01-01 01:02:12.844 0 0 I init : Created socket '/dev/socket/usap_pool_primary', mode 660, user 0, group 1000
01-01 01:02:12.870 0 0 W libprocessgroup: Failed to open /dev/stune/top-app/tasks: No such file or directory: No such file or directory
01-01 01:02:12.882 0 0 W libprocessgroup: Failed to apply MaxPerformance task profile: No such file or directory
01-01 01:02:12.893 0 0 I init : starting service 'zygote_secondary'...
01-01 01:02:12.899 0 0 I init : Created socket '/dev/socket/zygote_secondary', mode 660, user 0, group 1000
01-01 01:02:12.908 0 0 I init : Created socket '/dev/socket/usap_pool_secondary', mode 660, user 0, group 1000
01-01 01:02:12.921 0 0 I init : starting service 'audioserver'...
01-01 01:02:12.938 0 0 W libprocessgroup: Failed to open /dev/stune/top-app/tasks: No such file or directory: No such file or directory
01-01 01:02:13.064 1988 1988 I boot_progress_start: 133064
01-01 01:02:13.291 1992 1992 F libc : Fatal signal 6 (SIGABRT), code -1 (SI_QUEUE) in tid 1992 (surfaceflinger), pid 1992 (surfaceflinger)
01-01 01:02:13.335 2030 2030 F DEBUG : *** *** *** *** *** *** *** *** *** *** *** *** *** *** *** ***
01-01 01:02:13.336 2030 2030 F DEBUG : Build fingerprint: 'emteria/rpi4/rpi4:11/RQ1A.210105.003/eng.root.20210331.145622:userdebug/release-keys'
01-01 01:02:13.336 2030 2030 F DEBUG : Revision: '0'
01-01 01:02:13.336 2030 2030 F DEBUG : ABI: 'arm64'
01-01 01:02:13.338 2030 2030 F DEBUG : Timestamp: 1970-01-01 01:02:13+0100
01-01 01:02:13.338 2030 2030 F DEBUG : pid: 1992, tid: 1992, name: surfaceflinger >>> /system/bin/surfaceflinger <<<
01-01 01:02:13.338 2030 2030 F DEBUG : uid: 1000
01-01 01:02:13.338 2030 2030 F DEBUG : signal 6 (SIGABRT), code -1 (SI_QUEUE), fault addr --------
01-01 01:02:13.338 2030 2030 F DEBUG : Abort message: 'Missing internal display after registering composer callback.'
01-01 01:02:13.338 2030 2030 F DEBUG : x0 0000000000000000 x1 00000000000007c8 x2 0000000000000006 x3 0000007fc4efb440
01-01 01:02:13.338 2030 2030 F DEBUG : x4 000000001284bda1 x5 000000001284bda1 x6 000000001284bda1 x7 0000000000000085
01-01 01:02:13.338 2030 2030 F DEBUG : x8 00000000000000f0 x9 0000007c4c633800 x10 ffffff80ffffffdf x11 0000000000000001
01-01 01:02:13.338 2030 2030 F DEBUG : x12 0000007fc4efb410 x13 000000000000003e x14 0000007fc4efb5e0 x15 ffffffffffffffff
01-01 01:02:13.338 2030 2030 F DEBUG : x16 0000007c4c6ccc80 x17 0000007c4c6ae3c0 x18 0000007c4d924000 x19 00000000000000ac
01-01 01:02:13.338 2030 2030 F DEBUG : x20 00000000000007c8 x21 00000000000000b2 x22 00000000000007c8 x23 00000000ffffffff
01-01 01:02:13.338 2030 2030 F DEBUG : x24 0000000000000002 x25 0000000000000000 x26 0000000000000000 x27 0000000000000000
01-01 01:02:13.339 2030 2030 F DEBUG : x28 0000000000000000 x29 0000007fc4efb4c0
01-01 01:02:13.339 2030 2030 F DEBUG : lr 0000007c4c661544 sp 0000007fc4efb420 pc 0000007c4c661574 pst 0000000000000000
01-01 01:02:13.362 1988 1988 I boot_progress_preload_start: 133361
01-01 01:02:13.369 2030 2030 F DEBUG : backtrace:
01-01 01:02:13.375 2030 2030 F DEBUG : #00 pc 000000000004e574 /apex/com.android.runtime/lib64/bionic/libc.so (abort+180) (BuildId: f81965d884d6ebc5e5c3fd825c17a209)
01-01 01:02:13.375 2030 2030 F DEBUG : #01 pc 0000000000006334 /system/lib64/liblog.so (__android_log_default_aborter+12) (BuildId: c92329feece7a2d7fa4d9fb6acc815f9)
01-01 01:02:13.375 2030 2030 F DEBUG : #02 pc 0000000000006ec8 /system/lib64/liblog.so (__android_log_assert+336) (BuildId: c92329feece7a2d7fa4d9fb6acc815f9)
01-01 01:02:13.375 2030 2030 F DEBUG : #03 pc 000000000010a844 /system/lib64/libsurfaceflinger.so (android::SurfaceFlinger::init()+1380) (BuildId: 717e9bb2a8f30577e4b047e005231fd7)
01-01 01:02:13.375 2030 2030 F DEBUG : #04 pc 00000000000021a8 /system/bin/surfaceflinger (main+352) (BuildId: 90f19aac502ae7e05183738dd9ef97d1)
01-01 01:02:13.375 2030 2030 F DEBUG : #05 pc 0000000000049a34 /apex/com.android.runtime/lib64/bionic/libc.so (__libc_init+108) (BuildId: f81965d884d6ebc5e5c3fd825c17a209)
01-01 01:02:13.381 1988 1988 D Zygote64Timing: BeginPreload took to complete: 19ms
01-01 01:02:13.463 1989 1989 D Zygote32Timing: PostZygoteInitGC took to complete: 24ms
01-01 01:02:13.463 1989 1989 D Zygote32Timing: ZygoteInit took to complete: 31ms
01-01 01:02:13.477 0 0 D logd : logdr: UID=1000 GID=1003 PID=2030 n tail=50 logMask=8 pid=1992 start=0ns timeout=0ns
01-01 01:02:13.479 0 0 D logd : logdr: UID=1000 GID=1003 PID=2030 n tail=50 logMask=1 pid=1992 start=0ns timeout=0ns
01-01 01:02:13.509 0 0 D logd : logdr: UID=1000 GID=1003 PID=2030 n tail=0 logMask=8 pid=1992 start=0ns timeout=0ns
01-01 01:02:13.510 0 0 D logd : logdr: UID=1000 GID=1003 PID=2030 n tail=0 logMask=1 pid=1992 start=0ns timeout=0ns
01-01 01:02:13.684 2053 2053 I wificond: wificond is starting up...
01-01 01:02:13.688 2053 2053 I HidlServiceManagement: Registered android.system.wifi.keystore@1.0::IKeystore/default (start delay of 38ms)
01-01 01:02:15.596 241 241 E iorapd : Cannot get package manager service!
01-01 01:02:16.596 241 241 W iorapd : Reconnect to package manager service: 22 times
01-01 01:02:17.859 0 0 I init : starting service 'zygote'...
01-01 01:02:17.864 0 0 I init : Created socket '/dev/socket/zygote', mode 660, user 0, group 1000
01-01 01:02:17.872 0 0 I init : Created socket '/dev/socket/usap_pool_primary', mode 660, user 0, group 1000
01-01 01:02:17.898 0 0 W libprocessgroup: Failed to open /dev/stune/top-app/tasks: No such file or directory: No such file or directory
01-01 01:02:17.910 0 0 W libprocessgroup: Failed to apply MaxPerformance task profile: No such file or directory
01-01 01:02:17.920 0 0 I init : starting service 'zygote_secondary'...
01-01 01:02:17.926 0 0 I init : Created socket '/dev/socket/zygote_secondary', mode 660, user 0, group 1000
01-01 01:02:17.935 0 0 I init : Created socket '/dev/socket/usap_pool_secondary', mode 660, user 0, group 1000
01-01 01:02:17.948 0 0 I init : starting service 'audioserver'...
01-01 01:02:17.948 0 0 W libprocessgroup: Failed to open /dev/stune/top-app/tasks: No such file or directory: No such file or directory
01-01 01:02:18.095 2059 2059 I boot_progress_start: 138095
01-01 01:02:18.201 2063 2063 F libc : Fatal signal 6 (SIGABRT), code -1 (SI_QUEUE) in tid 2063 (surfaceflinger), pid 2063 (surfaceflinger)
01-01 01:02:18.293 2085 2085 F DEBUG : *** *** *** *** *** *** *** *** *** *** *** *** *** *** *** ***
01-01 01:02:18.294 2085 2085 F DEBUG : Build fingerprint: 'emteria/rpi4/rpi4:11/RQ1A.210105.003/eng.root.20210331.145622:userdebug/release-keys'
01-01 01:02:18.294 2085 2085 F DEBUG : Revision: '0'
01-01 01:02:18.294 2085 2085 F DEBUG : ABI: 'arm64'
01-01 01:02:18.295 2085 2085 F DEBUG : Timestamp: 1970-01-01 01:02:18+0100
01-01 01:02:18.295 2085 2085 F DEBUG : pid: 2063, tid: 2063, name: surfaceflinger >>> /system/bin/surfaceflinger <<<
01-01 01:02:18.295 2085 2085 F DEBUG : uid: 1000
01-01 01:02:18.295 2085 2085 F DEBUG : signal 6 (SIGABRT), code -1 (SI_QUEUE), fault addr --------
01-01 01:02:18.295 2085 2085 F DEBUG : Abort message: 'Missing internal display after registering composer callback.'
01-01 01:02:18.296 2085 2085 F DEBUG : x0 0000000000000000 x1 000000000000080f x2 0000000000000006 x3 0000007fc87936f0
01-01 01:02:18.300 2085 2085 F DEBUG : x4 000000001284bda1 x5 000000001284bda1 x6 000000001284bda1 x7 000000000000008a
01-01 01:02:18.300 2085 2085 F DEBUG : x8 00000000000000f0 x9 0000006fbd2ba800 x10 ffffff80ffffffdf x11 0000000000000001
01-01 01:02:18.300 2085 2085 F DEBUG : x12 0000007fc87936c0 x13 000000000000003e x14 0000007fc8793890 x15 ffffffffffffffff
01-01 01:02:18.300 2085 2085 F DEBUG : x16 0000006fbd353c80 x17 0000006fbd3353c0 x18 0000006fbf590000 x19 00000000000000ac
01-01 01:02:18.300 2085 2085 F DEBUG : x20 000000000000080f x21 00000000000000b2 x22 000000000000080f x23 00000000ffffffff
01-01 01:02:18.300 2085 2085 F DEBUG : x24 0000000000000002 x25 0000000000000000 x26 0000000000000000 x27 0000000000000000
01-01 01:02:18.300 2085 2085 F DEBUG : x28 0000000000000000 x29 0000007fc8793770
01-01 01:02:18.300 2085 2085 F DEBUG : lr 0000006fbd2e8544 sp 0000007fc87936d0 pc 0000006fbd2e8574 pst 0000000000000000
01-01 01:02:18.339 2085 2085 F DEBUG : backtrace:
01-01 01:02:18.339 2085 2085 F DEBUG : #00 pc 000000000004e574 /apex/com.android.runtime/lib64/bionic/libc.so (abort+180) (BuildId: f81965d884d6ebc5e5c3fd825c17a209)
01-01 01:02:18.339 2085 2085 F DEBUG : #01 pc 0000000000006334 /system/lib64/liblog.so (__android_log_default_aborter+12) (BuildId: c92329feece7a2d7fa4d9fb6acc815f9)
01-01 01:02:18.339 2085 2085 F DEBUG : #02 pc 0000000000006ec8 /system/lib64/liblog.so (__android_log_assert+336) (BuildId: c92329feece7a2d7fa4d9fb6acc815f9)
01-01 01:02:18.339 2085 2085 F DEBUG : #03 pc 000000000010a844 /system/lib64/libsurfaceflinger.so (android::SurfaceFlinger::init()+1380) (BuildId: 717e9bb2a8f30577e4b047e005231fd7)
01-01 01:02:18.339 2085 2085 F DEBUG : #04 pc 00000000000021a8 /system/bin/surfaceflinger (main+352) (BuildId: 90f19aac502ae7e05183738dd9ef97d1)
01-01 01:02:18.339 2085 2085 F DEBUG : #05 pc 0000000000049a34 /apex/com.android.runtime/lib64/bionic/libc.so (__libc_init+108) (BuildId: f81965d884d6ebc5e5c3fd825c17a209)
01-01 01:02:18.406 2059 2059 I boot_progress_preload_start: 138405
01-01 01:02:18.423 2059 2059 D Zygote64Timing: BeginPreload took to complete: 17ms
01-01 01:02:18.461 2060 2060 D Zygote32Timing: PostZygoteInitGC took to complete: 16ms
01-01 01:02:18.461 2060 2060 D Zygote32Timing: ZygoteInit took to complete: 23ms
01-01 01:02:18.470 0 0 D logd : logdr: UID=1000 GID=1003 PID=2085 n tail=50 logMask=8 pid=2063 start=0ns timeout=0ns
01-01 01:02:18.472 0 0 D logd : logdr: UID=1000 GID=1003 PID=2085 n tail=50 logMask=1 pid=2063 start=0ns timeout=0ns
01-01 01:02:18.504 0 0 D logd : logdr: UID=1000 GID=1003 PID=2085 n tail=0 logMask=8 pid=2063 start=0ns timeout=0ns
01-01 01:02:18.510 0 0 D logd : logdr: UID=1000 GID=1003 PID=2085 n tail=0 logMask=1 pid=2063 start=0ns timeout=0ns
01-01 01:02:18.697 2125 2125 I wificond: wificond is starting up...
01-01 01:02:18.701 2125 2125 I HidlServiceManagement: Registered android.system.wifi.keystore@1.0::IKeystore/default (start delay of 41ms)
01-01 01:02:21.644 241 241 E iorapd : Cannot get package manager service!
01-01 01:02:22.644 241 241 W iorapd : Reconnect to package manager service: 23 times
01-01 01:02:22.887 0 0 I init : starting service 'zygote'...
01-01 01:02:22.892 0 0 I init : Created socket '/dev/socket/zygote', mode 660, user 0, group 1000
01-01 01:02:22.900 0 0 I init : Created socket '/dev/socket/usap_pool_primary', mode 660, user 0, group 1000
01-01 01:02:22.930 0 0 W libprocessgroup: Failed to open /dev/stune/top-app/tasks: No such file or directory: No such file or directory
01-01 01:02:22.942 0 0 W libprocessgroup: Failed to apply MaxPerformance task profile: No such file or directory
01-01 01:02:22.946 0 0 I init : starting service 'zygote_secondary'...
01-01 01:02:22.957 0 0 I init : Created socket '/dev/socket/zygote_secondary', mode 660, user 0, group 1000
01-01 01:02:22.966 0 0 I init : Created socket '/dev/socket/usap_pool_secondary', mode 660, user 0, group 1000
01-01 01:02:22.978 0 0 I init : starting service 'audioserver'...
01-01 01:02:22.979 0 0 W libprocessgroup: Failed to open /dev/stune/top-app/tasks: No such file or directory: No such file or directory
01-01 01:02:23.137 2131 2131 I boot_progress_start: 143137
01-01 01:02:23.288 2135 2135 F libc : Fatal signal 6 (SIGABRT), code -1 (SI_QUEUE) in tid 2135 (surfaceflinger), pid 2135 (surfaceflinger)
01-01 01:02:23.349 2173 2173 F DEBUG : *** *** *** *** *** *** *** *** *** *** *** *** *** *** *** ***
01-01 01:02:23.349 2173 2173 F DEBUG : Build fingerprint: 'emteria/rpi4/rpi4:11/RQ1A.210105.003/eng.root.20210331.145622:userdebug/release-keys'
01-01 01:02:23.349 2173 2173 F DEBUG : Revision: '0'
01-01 01:02:23.349 2173 2173 F DEBUG : ABI: 'arm64'
01-01 01:02:23.350 2173 2173 F DEBUG : Timestamp: 1970-01-01 01:02:23+0100
01-01 01:02:23.350 2173 2173 F DEBUG : pid: 2135, tid: 2135, name: surfaceflinger >>> /system/bin/surfaceflinger <<<
01-01 01:02:23.350 2173 2173 F DEBUG : uid: 1000
01-01 01:02:23.350 2173 2173 F DEBUG : signal 6 (SIGABRT), code -1 (SI_QUEUE), fault addr --------
01-01 01:02:23.351 2173 2173 F DEBUG : Abort message: 'Missing internal display after registering composer callback.'
01-01 01:02:23.351 2173 2173 F DEBUG : x0 0000000000000000 x1 0000000000000857 x2 0000000000000006 x3 0000007fe67e0c20
01-01 01:02:23.351 2173 2173 F DEBUG : x4 000000001284bda1 x5 000000001284bda1 x6 000000001284bda1 x7 000000000000008f
01-01 01:02:23.351 2173 2173 F DEBUG : x8 00000000000000f0 x9 0000007e5c8b1800 x10 ffffff80ffffffdf x11 0000000000000001
01-01 01:02:23.351 2173 2173 F DEBUG : x12 0000007fe67e0bf0 x13 000000000000003e x14 0000007fe67e0dc0 x15 ffffffffffffffff
01-01 01:02:23.351 2173 2173 F DEBUG : x16 0000007e5c94ac80 x17 0000007e5c92c3c0 x18 0000007e5e890000 x19 00000000000000ac
01-01 01:02:23.351 2173 2173 F DEBUG : x20 0000000000000857 x21 00000000000000b2 x22 0000000000000857 x23 00000000ffffffff
01-01 01:02:23.351 2173 2173 F DEBUG : x24 0000000000000002 x25 0000000000000000 x26 0000000000000000 x27 0000000000000000
01-01 01:02:23.351 2173 2173 F DEBUG : x28 0000000000000000 x29 0000007fe67e0ca0
01-01 01:02:23.351 2173 2173 F DEBUG : lr 0000007e5c8df544 sp 0000007fe67e0c00 pc 0000007e5c8df574 pst 0000000000000000
01-01 01:02:23.384 2173 2173 F DEBUG : backtrace:
01-01 01:02:23.392 2173 2173 F DEBUG : #00 pc 000000000004e574 /apex/com.android.runtime/lib64/bionic/libc.so (abort+180) (BuildId: f81965d884d6ebc5e5c3fd825c17a209)
01-01 01:02:23.392 2173 2173 F DEBUG : #01 pc 0000000000006334 /system/lib64/liblog.so (__android_log_default_aborter+12) (BuildId: c92329feece7a2d7fa4d9fb6acc815f9)
01-01 01:02:23.392 2173 2173 F DEBUG : #02 pc 0000000000006ec8 /system/lib64/liblog.so (__android_log_assert+336) (BuildId: c92329feece7a2d7fa4d9fb6acc815f9)
01-01 01:02:23.392 2173 2173 F DEBUG : #03 pc 000000000010a844 /system/lib64/libsurfaceflinger.so (android::SurfaceFlinger::init()+1380) (BuildId: 717e9bb2a8f30577e4b047e005231fd7)
01-01 01:02:23.392 2173 2173 F DEBUG : #04 pc 00000000000021a8 /system/bin/surfaceflinger (main+352) (BuildId: 90f19aac502ae7e05183738dd9ef97d1)
01-01 01:02:23.392 2173 2173 F DEBUG : #05 pc 0000000000049a34 /apex/com.android.runtime/lib64/bionic/libc.so (__libc_init+108) (BuildId: f81965d884d6ebc5e5c3fd825c17a209)
01-01 01:02:23.438 2131 2131 I boot_progress_preload_start: 143438
01-01 01:02:23.455 2131 2131 D Zygote64Timing: BeginPreload took to complete: 17ms
01-01 01:02:23.496 2132 2132 D Zygote32Timing: PostZygoteInitGC took to complete: 20ms
01-01 01:02:23.496 2132 2132 D Zygote32Timing: ZygoteInit took to complete: 27ms
01-01 01:02:23.499 0 0 D logd : logdr: UID=1000 GID=1003 PID=2173 n tail=50 logMask=8 pid=2135 start=0ns timeout=0ns
01-01 01:02:23.506 0 0 D logd : logdr: UID=1000 GID=1003 PID=2173 n tail=50 logMask=1 pid=2135 start=0ns timeout=0ns
01-01 01:02:23.542 0 0 D logd : logdr: UID=1000 GID=1003 PID=2173 n tail=0 logMask=8 pid=2135 start=0ns timeout=0ns
01-01 01:02:23.550 0 0 D logd : logdr: UID=1000 GID=1003 PID=2173 n tail=0 logMask=1 pid=2135 start=0ns timeout=0ns
01-01 01:02:23.720 2198 2198 I wificond: wificond is starting up...
01-01 01:02:23.725 2198 2198 I HidlServiceManagement: Registered android.system.wifi.keystore@1.0::IKeystore/default (start delay of 45ms)
01-01 01:02:27.671 241 241 E iorapd : Cannot get package manager service!
01-01 01:02:27.916 0 0 I init : starting service 'zygote'...
01-01 01:02:27.921 0 0 I init : Created socket '/dev/socket/zygote', mode 660, user 0, group 1000
01-01 01:02:27.929 0 0 I init : Created socket '/dev/socket/usap_pool_primary', mode 660, user 0, group 1000
01-01 01:02:27.962 0 0 W libprocessgroup: Failed to open /dev/stune/top-app/tasks: No such file or directory: No such file or directory
01-01 01:02:27.974 0 0 W libprocessgroup: Failed to apply MaxPerformance task profile: No such file or directory
01-01 01:02:27.977 0 0 I init : starting service 'zygote_secondary'...
01-01 01:02:27.989 0 0 I init : Created socket '/dev/socket/zygote_secondary', mode 660, user 0, group 1000
01-01 01:02:27.998 0 0 I init : Created socket '/dev/socket/usap_pool_secondary', mode 660, user 0, group 1000
01-01 01:02:28.010 0 0 I init : starting service 'audioserver'...
01-01 01:02:28.011 0 0 W libprocessgroup: Failed to open /dev/stune/top-app/tasks: No such file or directory: No such file or directory
01-01 01:02:28.169 2205 2205 I boot_progress_start: 148169
01-01 01:02:28.317 2209 2209 F libc : Fatal signal 6 (SIGABRT), code -1 (SI_QUEUE) in tid 2209 (surfaceflinger), pid 2209 (surfaceflinger)
01-01 01:02:28.374 2245 2245 F DEBUG : *** *** *** *** *** *** *** *** *** *** *** *** *** *** *** ***
01-01 01:02:28.374 2245 2245 F DEBUG : Build fingerprint: 'emteria/rpi4/rpi4:11/RQ1A.210105.003/eng.root.20210331.145622:userdebug/release-keys'
01-01 01:02:28.374 2245 2245 F DEBUG : Revision: '0'
01-01 01:02:28.375 2245 2245 F DEBUG : ABI: 'arm64'
01-01 01:02:28.376 2245 2245 F DEBUG : Timestamp: 1970-01-01 01:02:28+0100
01-01 01:02:28.376 2245 2245 F DEBUG : pid: 2209, tid: 2209, name: surfaceflinger >>> /system/bin/surfaceflinger <<<
01-01 01:02:28.376 2245 2245 F DEBUG : uid: 1000
01-01 01:02:28.376 2245 2245 F DEBUG : signal 6 (SIGABRT), code -1 (SI_QUEUE), fault addr --------
01-01 01:02:28.377 2245 2245 F DEBUG : Abort message: 'Missing internal display after registering composer callback.'
01-01 01:02:28.377 2245 2245 F DEBUG : x0 0000000000000000 x1 00000000000008a1 x2 0000000000000006 x3 0000007fd022d390
01-01 01:02:28.377 2245 2245 F DEBUG : x4 000000001284bda1 x5 000000001284bda1 x6 000000001284bda1 x7 0000000000000094
01-01 01:02:28.377 2245 2245 F DEBUG : x8 00000000000000f0 x9 00000078a853f800 x10 ffffff80ffffffdf x11 0000000000000001
01-01 01:02:28.377 2245 2245 F DEBUG : x12 0000007fd022d360 x13 000000000000003e x14 0000007fd022d530 x15 ffffffffffffffff
01-01 01:02:28.377 2245 2245 F DEBUG : x16 00000078a85d8c80 x17 00000078a85ba3c0 x18 00000078a950e000 x19 00000000000000ac
01-01 01:02:28.378 2245 2245 F DEBUG : x20 00000000000008a1 x21 00000000000000b2 x22 00000000000008a1 x23 00000000ffffffff
01-01 01:02:28.378 2245 2245 F DEBUG : x24 0000000000000002 x25 0000000000000000 x26 0000000000000000 x27 0000000000000000
01-01 01:02:28.378 2245 2245 F DEBUG : x28 0000000000000000 x29 0000007fd022d410
01-01 01:02:28.378 2245 2245 F DEBUG : lr 00000078a856d544 sp 0000007fd022d370 pc 00000078a856d574 pst 0000000000000000
01-01 01:02:28.419 2245 2245 F DEBUG : backtrace:
01-01 01:02:28.419 2245 2245 F DEBUG : #00 pc 000000000004e574 /apex/com.android.runtime/lib64/bionic/libc.so (abort+180) (BuildId: f81965d884d6ebc5e5c3fd825c17a209)
01-01 01:02:28.419 2245 2245 F DEBUG : #01 pc 0000000000006334 /system/lib64/liblog.so (__android_log_default_aborter+12) (BuildId: c92329feece7a2d7fa4d9fb6acc815f9)
01-01 01:02:28.419 2245 2245 F DEBUG : #02 pc 0000000000006ec8 /system/lib64/liblog.so (__android_log_assert+336) (BuildId: c92329feece7a2d7fa4d9fb6acc815f9)
01-01 01:02:28.419 2245 2245 F DEBUG : #03 pc 000000000010a844 /system/lib64/libsurfaceflinger.so (android::SurfaceFlinger::init()+1380) (BuildId: 717e9bb2a8f30577e4b047e005231fd7)
01-01 01:02:28.419 2245 2245 F DEBUG : #04 pc 00000000000021a8 /system/bin/surfaceflinger (main+352) (BuildId: 90f19aac502ae7e05183738dd9ef97d1)
01-01 01:02:28.419 2245 2245 F DEBUG : #05 pc 0000000000049a34 /apex/com.android.runtime/lib64/bionic/libc.so (__libc_init+108) (BuildId: f81965d884d6ebc5e5c3fd825c17a209)
01-01 01:02:28.474 2205 2205 I boot_progress_preload_start: 148474
01-01 01:02:28.491 2205 2205 D Zygote64Timing: BeginPreload took to complete: 17ms
01-01 01:02:28.519 0 0 D logd : logdr: UID=1000 GID=1003 PID=2245 n tail=50 logMask=8 pid=2209 start=0ns timeout=0ns
01-01 01:02:28.521 0 0 D logd : logdr: UID=1000 GID=1003 PID=2245 n tail=50 logMask=1 pid=2209 start=0ns timeout=0ns
01-01 01:02:28.531 2206 2206 D Zygote32Timing: PostZygoteInitGC took to complete: 20ms
01-01 01:02:28.531 2206 2206 D Zygote32Timing: ZygoteInit took to complete: 28ms
01-01 01:02:28.550 0 0 D logd : logdr: UID=1000 GID=1003 PID=2245 n tail=0 logMask=8 pid=2209 start=0ns timeout=0ns
01-01 01:02:28.552 0 0 D logd : logdr: UID=1000 GID=1003 PID=2245 n tail=0 logMask=1 pid=2209 start=0ns timeout=0ns
01-01 01:02:28.671 241 241 W iorapd : Reconnect to package manager service: 24 times
01-01 01:02:28.723 2270 2270 I wificond: wificond is starting up...
01-01 01:02:28.728 2270 2270 I HidlServiceManagement: Registered android.system.wifi.keystore@1.0::IKeystore/default (start delay of 38ms)
01-01 01:02:32.945 0 0 I init : starting service 'zygote'...
01-01 01:02:32.950 0 0 I init : Created socket '/dev/socket/zygote', mode 660, user 0, group 1000
01-01 01:02:32.958 0 0 I init : Created socket '/dev/socket/usap_pool_primary', mode 660, user 0, group 1000
01-01 01:02:32.986 0 0 W libprocessgroup: Failed to open /dev/stune/top-app/tasks: No such file or directory: No such file or directory
01-01 01:02:32.998 0 0 W libprocessgroup: Failed to apply MaxPerformance task profile: No such file or directory
01-01 01:02:33.009 0 0 I init : starting service 'zygote_secondary'...
01-01 01:02:33.015 0 0 I init : Created socket '/dev/socket/zygote_secondary', mode 660, user 0, group 1000
01-01 01:02:33.024 0 0 I init : Created socket '/dev/socket/usap_pool_secondary', mode 660, user 0, group 1000
01-01 01:02:33.036 0 0 I init : starting service 'audioserver'...
01-01 01:02:33.037 0 0 W libprocessgroup: Failed to open /dev/stune/top-app/tasks: No such file or directory: No such file or directory
01-01 01:02:33.188 2276 2276 I boot_progress_start: 153188
01-01 01:02:33.419 2280 2280 F libc : Fatal signal 6 (SIGABRT), code -1 (SI_QUEUE) in tid 2280 (surfaceflinger), pid 2280 (surfaceflinger)
01-01 01:02:33.456 2320 2320 F DEBUG : *** *** *** *** *** *** *** *** *** *** *** *** *** *** *** ***
01-01 01:02:33.456 2320 2320 F DEBUG : Build fingerprint: 'emteria/rpi4/rpi4:11/RQ1A.210105.003/eng.root.20210331.145622:userdebug/release-keys'
01-01 01:02:33.456 2320 2320 F DEBUG : Revision: '0'
01-01 01:02:33.456 2320 2320 F DEBUG : ABI: 'arm64'
01-01 01:02:33.458 2320 2320 F DEBUG : Timestamp: 1970-01-01 01:02:33+0100
01-01 01:02:33.458 2320 2320 F DEBUG : pid: 2280, tid: 2280, name: surfaceflinger >>> /system/bin/surfaceflinger <<<
01-01 01:02:33.458 2320 2320 F DEBUG : uid: 1000
01-01 01:02:33.458 2320 2320 F DEBUG : signal 6 (SIGABRT), code -1 (SI_QUEUE), fault addr --------
01-01 01:02:33.458 2320 2320 F DEBUG : Abort message: 'Missing internal display after registering composer callback.'
01-01 01:02:33.458 2320 2320 F DEBUG : x0 0000000000000000 x1 00000000000008e8 x2 0000000000000006 x3 0000007fe62e3180
01-01 01:02:33.458 2320 2320 F DEBUG : x4 000000001284bda1 x5 000000001284bda1 x6 000000001284bda1 x7 0000000000000099
01-01 01:02:33.458 2320 2320 F DEBUG : x8 00000000000000f0 x9 0000007b94ab1800 x10 ffffff80ffffffdf x11 0000000000000001
01-01 01:02:33.458 2320 2320 F DEBUG : x12 0000007fe62e3150 x13 000000000000003e x14 0000007fe62e3320 x15 ffffffffffffffff
01-01 01:02:33.458 2320 2320 F DEBUG : x16 0000007b94b4ac80 x17 0000007b94b2c3c0 x18 0000007b96a08000 x19 00000000000000ac
01-01 01:02:33.458 2320 2320 F DEBUG : x20 00000000000008e8 x21 00000000000000b2 x22 00000000000008e8 x23 00000000ffffffff
01-01 01:02:33.458 2320 2320 F DEBUG : x24 0000000000000002 x25 0000000000000000 x26 0000000000000000 x27 0000000000000000
01-01 01:02:33.459 2320 2320 F DEBUG : x28 0000000000000000 x29 0000007fe62e3200
01-01 01:02:33.459 2320 2320 F DEBUG : lr 0000007b94adf544 sp 0000007fe62e3160 pc 0000007b94adf574 pst 0000000000000000
01-01 01:02:33.489 2276 2276 I boot_progress_preload_start: 153489
01-01 01:02:33.489 2320 2320 F DEBUG : backtrace:
01-01 01:02:33.489 2320 2320 F DEBUG : #00 pc 000000000004e574 /apex/com.android.runtime/lib64/bionic/libc.so (abort+180) (BuildId: f81965d884d6ebc5e5c3fd825c17a209)
01-01 01:02:33.489 2320 2320 F DEBUG : #01 pc 0000000000006334 /system/lib64/liblog.so (__android_log_default_aborter+12) (BuildId: c92329feece7a2d7fa4d9fb6acc815f9)
01-01 01:02:33.489 2320 2320 F DEBUG : #02 pc 0000000000006ec8 /system/lib64/liblog.so (__android_log_assert+336) (BuildId: c92329feece7a2d7fa4d9fb6acc815f9)
01-01 01:02:33.489 2320 2320 F DEBUG : #03 pc 000000000010a844 /system/lib64/libsurfaceflinger.so (android::SurfaceFlinger::init()+1380) (BuildId: 717e9bb2a8f30577e4b047e005231fd7)
01-01 01:02:33.489 2320 2320 F DEBUG : #04 pc 00000000000021a8 /system/bin/surfaceflinger (main+352) (BuildId: 90f19aac502ae7e05183738dd9ef97d1)
01-01 01:02:33.489 2320 2320 F DEBUG : #05 pc 0000000000049a34 /apex/com.android.runtime/lib64/bionic/libc.so (__libc_init+108) (BuildId: f81965d884d6ebc5e5c3fd825c17a209)
01-01 01:02:33.506 2276 2276 D Zygote64Timing: BeginPreload took to complete: 17ms
01-01 01:02:33.552 2277 2277 D Zygote32Timing: PostZygoteInitGC took to complete: 17ms
01-01 01:02:33.552 2277 2277 D Zygote32Timing: ZygoteInit took to complete: 24ms
01-01 01:02:33.586 0 0 D logd : logdr: UID=1000 GID=1003 PID=2320 n tail=50 logMask=8 pid=2280 start=0ns timeout=0ns
01-01 01:02:33.588 0 0 D logd : logdr: UID=1000 GID=1003 PID=2320 n tail=50 logMask=1 pid=2280 start=0ns timeout=0ns
01-01 01:02:33.618 0 0 D logd : logdr: UID=1000 GID=1003 PID=2320 n tail=0 logMask=8 pid=2280 start=0ns timeout=0ns
01-01 01:02:33.620 0 0 D logd : logdr: UID=1000 GID=1003 PID=2320 n tail=0 logMask=1 pid=2280 start=0ns timeout=0ns
01-01 01:02:33.687 241 241 E iorapd : Cannot get package manager service!
01-01 01:02:33.793 2341 2341 I wificond: wificond is starting up...
01-01 01:02:33.797 2341 2341 I HidlServiceManagement: Registered android.system.wifi.keystore@1.0::IKeystore/default (start delay of 37ms)
01-01 01:02:34.687 241 241 W iorapd : Reconnect to package manager service: 25 times
01-01 01:02:37.973 0 0 I init : starting service 'zygote'...
01-01 01:02:37.978 0 0 I init : Created socket '/dev/socket/zygote', mode 660, user 0, group 1000
01-01 01:02:37.987 0 0 I init : Created socket '/dev/socket/usap_pool_primary', mode 660, user 0, group 1000
01-01 01:02:38.014 0 0 W libprocessgroup: Failed to open /dev/stune/top-app/tasks: No such file or directory: No such file or directory
01-01 01:02:38.026 0 0 W libprocessgroup: Failed to apply MaxPerformance task profile: No such file or directory
01-01 01:02:38.035 0 0 I init : starting service 'zygote_secondary'...
01-01 01:02:38.041 0 0 I init : Created socket '/dev/socket/zygote_secondary', mode 660, user 0, group 1000
01-01 01:02:38.051 0 0 I init : Created socket '/dev/socket/usap_pool_secondary', mode 660, user 0, group 1000
01-01 01:02:38.063 0 0 I init : starting service 'audioserver'...
01-01 01:02:38.064 0 0 W libprocessgroup: Failed to open /dev/stune/top-app/tasks: No such file or directory: No such file or directory
01-01 01:02:38.213 2347 2347 I boot_progress_start: 158213
01-01 01:02:38.422 2351 2351 F libc : Fatal signal 6 (SIGABRT), code -1 (SI_QUEUE) in tid 2351 (surfaceflinger), pid 2351 (surfaceflinger)
01-01 01:02:38.468 2390 2390 F DEBUG : *** *** *** *** *** *** *** *** *** *** *** *** *** *** *** ***
01-01 01:02:38.468 2390 2390 F DEBUG : Build fingerprint: 'emteria/rpi4/rpi4:11/RQ1A.210105.003/eng.root.20210331.145622:userdebug/release-keys'
01-01 01:02:38.468 2390 2390 F DEBUG : Revision: '0'
01-01 01:02:38.468 2390 2390 F DEBUG : ABI: 'arm64'
01-01 01:02:38.469 2390 2390 F DEBUG : Timestamp: 1970-01-01 01:02:38+0100
01-01 01:02:38.470 2390 2390 F DEBUG : pid: 2351, tid: 2351, name: surfaceflinger >>> /system/bin/surfaceflinger <<<
01-01 01:02:38.470 2390 2390 F DEBUG : uid: 1000
01-01 01:02:38.470 2390 2390 F DEBUG : signal 6 (SIGABRT), code -1 (SI_QUEUE), fault addr --------
01-01 01:02:38.470 2390 2390 F DEBUG : Abort message: 'Missing internal display after registering composer callback.'
01-01 01:02:38.470 2390 2390 F DEBUG : x0 0000000000000000 x1 000000000000092f x2 0000000000000006 x3 0000007fc69fe7d0
01-01 01:02:38.470 2390 2390 F DEBUG : x4 000000001284bda1 x5 000000001284bda1 x6 000000001284bda1 x7 000000000000009e
01-01 01:02:38.470 2390 2390 F DEBUG : x8 00000000000000f0 x9 000000711c37e800 x10 ffffff80ffffffdf x11 0000000000000001
01-01 01:02:38.470 2390 2390 F DEBUG : x12 0000007fc69fe7a0 x13 000000000000003e x14 0000007fc69fe970 x15 ffffffffffffffff
01-01 01:02:38.470 2390 2390 F DEBUG : x16 000000711c417c80 x17 000000711c3f93c0 x18 000000711dc84000 x19 00000000000000ac
01-01 01:02:38.470 2390 2390 F DEBUG : x20 000000000000092f x21 00000000000000b2 x22 000000000000092f x23 00000000ffffffff
01-01 01:02:38.470 2390 2390 F DEBUG : x24 0000000000000002 x25 0000000000000000 x26 0000000000000000 x27 0000000000000000
01-01 01:02:38.471 2390 2390 F DEBUG : x28 0000000000000000 x29 0000007fc69fe850
01-01 01:02:38.471 2390 2390 F DEBUG : lr 000000711c3ac544 sp 0000007fc69fe7b0 pc 000000711c3ac574 pst 0000000000000000
01-01 01:02:38.503 2390 2390 F DEBUG : backtrace:
01-01 01:02:38.503 2390 2390 F DEBUG : #00 pc 000000000004e574 /apex/com.android.runtime/lib64/bionic/libc.so (abort+180) (BuildId: f81965d884d6ebc5e5c3fd825c17a209)
01-01 01:02:38.503 2390 2390 F DEBUG : #01 pc 0000000000006334 /system/lib64/liblog.so (__android_log_default_aborter+12) (BuildId: c92329feece7a2d7fa4d9fb6acc815f9)
01-01 01:02:38.503 2390 2390 F DEBUG : #02 pc 0000000000006ec8 /system/lib64/liblog.so (__android_log_assert+336) (BuildId: c92329feece7a2d7fa4d9fb6acc815f9)
01-01 01:02:38.503 2390 2390 F DEBUG : #03 pc 000000000010a844 /system/lib64/libsurfaceflinger.so (android::SurfaceFlinger::init()+1380) (BuildId: 717e9bb2a8f30577e4b047e005231fd7)
01-01 01:02:38.503 2390 2390 F DEBUG : #04 pc 00000000000021a8 /system/bin/surfaceflinger (main+352) (BuildId: 90f19aac502ae7e05183738dd9ef97d1)
01-01 01:02:38.503 2390 2390 F DEBUG : #05 pc 0000000000049a34 /apex/com.android.runtime/lib64/bionic/libc.so (__libc_init+108) (BuildId: f81965d884d6ebc5e5c3fd825c17a209)
01-01 01:02:38.507 2347 2347 I boot_progress_preload_start: 158507
01-01 01:02:38.526 2347 2347 D Zygote64Timing: BeginPreload took to complete: 19ms
01-01 01:02:38.583 2348 2348 D Zygote32Timing: PostZygoteInitGC took to complete: 20ms
01-01 01:02:38.583 2348 2348 D Zygote32Timing: ZygoteInit took to complete: 27ms
01-01 01:02:38.614 0 0 D logd : logdr: UID=1000 GID=1003 PID=2390 n tail=50 logMask=8 pid=2351 start=0ns timeout=0ns
01-01 01:02:38.618 0 0 D logd : logdr: UID=1000 GID=1003 PID=2390 n tail=50 logMask=1 pid=2351 start=0ns timeout=0ns
01-01 01:02:38.648 0 0 D logd : logdr: UID=1000 GID=1003 PID=2390 n tail=0 logMask=8 pid=2351 start=0ns timeout=0ns
01-01 01:02:38.650 0 0 D logd : logdr: UID=1000 GID=1003 PID=2390 n tail=0 logMask=1 pid=2351 start=0ns timeout=0ns
01-01 01:02:38.830 2413 2413 I wificond: wificond is starting up...
01-01 01:02:38.834 2413 2413 I HidlServiceManagement: Registered android.system.wifi.keystore@1.0::IKeystore/default (start delay of 44ms)
01-01 01:02:39.704 241 241 E iorapd : Cannot get package manager service!
01-01 01:02:40.704 241 241 W iorapd : Reconnect to package manager service: 26 times
01-01 01:02:43.002 0 0 I init : starting service 'zygote'...
01-01 01:02:43.007 0 0 I init : Created socket '/dev/socket/zygote', mode 660, user 0, group 1000
01-01 01:02:43.016 0 0 I init : Created socket '/dev/socket/usap_pool_primary', mode 660, user 0, group 1000
01-01 01:02:43.042 0 0 W libprocessgroup: Failed to open /dev/stune/top-app/tasks: No such file or directory: No such file or directory
01-01 01:02:43.054 0 0 W libprocessgroup: Failed to apply MaxPerformance task profile: No such file or directory
01-01 01:02:43.062 0 0 I init : starting service 'zygote_secondary'...
01-01 01:02:43.069 0 0 I init : Created socket '/dev/socket/zygote_secondary', mode 660, user 0, group 1000
01-01 01:02:43.078 0 0 I init : Created socket '/dev/socket/usap_pool_secondary', mode 660, user 0, group 1000
01-01 01:02:43.090 0 0 I init : starting service 'audioserver'...
01-01 01:02:43.106 0 0 W libprocessgroup: Failed to open /dev/stune/top-app/tasks: No such file or directory: No such file or directory
01-01 01:02:43.241 2420 2420 I boot_progress_start: 163241 --------- beginning of main
01-01 01:02:43.354 2425 2432 I chatty : uid=1041(audioserver) /vendor/bin/hw/android.hardware.audio.service expire 26 lines
01-01 01:02:43.398 2422 2456 I chatty : uid=1041(audioserver) /system/bin/audioserver expire 5 lines
01-01 01:02:43.417 241 241 I ServiceManager: Waiting for service 'package_native' on '/dev/binder'...
01-01 01:02:43.459 2422 2457 I chatty : uid=1041(audioserver) /system/bin/audioserver expire 2 lines
01-01 01:02:43.465 2424 2424 I RenderEngine: GL_MAX_VIEWPORT_DIMS = 4096
01-01 01:02:43.469 2424 2424 E HWComposer: loadLayerMetadataSupport: getLayerGenericMetadataKeys failed: UNSUPPORTED (8)
01-01 01:02:43.470 2424 2424 F SurfaceFlinger: Missing internal display after registering composer callback.
01-01 01:02:43.470 2424 2424 F libc : Fatal signal 6 (SIGABRT), code -1 (SI_QUEUE) in tid 2424 (surfaceflinger), pid 2424 (surfaceflinger)
01-01 01:02:43.497 2463 2463 I crash_dump64: obtaining output fd from tombstoned, type: kDebuggerdTombstone
01-01 01:02:43.498 191 191 I tombstoned: received crash request for pid 2424
01-01 01:02:43.499 2463 2463 I crash_dump64: performing dump of process 2424 (target tid = 2424)
01-01 01:02:43.508 2463 2463 F DEBUG : *** *** *** *** *** *** *** *** *** *** *** *** *** *** *** ***
01-01 01:02:43.509 2463 2463 F DEBUG : Build fingerprint: 'emteria/rpi4/rpi4:11/RQ1A.210105.003/eng.root.20210331.145622:userdebug/release-keys'
01-01 01:02:43.509 2463 2463 F DEBUG : Revision: '0'
01-01 01:02:43.509 2463 2463 F DEBUG : ABI: 'arm64'
