01-01 01:04:08.972 3689 3689 F DEBUG : x8 00000000000000f0 x9 00000078ab5ba800 x10 ffffff80ffffffdf x11 0000000000000001
01-01 01:04:08.972 3689 3689 F DEBUG : x12 0000007ff0208880 x13 000000000000003e x14 0000007ff0208a50 x15 ffffffffffffffff
01-01 01:04:08.972 3689 3689 F DEBUG : x16 00000078ab653c80 x17 00000078ab6353c0 x18 00000078ada86000 x19 00000000000000ac
01-01 01:04:08.972 3689 3689 F DEBUG : x20 0000000000000e42 x21 00000000000000b2 x22 0000000000000e42 x23 00000000ffffffff
01-01 01:04:08.973 3689 3689 F DEBUG : x24 0000000000000002 x25 0000000000000000 x26 0000000000000000 x27 0000000000000000
01-01 01:04:08.973 3689 3689 F DEBUG : x28 0000000000000000 x29 0000007ff0208930
01-01 01:04:08.973 3689 3689 F DEBUG : lr 00000078ab5e8544 sp 0000007ff0208890 pc 00000078ab5e8574 pst 0000000000000000
01-01 01:04:09.003 3689 3689 F DEBUG : backtrace:
01-01 01:04:09.004 3689 3689 F DEBUG : #00 pc 000000000004e574 /apex/com.android.runtime/lib64/bionic/libc.so (abort+180) (BuildId: f81965d884d6ebc5e5c3fd825c17a209)
01-01 01:04:09.004 3689 3689 F DEBUG : #01 pc 0000000000006334 /system/lib64/liblog.so (__android_log_default_aborter+12) (BuildId: c92329feece7a2d7fa4d9fb6acc815f9)
01-01 01:04:09.004 3689 3689 F DEBUG : #02 pc 0000000000006ec8 /system/lib64/liblog.so (__android_log_assert+336) (BuildId: c92329feece7a2d7fa4d9fb6acc815f9)
01-01 01:04:09.004 3689 3689 F DEBUG : #03 pc 000000000010a844 /system/lib64/libsurfaceflinger.so (android::SurfaceFlinger::init()+1380) (BuildId: 717e9bb2a8f30577e4b047e005231fd7)
01-01 01:04:09.004 3689 3689 F DEBUG : #04 pc 00000000000021a8 /system/bin/surfaceflinger (main+352) (BuildId: 90f19aac502ae7e05183738dd9ef97d1)
01-01 01:04:09.004 3689 3689 F DEBUG : #05 pc 0000000000049a34 /apex/com.android.runtime/lib64/bionic/libc.so (__libc_init+108) (BuildId: f81965d884d6ebc5e5c3fd825c17a209)
01-01 01:04:09.032 3646 3646 I boot_progress_preload_start: 249032
01-01 01:04:09.050 3646 3646 D Zygote64Timing: BeginPreload took to complete: 18ms
01-01 01:04:09.103 0 0 D logd : logdr: UID=1000 GID=1003 PID=3689 n tail=50 logMask=8 pid=3650 start=0ns timeout=0ns
01-01 01:04:09.107 0 0 D logd : logdr: UID=1000 GID=1003 PID=3689 n tail=50 logMask=1 pid=3650 start=0ns timeout=0ns
01-01 01:04:09.111 3647 3647 D Zygote32Timing: PostZygoteInitGC took to complete: 20ms
01-01 01:04:09.111 3647 3647 D Zygote32Timing: ZygoteInit took to complete: 28ms
01-01 01:04:09.143 0 0 D logd : logdr: UID=1000 GID=1003 PID=3689 n tail=0 logMask=8 pid=3650 start=0ns timeout=0ns
01-01 01:04:09.145 0 0 D logd : logdr: UID=1000 GID=1003 PID=3689 n tail=0 logMask=1 pid=3650 start=0ns timeout=0ns
01-01 01:04:09.325 3712 3712 I wificond: wificond is starting up...
01-01 01:04:09.329 3712 3712 I HidlServiceManagement: Registered android.system.wifi.keystore@1.0::IKeystore/default (start delay of 39ms)
01-01 01:04:10.025 241 241 E iorapd : Cannot get package manager service!
01-01 01:04:11.025 241 241 W iorapd : Reconnect to package manager service: 41 times
01-01 01:04:13.513 0 0 I init : starting service 'zygote'...
01-01 01:04:13.518 0 0 I init : Created socket '/dev/socket/zygote', mode 660, user 0, group 1000
01-01 01:04:13.526 0 0 I init : Created socket '/dev/socket/usap_pool_primary', mode 660, user 0, group 1000
01-01 01:04:13.554 0 0 W libprocessgroup: Failed to open /dev/stune/top-app/tasks: No such file or directory: No such file or directory
01-01 01:04:13.566 0 0 W libprocessgroup: Failed to apply MaxPerformance task profile: No such file or directory
01-01 01:04:13.577 0 0 I init : starting service 'zygote_secondary'...
01-01 01:04:13.583 0 0 I init : Created socket '/dev/socket/zygote_secondary', mode 660, user 0, group 1000
01-01 01:04:13.592 0 0 I init : Created socket '/dev/socket/usap_pool_secondary', mode 660, user 0, group 1000
01-01 01:04:13.605 0 0 I init : starting service 'audioserver'...
01-01 01:04:13.605 0 0 W libprocessgroup: Failed to open /dev/stune/top-app/tasks: No such file or directory: No such file or directory
01-01 01:04:13.749 3719 3719 I boot_progress_start: 253749
01-01 01:04:13.943 3723 3723 F libc : Fatal signal 6 (SIGABRT), code -1 (SI_QUEUE) in tid 3723 (surfaceflinger), pid 3723 (surfaceflinger)
01-01 01:04:13.997 3760 3760 F DEBUG : *** *** *** *** *** *** *** *** *** *** *** *** *** *** *** ***
01-01 01:04:13.998 3760 3760 F DEBUG : Build fingerprint: 'emteria/rpi4/rpi4:11/RQ1A.210105.003/eng.root.20210331.145622:userdebug/release-keys'
01-01 01:04:13.998 3760 3760 F DEBUG : Revision: '0'
01-01 01:04:13.998 3760 3760 F DEBUG : ABI: 'arm64'
01-01 01:04:13.999 3760 3760 F DEBUG : Timestamp: 1970-01-01 01:04:13+0100
01-01 01:04:13.999 3760 3760 F DEBUG : pid: 3723, tid: 3723, name: surfaceflinger >>> /system/bin/surfaceflinger <<<
01-01 01:04:13.999 3760 3760 F DEBUG : uid: 1000
01-01 01:04:13.999 3760 3760 F DEBUG : signal 6 (SIGABRT), code -1 (SI_QUEUE), fault addr --------
01-01 01:04:13.999 3760 3760 F DEBUG : Abort message: 'Missing internal display after registering composer callback.'
01-01 01:04:13.999 3760 3760 F DEBUG : x0 0000000000000000 x1 0000000000000e8b x2 0000000000000006 x3 0000007ff88cb9a0
01-01 01:04:13.999 3760 3760 F DEBUG : x4 000000001284bda1 x5 000000001284bda1 x6 000000001284bda1 x7 00000000000000fd
01-01 01:04:14.000 3760 3760 F DEBUG : x8 00000000000000f0 x9 0000007382bf7800 x10 ffffff80ffffffdf x11 0000000000000001
01-01 01:04:14.000 3760 3760 F DEBUG : x12 0000007ff88cb970 x13 000000000000003e x14 0000007ff88cbb40 x15 ffffffffffffffff
01-01 01:04:14.000 3760 3760 F DEBUG : x16 0000007382c90c80 x17 0000007382c723c0 x18 000000738554a000 x19 00000000000000ac
01-01 01:04:14.000 3760 3760 F DEBUG : x20 0000000000000e8b x21 00000000000000b2 x22 0000000000000e8b x23 00000000ffffffff
01-01 01:04:14.000 3760 3760 F DEBUG : x24 0000000000000002 x25 0000000000000000 x26 0000000000000000 x27 0000000000000000
01-01 01:04:14.000 3760 3760 F DEBUG : x28 0000000000000000 x29 0000007ff88cba20
01-01 01:04:14.000 3760 3760 F DEBUG : lr 0000007382c25544 sp 0000007ff88cb980 pc 0000007382c25574 pst 0000000000000000
01-01 01:04:14.035 3760 3760 F DEBUG : backtrace:
01-01 01:04:14.035 3760 3760 F DEBUG : #00 pc 000000000004e574 /apex/com.android.runtime/lib64/bionic/libc.so (abort+180) (BuildId: f81965d884d6ebc5e5c3fd825c17a209)
01-01 01:04:14.035 3760 3760 F DEBUG : #01 pc 0000000000006334 /system/lib64/liblog.so (__android_log_default_aborter+12) (BuildId: c92329feece7a2d7fa4d9fb6acc815f9)
01-01 01:04:14.035 3760 3760 F DEBUG : #02 pc 0000000000006ec8 /system/lib64/liblog.so (__android_log_assert+336) (BuildId: c92329feece7a2d7fa4d9fb6acc815f9)
01-01 01:04:14.035 3760 3760 F DEBUG : #03 pc 000000000010a844 /system/lib64/libsurfaceflinger.so (android::SurfaceFlinger::init()+1380) (BuildId: 717e9bb2a8f30577e4b047e005231fd7)
01-01 01:04:14.035 3760 3760 F DEBUG : #04 pc 00000000000021a8 /system/bin/surfaceflinger (main+352) (BuildId: 90f19aac502ae7e05183738dd9ef97d1)
01-01 01:04:14.035 3760 3760 F DEBUG : #05 pc 0000000000049a34 /apex/com.android.runtime/lib64/bionic/libc.so (__libc_init+108) (BuildId: f81965d884d6ebc5e5c3fd825c17a209)
01-01 01:04:14.049 3719 3719 I boot_progress_preload_start: 254049
01-01 01:04:14.067 3719 3719 D Zygote64Timing: BeginPreload took to complete: 18ms
01-01 01:04:14.116 3720 3720 D Zygote32Timing: PostZygoteInitGC took to complete: 19ms
01-01 01:04:14.116 3720 3720 D Zygote32Timing: ZygoteInit took to complete: 27ms
01-01 01:04:14.146 0 0 D logd : logdr: UID=1000 GID=1003 PID=3760 n tail=50 logMask=8 pid=3723 start=0ns timeout=0ns
01-01 01:04:14.151 0 0 D logd : logdr: UID=1000 GID=1003 PID=3760 n tail=50 logMask=1 pid=3723 start=0ns timeout=0ns
01-01 01:04:14.186 0 0 D logd : logdr: UID=1000 GID=1003 PID=3760 n tail=0 logMask=8 pid=3723 start=0ns timeout=0ns
01-01 01:04:14.198 0 0 D logd : logdr: UID=1000 GID=1003 PID=3760 n tail=0 logMask=1 pid=3723 start=0ns timeout=0ns
01-01 01:04:14.357 3784 3784 I wificond: wificond is starting up...
01-01 01:04:14.360 3784 3784 I HidlServiceManagement: Registered android.system.wifi.keystore@1.0::IKeystore/default (start delay of 40ms)
01-01 01:04:16.041 241 241 E iorapd : Cannot get package manager service!
01-01 01:04:17.041 241 241 W iorapd : Reconnect to package manager service: 42 times
01-01 01:04:18.542 0 0 I init : starting service 'zygote'...
01-01 01:04:18.547 0 0 I init : C[ 339.002526] init: starting service 'zygote'... reated s[ 339.008104] init: Created socket '/dev/socket/zygote', mode 660, user 0, group 1000 ocket '/[ 339.016375] init: Created socket '/dev/socket/usap_pool_primary', mode 660, user 0, group 1000 dev/socket/zygote', mode 660, user 0, group 1000
01-01 01:04:18.555 0 0 I init : Created socket '/dev/socket/usap_pool_primary', mode 660, user 0, group 1000
01-01 01:04:18.586 0 0 W libprocessgroup: Failed to open /dev/stune/t[ 339.046789] libprocessgroup: Failed to open /dev/stune/top-app/tasks: No such file or directory: No such file or directory op-app/t[ 339.058613] libprocessgroup: Failed to apply MaxPerformance task profile: No such file or directory asks: No[ 339.064731] init: starting service 'zygote_secondary'... such fi[ 339.075050] init: Created socket '/dev/socket/zygote_secondary', mode 660, user 0, group 1000 le or di[ 339.084302] init: Created socket '/dev/socket/usap_pool_secondary', mode 660, user 0, group 1000 rectory: No such file or directory 01-0[ 339.096765] init: starting service 'audioserver'... 1 01:04:[ 339.097725] libprocessgroup: Failed to open /dev/stune/top-app/tasks: No such file or directory: No such file or directory 18.598 0 0 W libprocessgroup: Failed to apply MaxPerformance task profile: No such file or directory
01-01 01:04:18.603 0 0 I init : starting service 'zygote_secondary'...
01-01 01:04:18.613 0 0 I init : Created socket '/dev/socket/zygote_secondary', mode 660, user 0, group 1000
01-01 01:04:18.622 0 0 I init : Created socket '/dev/socket/usap_pool_secondary', mode 660, user 0, group 1000
01-01 01:04:18.634 0 0 I init : starting service 'audioserver'...
01-01 01:04:18.636 0 0 W libprocessgroup: Failed to open /dev/stune/top-app/tasks: No such file or directory: No such file or directory
01-01 01:04:18.781 3791 3791 I boot_progress_start: 258781
01-01 01:04:18.955 3795 3795 F libc : Fatal signal 6 (SIGABRT), code -1 (SI_QUEUE) in tid 3795 (surfaceflinger), pid 3795 (surfaceflinger)
01-01 01:04:19.022 3832 3832 F DEBUG : *** *** *** *** *** *** *** *** *** *** *** *** *** *** *** ***
01-01 01:04:19.022 3832 3832 F DEBUG : Build fingerprint: 'emteria/rpi4/rpi4:11/RQ1A.210105.003/eng.root.20210331.145622:userdebug/release-keys'
01-01 01:04:19.022 3832 3832 F DEBUG : Revision: '0'
01-01 01:04:19.022 3832 3832 F DEBUG : ABI: 'arm64'
01-01 01:04:19.023 3832 3832 F DEBUG : Timestamp: 1970-01-01 01:04:19+0100
01-01 01:04:19.023 3832 3832 F DEBUG : pid: 3795, tid: 3795, name: surfaceflinger >>> /system/bin/surfaceflinger <<<
01-01 01:04:19.023 3832 3832 F DEBUG : uid: 1000
01-01 01:04:19.023 3832 3832 F DEBUG : signal 6 (SIGABRT), code -1 (SI_QUEUE), fault addr --------
01-01 01:04:19.023 3832 3832 F DEBUG : Abort message: 'Missing internal display after registering composer callback.'
01-01 01:04:19.024 3832 3832 F DEBUG : x0 0000000000000000 x1 0000000000000ed3 x2 0000000000000006 x3 0000007fd6e13120
01-01 01:04:19.024 3832 3832 F DEBUG : x4 000000001284bda1 x5 000000001284bda1 x6 000000001284bda1 x7 0000000000000102
01-01 01:04:19.024 3832 3832 F DEBUG : x8 00000000000000f0 x9 00000075c5ba2800 x10 ffffff80ffffffdf x11 0000000000000001
01-01 01:04:19.024 3832 3832 F DEBUG : x12 0000007fd6e130f0 x13 000000000000003e x14 0000007fd6e132c0 x15 ffffffffffffffff
01-01 01:04:19.024 3832 3832 F DEBUG : x16 00000075c5c3bc80 x17 00000075c5c1d3c0 x18 00000075c7e1e000 x19 00000000000000ac
01-01 01:04:19.024 3832 3832 F DEBUG : x20 0000000000000ed3 x21 00000000000000b2 x22 0000000000000ed3 x23 00000000ffffffff
01-01 01:04:19.024 3832 3832 F DEBUG : x24 0000000000000002 x25 0000000000000000 x26 0000000000000000 x27 0000000000000000
01-01 01:04:19.024 3832 3832 F DEBUG : x28 0000000000000000 x29 0000007fd6e131a0
01-01 01:04:19.024 3832 3832 F DEBUG : lr 00000075c5bd0544 sp 0000007fd6e13100 pc 00000075c5bd0574 pst 0000000000000000
01-01 01:04:19.072 3832 3832 F DEBUG : backtrace:
01-01 01:04:19.072 3832 3832 F DEBUG : #00 pc 000000000004e574 /apex/com.android.runtime/lib64/bionic/libc.so (abort+180) (BuildId: f81965d884d6ebc5e5c3fd825c17a209)
01-01 01:04:19.072 3832 3832 F DEBUG : #01 pc 0000000000006334 /system/lib64/liblog.so (__android_log_default_aborter+12) (BuildId: c92329feece7a2d7fa4d9fb6acc815f9)
01-01 01:04:19.072 3832 3832 F DEBUG : #02 pc 0000000000006ec8 /system/lib64/liblog.so (__android_log_assert+336) (BuildId: c92329feece7a2d7fa4d9fb6acc815f9)
01-01 01:04:19.072 3832 3832 F DEBUG : #03 pc 000000000010a844 /system/lib64/libsurfaceflinger.so (android::SurfaceFlinger::init()+1380) (BuildId: 717e9bb2a8f30577e4b047e005231fd7)
01-01 01:04:19.072 3832 3832 F DEBUG : #04 pc 00000000000021a8 /system/bin/surfaceflinger (main+352) (BuildId: 90f19aac502ae7e05183738dd9ef97d1)
01-01 01:04:19.072 3832 3832 F DEBUG : #05 pc 0000000000049a34 /apex/com.android.runtime/lib64/bionic/libc.so (__libc_init+108) (BuildId: f81965d884d6ebc5e5c3fd825c17a209)
01-01 01:04:19.087 3791 3791 I boot_progress_preload_start: 259087
01-01 01:04:19.105 3791 3791 D Zygote64Timing: BeginPreload took to complete: 18ms
01-01 01:04:19.162 3792 3792 D Zygote32Timing: PostZygoteInitGC took to complete: 16ms
01-01 01:04:19.163 3792 3792 D Zygote32Timing: ZygoteInit took to complete: 24ms
01-01 01:04:19.178 0 0 D logd : logdr: UID=1000 GID=1003 PID=3832 n tail=50 logMask=8 pid=3795 start=0ns timeout=0ns
01-01 01:04:19.186 0 0 D logd : logdr: UID=1000 GID=1003 PID=3832 n tail=50 logMask=1 pid=3795 start=0ns timeout=0ns
01-01 01:04:19.226 0 0 D logd : logdr: UID=1000 GID=1003 PID=3832 n tail=0 logMask=8 pid=3795 start=0ns timeout=0ns
01-01 01:04:19.233 0 0 D logd : logdr: UID=1000 GID=1003 PID=3832 n tail=0 logMask=1 pid=3795 start=0ns timeout=0ns
01-01 01:04:19.384 3856 3856 I wificond: wificond is starting up...
01-01 01:04:19.388 3856 3856 I HidlServiceManagement: Registered android.system.wifi.keystore@1.0::IKeystore/default (start delay of 38ms)
01-01 01:04:22.065 241 241 E iorapd : Cannot get package manager service!
01-01 01:04:23.065 241 241 W iorapd : Reconnect to package manager service: 43 times
01-01 01:04:23.569 0 0 I init : starting service 'zygote'...
01-01 01:04:23.574 0 0 I init : Created socket '/dev/socket/zygote', mode 660, user 0, group 1000
01-01 01:04:23.582 0 0 I init : Created socket '/dev/socket/usap_pool_primary', mode 660, user 0, group 1000
01-01 01:04:23.610 0 0 W libprocessgroup: Failed to open /dev/stune/top-app/tasks: No such file or directory: No such file or directory
01-01 01:04:23.622 0 0 W libprocessgroup: Failed to apply MaxPerformance task profile: No such file or directory
01-01 01:04:23.633 0 0 I init : starting service 'zygote_secondary'...
01-01 01:04:23.639 0 0 I init : Created socket '/dev/socket/zygote_secondary', mode 660, user 0, group 1000
01-01 01:04:23.648 0 0 I init : Created socket '/dev/socket/usap_pool_secondary', mode 660, user 0, group 1000
01-01 01:04:23.661 0 0 I init : starting service 'audioserver'...
01-01 01:04:23.661 0 0 W libprocessgroup: Failed to open /dev/stune/top-app/tasks: No such file or directory: No such file or directory
01-01 01:04:23.811 3862 3862 I boot_progress_start: 263811
01-01 01:04:24.020 3866 3866 F libc : Fatal signal 6 (SIGABRT), code -1 (SI_QUEUE) in tid 3866 (surfaceflinger), pid 3866 (surfaceflinger)
01-01 01:04:24.058 3904 3904 F DEBUG : *** *** *** *** *** *** *** *** *** *** *** *** *** *** *** ***
01-01 01:04:24.058 3904 3904 F DEBUG : Build fingerprint: 'emteria/rpi4/rpi4:11/RQ1A.210105.003/eng.root.20210331.145622:userdebug/release-keys'
01-01 01:04:24.058 3904 3904 F DEBUG : Revision: '0'
01-01 01:04:24.058 3904 3904 F DEBUG : ABI: 'arm64'
01-01 01:04:24.059 3904 3904 F DEBUG : Timestamp: 1970-01-01 01:04:24+0100
01-01 01:04:24.060 3904 3904 F DEBUG : pid: 3866, tid: 3866, name: surfaceflinger >>> /system/bin/surfaceflinger <<<
01-01 01:04:24.060 3904 3904 F DEBUG : uid: 1000
01-01 01:04:24.060 3904 3904 F DEBUG : signal 6 (SIGABRT), code -1 (SI_QUEUE), fault addr --------
01-01 01:04:24.060 3904 3904 F DEBUG : Abort message: 'Missing internal display after registering composer callback.'
01-01 01:04:24.060 3904 3904 F DEBUG : x0 0000000000000000 x1 0000000000000f1a x2 0000000000000006 x3 0000007fc0bf5440
01-01 01:04:24.060 3904 3904 F DEBUG : x4 000000001284bda1 x5 000000001284bda1 x6 000000001284bda1 x7 0000000000000108
01-01 01:04:24.060 3904 3904 F DEBUG : x8 00000000000000f0 x9 00000079557e7800 x10 ffffff80ffffffdf x11 0000000000000001
01-01 01:04:24.060 3904 3904 F DEBUG : x12 0000007fc0bf5410 x13 000000000000003e x14 0000007fc0bf55e0 x15 ffffffffffffffff
01-01 01:04:24.061 3904 3904 F DEBUG : x16 0000007955880c80 x17 00000079558623c0 x18 0000007957f34000 x19 00000000000000ac
01-01 01:04:24.061 3904 3904 F DEBUG : x20 0000000000000f1a x21 00000000000000b2 x22 0000000000000f1a x23 00000000ffffffff
01-01 01:04:24.061 3904 3904 F DEBUG : x24 0000000000000002 x25 0000000000000000 x26 0000000000000000 x27 0000000000000000
01-01 01:04:24.061 3904 3904 F DEBUG : x28 0000000000000000 x29 0000007fc0bf54c0
01-01 01:04:24.061 3904 3904 F DEBUG : lr 0000007955815544 sp 0000007fc0bf5420 pc 0000007955815574 pst 0000000000000000
01-01 01:04:24.095 3904 3904 F DEBUG : backtrace:
01-01 01:04:24.095 3904 3904 F DEBUG : #00 pc 000000000004e574 /apex/com.android.runtime/lib64/bionic/libc.so (abort+180) (BuildId: f81965d884d6ebc5e5c3fd825c17a209)
01-01 01:04:24.096 3904 3904 F DEBUG : #01 pc 0000000000006334 /system/lib64/liblog.so (__android_log_default_aborter+12) (BuildId: c92329feece7a2d7fa4d9fb6acc815f9)
01-01 01:04:24.096 3904 3904 F DEBUG : #02 pc 0000000000006ec8 /system/lib64/liblog.so (__android_log_assert+336) (BuildId: c92329feece7a2d7fa4d9fb6acc815f9)
01-01 01:04:24.096 3904 3904 F DEBUG : #03 pc 000000000010a844 /system/lib64/libsurfaceflinger.so (android::SurfaceFlinger::init()+1380) (BuildId: 717e9bb2a8f30577e4b047e005231fd7)
01-01 01:04:24.096 3904 3904 F DEBUG : #04 pc 00000000000021a8 /system/bin/surfaceflinger (main+352) (BuildId: 90f19aac502ae7e05183738dd9ef97d1)
01-01 01:04:24.096 3904 3904 F DEBUG : #05 pc 0000000000049a34 /apex/com.android.runtime/lib64/bionic/libc.so (__libc_init+108) (BuildId: f81965d884d6ebc5e5c3fd825c17a209)
01-01 01:04:24.126 3862 3862 I boot_progress_preload_start: 264126
01-01 01:04:24.143 3862 3862 D Zygote64Timing: BeginPreload took to complete: 17ms
01-01 01:04:24.177 3863 3863 D Zygote32Timing: PostZygoteInitGC took to complete: 16ms
01-01 01:04:24.178 3863 3863 D Zygote32Timing: ZygoteInit took to complete: 25ms
01-01 01:04:24.194 0 0 D logd : logdr: UID=1000 GID=1003 PID=3904 n tail=50 logMask=8 pid=3866 start=0ns timeout=0ns
01-01 01:04:24.197 0 0 D logd : logdr: UID=1000 GID=1003 PID=3904 n tail=50 logMask=1 pid=3866 start=0ns timeout=0ns
01-01 01:04:24.227 0 0 D logd : logdr: UID=1000 GID=1003 PID=3904 n tail=0 logMask=8 pid=3866 start=0ns timeout=0ns
01-01 01:04:24.229 0 0 D logd : logdr: UID=1000 GID=1003 PID=3904 n tail=0 logMask=1 pid=3866 start=0ns timeout=0ns
01-01 01:04:24.413 3928 3928 I wificond: wificond is starting up...
01-01 01:04:24.417 3928 3928 I HidlServiceManagement: Registered android.system.wifi.keystore@1.0::IKeystore/default (start delay of 37ms)
01-01 01:04:28.086 241 241 E iorapd : Cannot get package manager service!
01-01 01:04:28.597 0 0 I init : starting service 'zygote'...
01-01 01:04:28.602 0 0 I init : Created socket '/dev/socket/zygote', mode 660, user 0, group 1000
01-01 01:04:28.610 0 0 I init : Created socket '/dev/socket/usap_pool_primary', mode 660, user 0, group 1000
01-01 01:04:28.646 0 0 W libprocessgroup: Failed to open /dev/stune/top-app/tasks: No such file or directory: No such file or directory
01-01 01:04:28.658 0 0 W libprocessgroup: Failed to apply MaxPerformance task profile: No such file or directory
01-01 01:04:28.660 0 0 I init : starting service 'zygote_secondary'...
01-01 01:04:28.673 0 0 I init : Created socket '/dev/socket/zygote_secondary', mode 660, user 0, group 1000
01-01 01:04:28.682 0 0 I init : Created socket '/dev/socket/usap_pool_secondary', mode 660, user 0, group 1000
01-01 01:04:28.694 0 0 I init : starting service 'audioserver'...
01-01 01:04:28.695 0 0 W libprocessgroup: Failed to open /dev/stune/top-app/tasks: No such file or directory: No such file or directory
01-01 01:04:28.851 3934 3934 I boot_progress_start: 268851
01-01 01:04:29.023 3938 3938 F libc : Fatal signal 6 (SIGABRT), code -1 (SI_QUEUE) in tid 3938 (surfaceflinger), pid 3938 (surfaceflinger)
01-01 01:04:29.075 3974 3974 F DEBUG : *** *** *** *** *** *** *** *** *** *** *** *** *** *** *** ***
01-01 01:04:29.075 3974 3974 F DEBUG : Build fingerprint: 'emteria/rpi4/rpi4:11/RQ1A.210105.003/eng.root.20210331.145622:userdebug/release-keys'
01-01 01:04:29.076 3974 3974 F DEBUG : Revision: '0'
01-01 01:04:29.076 3974 3974 F DEBUG : ABI: 'arm64'
01-01 01:04:29.077 3974 3974 F DEBUG : Timestamp: 1970-01-01 01:04:29+0100
01-01 01:04:29.077 3974 3974 F DEBUG : pid: 3938, tid: 3938, name: surfaceflinger >>> /system/bin/surfaceflinger <<<
01-01 01:04:29.077 3974 3974 F DEBUG : uid: 1000
01-01 01:04:29.077 3974 3974 F DEBUG : signal 6 (SIGABRT), code -1 (SI_QUEUE), fault addr --------
01-01 01:04:29.077 3974 3974 F DEBUG : Abort message: 'Missing internal display after registering composer callback.'
01-01 01:04:29.077 3974 3974 F DEBUG : x0 0000000000000000 x1 0000000000000f62 x2 0000000000000006 x3 0000007fd058f560
01-01 01:04:29.077 3974 3974 F DEBUG : x4 000000001284bda1 x5 000000001284bda1 x6 000000001284bda1 x7 000000000000010d
01-01 01:04:29.077 3974 3974 F DEBUG : x8 00000000000000f0 x9 00000078abd72800 x10 ffffff80ffffffdf x11 0000000000000001
01-01 01:04:29.078 3974 3974 F DEBUG : x12 0000007fd058f530 x13 000000000000003e x14 0000007fd058f700 x15 ffffffffffffffff
01-01 01:04:29.078 3974 3974 F DEBUG : x16 00000078abe0bc80 x17 00000078abded3c0 x18 00000078adc00000 x19 00000000000000ac
01-01 01:04:29.078 3974 3974 F DEBUG : x20 0000000000000f62 x21 00000000000000b2 x22 0000000000000f62 x23 00000000ffffffff
01-01 01:04:29.078 3974 3974 F DEBUG : x24 0000000000000002 x25 0000000000000000 x26 0000000000000000 x27 0000000000000000
01-01 01:04:29.078 3974 3974 F DEBUG : x28 0000000000000000 x29 0000007fd058f5e0
01-01 01:04:29.078 3974 3974 F DEBUG : lr 00000078abda0544 sp 0000007fd058f540 pc 00000078abda0574 pst 0000000000000000
01-01 01:04:29.086 241 241 W iorapd : Reconnect to package manager service: 44 times
01-01 01:04:29.112 3974 3974 F DEBUG : backtrace:
01-01 01:04:29.112 3974 3974 F DEBUG : #00 pc 000000000004e574 /apex/com.android.runtime/lib64/bionic/libc.so (abort+180) (BuildId: f81965d884d6ebc5e5c3fd825c17a209)
01-01 01:04:29.112 3974 3974 F DEBUG : #01 pc 0000000000006334 /system/lib64/liblog.so (__android_log_default_aborter+12) (BuildId: c92329feece7a2d7fa4d9fb6acc815f9)
01-01 01:04:29.112 3974 3974 F DEBUG : #02 pc 0000000000006ec8 /system/lib64/liblog.so (__android_log_assert+336) (BuildId: c92329feece7a2d7fa4d9fb6acc815f9)
01-01 01:04:29.112 3974 3974 F DEBUG : #03 pc 000000000010a844 /system/lib64/libsurfaceflinger.so (android::SurfaceFlinger::init()+1380) (BuildId: 717e9bb2a8f30577e4b047e005231fd7)
01-01 01:04:29.112 3974 3974 F DEBUG : #04 pc 00000000000021a8 /system/bin/surfaceflinger (main+352) (BuildId: 90f19aac502ae7e05183738dd9ef97d1)
01-01 01:04:29.112 3974 3974 F DEBUG : #05 pc 0000000000049a34 /apex/com.android.runtime/lib64/bionic/libc.so (__libc_init+108) (BuildId: f81965d884d6ebc5e5c3fd825c17a209)
01-01 01:04:29.155 3934 3934 I boot_progress_preload_start: 269155
01-01 01:04:29.172 3934 3934 D Zygote64Timing: BeginPreload took to complete: 17ms
01-01 01:04:29.211 3935 3935 D Zygote32Timing: PostZygoteInitGC took to complete: 18ms
01-01 01:04:29.211 3935 3935 D Zygote32Timing: ZygoteInit took to complete: 26ms
01-01 01:04:29.213 0 0 D logd : logdr: UID=1000 GID=1003 PID=3974 n tail=50 logMask=8 pid=3938 start=0ns timeout=0ns
01-01 01:04:29.216 0 0 D logd : logdr: UID=1000 GID=1003 PID=3974 n tail=50 logMask=1 pid=3938 start=0ns timeout=0ns
01-01 01:04:29.247 0 0 D logd : logdr: UID=1000 GID=1003 PID=3974 n tail=0 logMask=8 pid=3938 start=0ns timeout=0ns
01-01 01:04:29.249 0 0 D logd : logdr: UID=1000 GID=1003 PID=3974 n tail=0 logMask=1 pid=3938 start=0ns timeout=0ns
01-01 01:04:29.449 3999 3999 I wificond: wificond is starting up...
01-01 01:04:29.453 3999 3999 I HidlServiceManagement: Registered android.system.wifi.keystore@1.0::IKeystore/default (start delay of 43ms)
01-01 01:04:33.626 0 0 I init : starting service 'zygote'...
01-01 01:04:33.631 0 0 I init : Created socket '/dev/socket/zygote', mode 660, user 0, group 1000
01-01 01:04:33.639 0 0 I init : Created socket '/dev/socket/usap_pool_primary', mode 660, user 0, group 1000
01-01 01:04:33.666 0 0 W libprocessgroup: Failed to open /dev/stune/top-app/tasks: No such file or directory: No such file or directory
01-01 01:04:33.678 0 0 W libprocessgroup: Failed to apply MaxPerformance task profile: No such file or directory
01-01 01:04:33.693 0 0 I init : starting service 'zygote_secondary'...
01-01 01:04:33.699 0 0 I init : Created socket '/dev/socket/zygote_secondary', mode 660, user 0, group 1000
01-01 01:04:33.708 0 0 I init : Created socket '/dev/socket/usap_pool_secondary', mode 660, user 0, group 1000
01-01 01:04:33.721 0 0 I init : starting service 'audioserver'...
01-01 01:04:33.722 0 0 W libprocessgroup: Failed to open /dev/stune/top-app/tasks: No such file or directory: No such file or directory
01-01 01:04:33.863 4005 4005 I boot_progress_start: 273863
01-01 01:04:34.091 4009 4009 F libc : Fatal signal 6 (SIGABRT), code -1 (SI_QUEUE) in tid 4009 (surfaceflinger), pid 4009 (surfaceflinger)
01-01 01:04:34.102 241 241 E iorapd : Cannot get package manager service!
01-01 01:04:34.130 4010 4046 I r_submix: in_standby()
01-01 01:04:34.134 4048 4048 F DEBUG : *** *** *** *** *** *** *** *** *** *** *** *** *** *** *** ***
01-01 01:04:34.134 4048 4048 F DEBUG : Build fingerprint: 'emteria/rpi4/rpi4:11/RQ1A.210105.003/eng.root.20210331.145622:userdebug/release-keys'
01-01 01:04:34.134 4048 4048 F DEBUG : Revision: '0'
01-01 01:04:34.134 4048 4048 F DEBUG : ABI: 'arm64'
01-01 01:04:34.135 4048 4048 F DEBUG : Timestamp: 1970-01-01 01:04:34+0100
01-01 01:04:34.135 4048 4048 F DEBUG : pid: 4009, tid: 4009, name: surfaceflinger >>> /system/bin/surfaceflinger <<<
01-01 01:04:34.135 4048 4048 F DEBUG : uid: 1000
01-01 01:04:34.135 4048 4048 F DEBUG : signal 6 (SIGABRT), code -1 (SI_QUEUE), fault addr --------
01-01 01:04:34.140 4048 4048 F DEBUG : Abort message: 'Missing internal display after registering composer callback.'
01-01 01:04:34.140 4048 4048 F DEBUG : x0 0000000000000000 x1 0000000000000fa9 x2 0000000000000006 x3 0000007fda9a8a60
01-01 01:04:34.140 4048 4048 F DEBUG : x4 000000001284bda1 x5 000000001284bda1 x6 000000001284bda1 x7 0000000000000112
01-01 01:04:34.141 4048 4048 F DEBUG : x8 00000000000000f0 x9 0000007dd0a71800 x10 ffffff80ffffffdf x11 0000000000000001
01-01 01:04:34.141 4048 4048 F DEBUG : x12 0000007fda9a8a30 x13 000000000000003e x14 0000007fda9a8c00 x15 ffffffffffffffff
01-01 01:04:34.141 4048 4048 F DEBUG : x16 0000007dd0b0ac80 x17 0000007dd0aec3c0 x18 0000007dd267e000 x19 00000000000000ac
01-01 01:04:34.141 4048 4048 F DEBUG : x20 0000000000000fa9 x21 00000000000000b2 x22 0000000000000fa9 x23 00000000ffffffff
01-01 01:04:34.141 4048 4048 F DEBUG : x24 0000000000000002 x25 0000000000000000 x26 0000000000000000 x27 0000000000000000
01-01 01:04:34.141 4048 4048 F DEBUG : x28 0000000000000000 x29 0000007fda9a8ae0
01-01 01:04:34.141 4048 4048 F DEBUG : lr 0000007dd0a9f544 sp 0000007fda9a8a40 pc 0000007dd0a9f574 pst 0000000000000000
01-01 01:04:34.159 4006 4006 D zygote : Time zone APEX ICU file found: /apex/com.android.tzdata/etc/icu/icu_tzdata.dat
01-01 01:04:34.159 4005 4005 W zygote64: JNI RegisterNativeMethods: attempt to register 0 native methods for android.media.AudioAttributes
01-01 01:04:34.159 4006 4006 D zygote : I18n APEX ICU file found: /apex/com.android.i18n/etc/icu/icudt66l.dat
01-01 01:04:34.170 4048 4048 F DEBUG : backtrace:
01-01 01:04:34.170 4048 4048 F DEBUG : #00 pc 000000000004e574 /apex/com.android.runtime/lib64/bionic/libc.so (abort+180) (BuildId: f81965d884d6ebc5e5c3fd825c17a209)
01-01 01:04:34.170 4005 4005 I boot_progress_preload_start: 274170
01-01 01:04:34.171 4005 4005 D Zygote : begin preload
01-01 01:04:34.171 4048 4048 F DEBUG : #01 pc 0000000000006334 /system/lib64/liblog.so (__android_log_default_aborter+12) (BuildId: c92329feece7a2d7fa4d9fb6acc815f9)
01-01 01:04:34.171 4048 4048 F DEBUG : #02 pc 0000000000006ec8 /system/lib64/liblog.so (__android_log_assert+336) (BuildId: c92329feece7a2d7fa4d9fb6acc815f9)
01-01 01:04:34.171 4005 4005 I Zygote : Calling ZygoteHooks.beginPreload()
01-01 01:04:34.171 4048 4048 F DEBUG : #03 pc 000000000010a844 /system/lib64/libsurfaceflinger.so (android::SurfaceFlinger::init()+1380) (BuildId: 717e9bb2a8f30577e4b047e005231fd7)
01-01 01:04:34.171 4048 4048 F DEBUG : #04 pc 00000000000021a8 /system/bin/surfaceflinger (main+352) (BuildId: 90f19aac502ae7e05183738dd9ef97d1)
01-01 01:04:34.171 4048 4048 F DEBUG : #05 pc 0000000000049a34 /apex/com.android.runtime/lib64/bionic/libc.so (__libc_init+108) (BuildId: f81965d884d6ebc5e5c3fd825c17a209)
01-01 01:04:34.173 4006 4006 I zygote : Using memfd for future sealing
01-01 01:04:34.187 4005 4005 D Zygote64Timing: BeginPreload took to complete: 16ms
01-01 01:04:34.187 4005 4005 I Zygote : Preloading classes...
01-01 01:04:34.190 4005 4005 W Zygote : Class not found for preloading: android.app.-$$Lambda$ResourcesManager$QJ7UiVk_XS90KuXAsIjIEym1DnM
01-01 01:04:34.217 4006 4006 W zygote : JNI RegisterNativeMethods: attempt to register 0 native methods for android.media.AudioAttributes
01-01 01:04:34.238 4006 4006 I zygote : Explicit concurrent copying GC freed 650(60KB) AllocSpace objects, 0(0B) LOS objects, 93% free, 99KB/1635KB, paused 284us total 10.140ms
01-01 01:04:34.246 4006 4006 I zygote : Explicit concurrent copying GC freed 20(47KB) AllocSpace objects, 0(0B) LOS objects, 94% free, 84KB/1620KB, paused 100us total 7.545ms
01-01 01:04:34.246 4006 4006 D Zygote32Timing: PostZygoteInitGC took to complete: 18ms
01-01 01:04:34.246 4006 4006 D Zygote32Timing: ZygoteInit took to complete: 25ms
01-01 01:04:34.250 4006 4006 I Zygote : Accepting command socket connections
01-01 01:04:34.272 0 0 D logd : logdr: UID=1000 GID=1003 PID=4048 n tail=50 logMask=8 pid=4009 start=0ns timeout=0ns
01-01 01:04:34.274 0 0 D logd : logdr: UID=1000 GID=1003 PID=4048 n tail=50 logMask=1 pid=4009 start=0ns timeout=0ns
01-01 01:04:34.304 0 0 D logd : logdr: UID=1000 GID=1003 PID=4048 n tail=0 logMask=8 pid=4009 start=0ns timeout=0ns
01-01 01:04:34.307 0 0 D logd : logdr: UID=1000 GID=1003 PID=4048 n tail=0 logMask=1 pid=4009 start=0ns timeout=0ns
01-01 01:04:34.308 4048 4048 E crash_dump64: unable to connect to activity manager: No such file or directory
01-01 01:04:34.308 191 191 E tombstoned: Tombstone written to: /data/tombstones/tombstone_31
01-01 01:04:34.319 210 288 D android.hardware.graphics.composer@2.1-service: removed composer client
01-01 01:04:34.331 4007 4055 W AudioFlinger: no wake lock to update, system not ready yet
01-01 01:04:34.332 4010 4046 D r_submix: adev_close_input_stream()
01-01 01:04:34.332 4010 4046 D r_submix: submix_audio_device_release_pipe_l(idx=9) addr=0
01-01 01:04:34.333 4010 4046 D r_submix: submix_audio_device_destroy_pipe_l(): pipe destroyed
01-01 01:04:34.333 4007 4007 W APM::AudioPolicyEngine: getDevicesForStrategy() unknown strategy: -1
01-01 01:04:34.333 4007 4007 W APM::AudioPolicyEngine: getDevicesForStrategy() unknown strategy: -1
01-01 01:04:34.333 4007 4007 E EffectsConfig: Could not parse effect configuration in any of the default locations.
01-01 01:04:34.333 4007 4007 W AudioPolicyEffects: Failed to load XML effect configuration, fallback to .conf
01-01 01:04:34.334 4007 4007 I audioserver: Waiting for activity service
01-01 01:04:34.353 4010 4016 I r_submix: adev_close()
01-01 01:04:34.489 4070 4070 I wificond: wificond is starting up...
01-01 01:04:34.493 4070 4070 I HidlServiceManagement: Registered android.system.wifi.keystore@1.0::IKeystore/default (start delay of 43ms)
01-01 01:04:34.532 4068 4068 I cameraserver: ServiceManager: 0xb4000071a8b8a460
01-01 01:04:34.533 4068 4068 I CameraService: CameraService started (pid=4068)
01-01 01:04:34.533 4068 4068 I CameraService: CameraService process starting
01-01 01:04:34.533 4068 4068 W BatteryNotifier: batterystats service unavailable!
01-01 01:04:34.533 4068 4068 W BatteryNotifier: batterystats service unavailable!
01-01 01:04:34.535 4068 4068 I CameraProviderManager: Connecting to new camera provider: external/0, isRemote? 1
01-01 01:04:34.536 4068 4068 I CameraProviderManager: Camera provider external/0 ready with 0 camera devices
01-01 01:04:34.537 4068 4073 W CameraProviderManager: addProviderLocked: Camera provider HAL with name 'external/0' already registered
01-01 01:04:34.537 4068 4068 I cameraserver: Waiting for activity service
01-01 01:04:34.566 4069 4069 I mediaserver: ServiceManager: 0xb400007973f6fa60
01-01 01:04:34.567 4069 4069 D mediaserver: Time zone APEX ICU file found: /apex/com.android.tzdata/etc/icu/icu_tzdata.dat
01-01 01:04:34.567 4069 4069 D mediaserver: I18n APEX ICU file found: /apex/com.android.i18n/etc/icu/icudt66l.dat
01-01 01:04:34.567 4069 4069 W BatteryNotifier: batterystats service unavailable!
01-01 01:04:34.567 4069 4069 W BatteryNotifier: batterystats service unavailable!
01-01 01:04:35.102 241 241 W iorapd : Reconnect to package manager service: 45 times
01-01 01:04:35.102 241 241 I ServiceManager: Waiting for service 'package_native' on '/dev/binder'...
01-01 01:04:38.655 0 0 I init : starting service 'zygote'...
01-01 01:04:38.660 0 0 I init : Created socket '/dev/socket/zygote', mode 660, user 0, group 1000
01-01 01:04:38.668 0 0 I init : Created socket '/dev/socket/usap_pool_primary', mode 660, user 0, group 1000
01-01 01:04:38.702 0 0 W libprocessgroup: Failed to open /dev/stune/top-app/tasks: No such file or directory: No such file or directory
01-01 01:04:38.714 0 0 W libprocessgroup: Failed to apply MaxPerformance task profile: No such file or directory
01-01 01:04:38.720 0 0 I init : starting service 'zygote_secondary'...
01-01 01:04:38.729 0 0 I init : Created socket '/dev/socket/zygote_secondary', mode 660, user 0, group 1000
01-01 01:04:38.738 0 0 I init : Created socket '/dev/socket/usap_pool_secondary', mode 660, user 0, group 1000
01-01 01:04:38.750 0 0 I init : starting service 'audioserver'...
01-01 01:04:38.753 0 0 W libprocessgroup: Failed to open /dev/stune/top-app/tasks: No such file or directory: No such file or directory
01-01 01:04:38.811 241 241 I ServiceManager: Waiting for service 'package_native' on '/dev/binder'...
01-01 01:04:38.812 4079 4079 I netdClient: Skipping libnetd_client init since *we* are netd
01-01 01:04:38.818 4079 4079 I netd : netd 1.0 starting
01-01 01:04:38.822 4079 4079 D TetherController: Setting IP forward enable = 0
01-01 01:04:38.869 150 150 I chatty : uid=1000(system) hwservicemanage expire 47 lines
01-01 01:04:38.870 4081 4081 E LegacySupport: Could not get passthrough implementation for android.hardware.audio@6.0::IDevicesFactory/default.
01-01 01:04:38.871 4081 4081 E LegacySupport: Could not get passthrough implementation for android.hardware.audio@5.0::IDevicesFactory/default.
01-01 01:04:38.872 4081 4081 E LegacySupport: Could not get passthrough implementation for android.hardware.audio@4.0::IDevicesFactory/default.
01-01 01:04:38.882 4081 4081 I HidlServiceManagement: Registered android.hardware.audio@2.0::IDevicesFactory/default (start delay of 102ms)
01-01 01:04:38.883 4081 4081 I HidlServiceManagement: Removing namespace from process name android.hardware.audio.service to audio.service.
01-01 01:04:38.883 4081 4081 I LegacySupport: Registration complete for android.hardware.audio@2.0::IDevicesFactory/default.
01-01 01:04:38.884 4081 4081 E LegacySupport: Could not get passthrough implementation for android.hardware.audio.effect@6.0::IEffectsFactory/default.
01-01 01:04:38.886 4081 4081 E LegacySupport: Could not get passthrough implementation for android.hardware.audio.effect@5.0::IEffectsFactory/default.
01-01 01:04:38.892 4081 4081 E LegacySupport: Could not get passthrough implementation for android.hardware.audio.effect@4.0::IEffectsFactory/default.
01-01 01:04:38.899 4079 4079 I netd : Creating child chains: 61777us
01-01 01:04:38.899 4079 4079 I netd : Setting up OEM hooks: 266us
01-01 01:04:38.899 4079 4079 I netd : Setting up FirewallController hooks: 110us
01-01 01:04:38.899 4076 4076 D AndroidRuntime: >>>>>> START com.android.internal.os.ZygoteInit uid 0 <<<<<<
01-01 01:04:38.900 4076 4076 I boot_progress_start: 278900
01-01 01:04:38.905 4081 4081 I HidlServiceManagement: Registered android.hardware.audio.effect@2.0::IEffectsFactory/default (start delay of 125ms)
01-01 01:04:38.905 4081 4081 I LegacySupport: Registration complete for android.hardware.audio.effect@2.0::IEffectsFactory/default.
01-01 01:04:38.906 4076 4076 I AndroidRuntime: Using default boot image
01-01 01:04:38.906 4076 4076 I AndroidRuntime: Leaving lock profiling enabled
01-01 01:04:38.907 4081 4081 E LegacySupport: Could not get passthrough implementation for android.hardware.soundtrigger@2.3::ISoundTriggerHw/default.
01-01 01:04:38.907 4079 4079 I netd : Setting up TetherController hooks: 8268us
01-01 01:04:38.909 4076 4076 I zygote64: option[0]=-Xzygote
01-01 01:04:38.909 4076 4076 I zygote64: option[1]=exit
01-01 01:04:38.909 4076 4076 I zygote64: option[2]=vfprintf
01-01 01:04:38.909 4076 4076 I zygote64: option[3]=sensitiveThread
01-01 01:04:38.909 4076 4076 I zygote64: option[4]=-verbose:gc
01-01 01:04:38.909 4076 4076 I zygote64: option[5]=-XX:PerfettoHprof=true
01-01 01:04:38.909 4076 4076 I zygote64: option[6]=-Xprimaryzygote
01-01 01:04:38.909 4076 4076 I zygote64: option[7]=-Xms8m
01-01 01:04:38.909 4076 4076 I zygote64: option[8]=-Xmx512m
01-01 01:04:38.909 4076 4076 I zygote64: option[9]=-XX:HeapGrowthLimit=192m
01-01 01:04:38.910 4076 4076 I zygote64: option[10]=-XX:HeapMinFree=512k
01-01 01:04:38.910 4076 4076 I zygote64: option[11]=-XX:HeapMaxFree=8m
01-01 01:04:38.910 4076 4076 I zygote64: option[12]=-XX:HeapTargetUtilization=0.75
01-01 01:04:38.910 4076 4076 I zygote64: option[13]=-Xusejit:true
01-01 01:04:38.910 4076 4076 I zygote64: option[14]=-Xjitsaveprofilinginfo
01-01 01:04:38.910 4076 4076 I zygote64: option[15]=-XjdwpOptions:suspend=n,server=y
01-01 01:04:38.910 4076 4076 I zygote64: option[16]=-XjdwpProvider:default
01-01 01:04:38.910 4076 4076 I zygote64: option[17]=-Xopaque-jni-ids:swapable
01-01 01:04:38.910 4076 4076 I zygote64: option[18]=-Xlockprofthreshold:500
01-01 01:04:38.910 4076 4076 I zygote64: option[19]=-Xcompiler-option
01-01 01:04:38.910 4076 4076 I zygote64: option[20]=--instruction-set-variant=cortex-a72
01-01 01:04:38.910 4076 4076 I zygote64: option[21]=-Xcompiler-option
01-01 01:04:38.910 4076 4076 I zygote64: option[22]=--instruction-set-features=default
01-01 01:04:38.910 4076 4076 I zygote64: option[23]=-Xcompiler-option
01-01 01:04:38.910 4076 4076 I zygote64: option[24]=--generate-mini-debug-info
01-01 01:04:38.910 4076 4076 I zygote64: option[25]=-Ximage-compiler-option
01-01 01:04:38.910 4076 4076 I zygote64: option[26]=--runtime-arg
01-01 01:04:38.910 4076 4076 I zygote64: option[27]=-Ximage-compiler-option
01-01 01:04:38.910 4081 4081 E LegacySupport: Could not get passthrough implementation for android.hardware.soundtrigger@2.2::ISoundTriggerHw/default.
01-01 01:04:38.910 4076 4076 I zygote64: option[28]=-Xms64m
01-01 01:04:38.910 4076 4076 I zygote64: option[29]=-Ximage-compiler-option
01-01 01:04:38.910 4076 4076 I zygote64: option[30]=--runtime-arg
01-01 01:04:38.910 4076 4076 I zygote64: option[31]=-Ximage-compiler-option
01-01 01:04:38.910 4076 4076 I zygote64: option[32]=-Xmx64m
01-01 01:04:38.910 4076 4076 I zygote64: option[33]=-Ximage-compiler-option
01-01 01:04:38.911 4076 4076 I zygote64: option[34]=--dirty-image-objects=/system/etc/dirty-image-objects
01-01 01:04:38.911 4076 4076 I zygote64: option[35]=-Ximage-compiler-option
01-01 01:04:38.911 4076 4076 I zygote64: option[36]=--instruction-set-variant=cortex-a72
01-01 01:04:38.911 4076 4076 I zygote64: option[37]=-Ximage-compiler-option
01-01 01:04:38.911 4076 4076 I zygote64: option[38]=--instruction-set-features=default
01-01 01:04:38.911 4076 4076 I zygote64: option[39]=-Ximage-compiler-option
01-01 01:04:38.911 4076 4076 I zygote64: option[40]=--generate-mini-debug-info
01-01 01:04:38.911 4076 4076 I zygote64: option[41]=-Duser.locale=en-US
01-01 01:04:38.911 4076 4076 I zygote64: option[42]=--cpu-abilist=arm64-v8a
01-01 01:04:38.911 4076 4076 I zygote64: option[43]=-Xcore-platform-api-policy:just-warn
01-01 01:04:38.911 4081 4081 E LegacySupport: Could not get passthrough implementation for android.hardware.soundtrigger@2.1::ISoundTriggerHw/default.
01-01 01:04:38.911 4076 4076 I zygote64: option[44]=-Xfingerprint:emteria/rpi4/rpi4:11/RQ1A.210105.003/eng.root.20210331.145622:userdebug/release-keys
01-01 01:04:38.912 241 241 I ServiceManager: Waiting for service 'package_native' on '/dev/binder'...
01-01 01:04:38.912 4081 4081 E LegacySupport: Could not get passthrough implementation for android.hardware.soundtrigger@2.0::ISoundTriggerHw/default.
01-01 01:04:38.912 4081 4081 W audiohalservice: Could not register Soundtrigger API
01-01 01:04:38.913 4081 4081 E LegacySupport: Could not get passthrough implementation for android.hardware.bluetooth.audio@2.0::IBluetoothAudioProvidersFactory/default.
01-01 01:04:38.913 4081 4081 W audiohalservice: Could not register Bluetooth Audio API
01-01 01:04:38.914 4081 4081 E LegacySupport: Could not get passthrough implementation for android.hardware.bluetooth.a2dp@1.0::IBluetoothAudioOffload/default.
01-01 01:04:38.914 4081 4081 W audiohalservice: Could not register Bluetooth Audio Offload API
01-01 01:04:38.915 4076 4076 I zygote64: Core platform API reporting enabled, enforcing=false
01-01 01:04:38.917 4079 4079 I netd : Setting up BandwidthController hooks: 9821us
01-01 01:04:38.917 4079 4079 I netd : Setting up IdletimerController hooks: 217us
01-01 01:04:38.927 4078 4078 I FastMixerState: sMaxFastTracks = 8
01-01 01:04:38.932 4078 4078 V MediaUtils: physMem: 1937104896
01-01 01:04:38.933 4078 4078 V MediaUtils: requested limit: 387420960
01-01 01:04:38.933 4078 4078 I libc : malloc_limit: Allocation limit enabled, max size 387420960 bytes
01-01 01:04:38.934 4078 4078 I audioserver: ServiceManager: 0xb4000078e76667f0
01-01 01:04:38.934 4078 4078 W BatteryNotifier: batterystats service unavailable!
01-01 01:04:38.953 4078 4078 I AudioFlinger: Using default 3000 mSec as standby time.
01-01 01:04:38.953 244 276 W AudioAnalytics: (key=audio.flinger) Audioflinger constructor event detected
01-01 01:04:38.954 4078 4078 E APM::Serializer: deserialize: Could not parse /odm/etc/audio_policy_configuration.xml document.
01-01 01:04:38.963 4080 4080 I chatty : uid=1000(system) /system/bin/surfaceflinger expire 7 lines
01-01 01:04:38.965 4077 4077 D AndroidRuntime: >>>>>> START com.android.internal.os.ZygoteInit uid 0 <<<<<<
01-01 01:04:38.971 4077 4077 I AndroidRuntime: Using default boot image
01-01 01:04:38.971 4077 4077 I AndroidRuntime: Leaving lock profiling enabled
01-01 01:04:38.973 4077 4077 I zygote : option[0]=-Xzygote
01-01 01:04:38.974 4077 4077 I zygote : option[1]=exit
01-01 01:04:38.974 4077 4077 I zygote : option[2]=vfprintf
01-01 01:04:38.974 4077 4077 I zygote : option[3]=sensitiveThread
01-01 01:04:38.974 4077 4077 I zygote : option[4]=-verbose:gc
01-01 01:04:38.974 4077 4077 I zygote : option[5]=-XX:PerfettoHprof=true
01-01 01:04:38.974 4077 4077 I zygote : option[6]=-Xms8m
01-01 01:04:38.974 4077 4077 I zygote : option[7]=-Xmx512m
01-01 01:04:38.974 4077 4077 I zygote : option[8]=-XX:HeapGrowthLimit=192m
01-01 01:04:38.974 4077 4077 I zygote : option[9]=-XX:HeapMinFree=512k
01-01 01:04:38.974 4077 4077 I zygote : option[10]=-XX:HeapMaxFree=8m
01-01 01:04:38.974 4077 4077 I zygote : option[11]=-XX:HeapTargetUtilization=0.75
01-01 01:04:38.974 4077 4077 I zygote : option[12]=-Xusejit:true
01-01 01:04:39.113 4080 4080 F libc : Fatal signal 6 (SIGABRT), code -1 (SI_QUEUE) in tid 4080 (surfaceflinger), pid 4080 (surfaceflinger)
01-01 01:04:39.162 4121 4121 F DEBUG : *** *** *** *** *** *** *** *** *** *** *** *** *** *** *** ***
01-01 01:04:39.162 4121 4121 F DEBUG : Build fingerprint: 'emteria/rpi4/rpi4:11/RQ1A.210105.003/eng.root.20210331.145622:userdebug/release-keys'
01-01 01:04:39.162 4121 4121 F DEBUG : Revision: '0'
01-01 01:04:39.162 4121 4121 F DEBUG : ABI: 'arm64'
01-01 01:04:39.163 4121 4121 F DEBUG : Timestamp: 1970-01-01 01:04:39+0100
01-01 01:04:39.163 4121 4121 F DEBUG : pid: 4080, tid: 4080, name: surfaceflinger >>> /system/bin/surfaceflinger <<<
01-01 01:04:39.163 4121 4121 F DEBUG : uid: 1000
01-01 01:04:39.163 4121 4121 F DEBUG : signal 6 (SIGABRT), code -1 (SI_QUEUE), fault addr --------
01-01 01:04:39.164 4121 4121 F DEBUG : Abort message: 'Missing internal display after registering composer callback.'
01-01 01:04:39.164 4121 4121 F DEBUG : x0 0000000000000000 x1 0000000000000ff0 x2 0000000000000006 x3 0000007ff081b300
01-01 01:04:39.164 4121 4121 F DEBUG : x4 000000001284bda1 x5 000000001284bda1 x6 000000001284bda1 x7 0000000000000117
01-01 01:04:39.165 4121 4121 F DEBUG : x8 00000000000000f0 x9 0000007e79aaa800 x10 ffffff80ffffffdf x11 0000000000000001
01-01 01:04:39.165 4121 4121 F DEBUG : x12 0000007ff081b2d0 x13 000000000000003e x14 0000007ff081b4a0 x15 ffffffffffffffff
01-01 01:04:39.165 4121 4121 F DEBUG : x16 0000007e79b43c80 x17 0000007e79b253c0 x18 0000007e7be60000 x19 00000000000000ac
01-01 01:04:39.165 4121 4121 F DEBUG : x20 0000000000000ff0 x21 00000000000000b2 x22 0000000000000ff0 x23 00000000ffffffff
01-01 01:04:39.165 4121 4121 F DEBUG : x24 0000000000000002 x25 0000000000000000 x26 0000000000000000 x27 0000000000000000
01-01 01:04:39.165 4121 4121 F DEBUG : x28 0000000000000000 x29 0000007ff081b380
01-01 01:04:39.165 4121 4121 F DEBUG : lr 0000007e79ad8544 sp 0000007ff081b2e0 pc 0000007e79ad8574 pst 0000000000000000
01-01 01:04:39.195 4121 4121 F DEBUG : backtrace:
01-01 01:04:39.196 4076 4076 I boot_progress_preload_start: 279196
01-01 01:04:39.196 4121 4121 F DEBUG : #00 pc 000000000004e574 /apex/com.android.runtime/lib64/bionic/libc.so (abort+180) (BuildId: f81965d884d6ebc5e5c3fd825c17a209)
01-01 01:04:39.196 4121 4121 F DEBUG : #01 pc 0000000000006334 /system/lib64/liblog.so (__android_log_default_aborter+12) (BuildId: c92329feece7a2d7fa4d9fb6acc815f9)
01-01 01:04:39.197 4121 4121 F DEBUG : #02 pc 0000000000006ec8 /system/lib64/liblog.so (__android_log_assert+336) (BuildId: c92329feece7a2d7fa4d9fb6acc815f9)
01-01 01:04:39.197 4121 4121 F DEBUG : #03 pc 000000000010a844 /system/lib64/libsurfaceflinger.so (android::SurfaceFlinger::init()+1380) (BuildId: 717e9bb2a8f30577e4b047e005231fd7)
01-01 01:04:39.197 4121 4121 F DEBUG : #04 pc 00000000000021a8 /system/bin/surfaceflinger (main+352) (BuildId: 90f19aac502ae7e05183738dd9ef97d1)
01-01 01:04:39.197 4121 4121 F DEBUG : #05 pc 0000000000049a34 /apex/com.android.runtime/lib64/bionic/libc.so (__libc_init+108) (BuildId: f81965d884d6ebc5e5c3fd825c17a209)
01-01 01:04:39.214 4076 4076 D Zygote64Timing: BeginPreload took to complete: 18ms
01-01 01:04:39.267 4077 4077 D Zygote32Timing: PostZygoteInitGC took to complete: 17ms
01-01 01:04:39.267 4077 4077 D Zygote32Timing: ZygoteInit took to complete: 24ms
01-01 01:04:39.303 0 0 D logd : logdr: UID=1000 GID=1003 PID=4121 n tail=50 logMask=8 pid=4080 start=0ns timeout=0ns
01-01 01:04:39.306 0 0 D logd : logdr: UID=1000 GID=1003 PID=4121 n tail=50 logMask=1 pid=4080 start=0ns timeout=0ns
01-01 01:04:39.336 0 0 D logd : logdr: UID=1000 GID=1003 PID=4121 n tail=0 logMask=8 pid=4080 start=0ns timeout=0ns
01-01 01:04:39.338 0 0 D logd : logdr: UID=1000 GID=1003 PID=4121 n tail=0 logMask=1 pid=4080 start=0ns timeout=0ns
01-01 01:04:39.508 4142 4142 I wificond: wificond is starting up...
01-01 01:04:39.512 4142 4142 I HidlServiceManagement: Registered android.system.wifi.keystore@1.0::IKeystore/default (start delay of 42ms)
01-01 01:04:39.585 4141 4141 W BatteryNotifier: batterystats service unavailable!
01-01 01:04:39.586 4141 4141 W BatteryNotifier: batterystats service unavailable!
01-01 01:04:39.617 241 241 I ServiceManager: Waiting for service 'package_native' on '/dev/binder'...
01-01 01:04:40.018 241 241 I ServiceManager: Waiting for service 'package_native' on '/dev/binder'...
01-01 01:04:40.119 241 241 W ServiceManager: Service package_native didn't start. Returning NULL
01-01 01:04:40.119 241 241 E iorapd : Cannot get package manager service!
01-01 01:04:41.119 241 241 W iorapd : Reconnect to package manager service: 46 times
01-01 01:04:41.119 241 241 I ServiceManager: Waiting for service 'package_native' on '/dev/binder'...
01-01 01:04:43.684 0 0 I init : starting service 'zygote'...
01-01 01:04:43.689 0 0 I init : Created socket '/dev/socket/zygote', mode 660, user 0, group 1000
01-01 01:04:43.697 0 0 I init : Created socket '/dev/socket/usap_pool_primary', mode 660, user 0, group 1000
01-01 01:04:43.726 0 0 W libprocessgroup: Failed to open /dev/stune/top-app/tasks: No such file or directory: No such file or directory
01-01 01:04:43.738 0 0 W libprocessgroup: Failed to apply MaxPerformance task profile: No such file or directory
01-01 01:04:43.749 0 0 I init : starting service 'zygote_secondary'...
