01-01 01:04:59.017 4371 4371 E LegacySupport: Could not get passthrough implementation for android.hardware.audio.effect@4.0::IEffectsFactory/default.
01-01 01:04:59.021 4369 4369 I netd : Setting up BandwidthController hooks: 14194us
01-01 01:04:59.021 4369 4369 I netd : Setting up IdletimerController hooks: 171us
01-01 01:04:59.022 4366 4366 I AndroidRuntime: Using default boot image
01-01 01:04:59.023 4366 4366 I AndroidRuntime: Leaving lock profiling enabled
01-01 01:04:59.025 4366 4366 I zygote64: option[0]=-Xzygote
01-01 01:04:59.025 4366 4366 I zygote64: option[1]=exit
01-01 01:04:59.025 4366 4366 I zygote64: option[2]=vfprintf
01-01 01:04:59.025 4366 4366 I zygote64: option[3]=sensitiveThread
01-01 01:04:59.025 4366 4366 I zygote64: option[4]=-verbose:gc
01-01 01:04:59.025 4366 4366 I zygote64: option[5]=-XX:PerfettoHprof=true
01-01 01:04:59.025 4366 4366 I zygote64: option[6]=-Xprimaryzygote
01-01 01:04:59.025 4366 4366 I zygote64: option[7]=-Xms8m
01-01 01:04:59.025 4366 4366 I zygote64: option[8]=-Xmx512m
01-01 01:04:59.025 4366 4366 I zygote64: option[9]=-XX:HeapGrowthLimit=192m
01-01 01:04:59.025 4366 4366 I zygote64: option[10]=-XX:HeapMinFree=512k
01-01 01:04:59.025 4366 4366 I zygote64: option[11]=-XX:HeapMaxFree=8m
01-01 01:04:59.025 4366 4366 I zygote64: option[12]=-XX:HeapTargetUtilization=0.75
01-01 01:04:59.026 4366 4366 I zygote64: option[13]=-Xusejit:true
01-01 01:04:59.026 4366 4366 I zygote64: option[14]=-Xjitsaveprofilinginfo
01-01 01:04:59.026 4366 4366 I zygote64: option[15]=-XjdwpOptions:suspend=n,server=y
01-01 01:04:59.026 4366 4366 I zygote64: option[16]=-XjdwpProvider:default
01-01 01:04:59.026 4366 4366 I zygote64: option[17]=-Xopaque-jni-ids:swapable
01-01 01:04:59.026 4366 4366 I zygote64: option[18]=-Xlockprofthreshold:500
01-01 01:04:59.026 4366 4366 I zygote64: option[19]=-Xcompiler-option
01-01 01:04:59.026 4366 4366 I zygote64: option[20]=--instruction-set-variant=cortex-a72
01-01 01:04:59.026 4366 4366 I zygote64: option[21]=-Xcompiler-option
01-01 01:04:59.026 4366 4366 I zygote64: option[22]=--instruction-set-features=default
01-01 01:04:59.026 4366 4366 I zygote64: option[23]=-Xcompiler-option
01-01 01:04:59.026 4366 4366 I zygote64: option[24]=--generate-mini-debug-info
01-01 01:04:59.026 4366 4366 I zygote64: option[25]=-Ximage-compiler-option
01-01 01:04:59.026 4366 4366 I zygote64: option[26]=--runtime-arg
01-01 01:04:59.026 4366 4366 I zygote64: option[27]=-Ximage-compiler-option
01-01 01:04:59.026 4366 4366 I zygote64: option[28]=-Xms64m
01-01 01:04:59.026 4366 4366 I zygote64: option[29]=-Ximage-compiler-option
01-01 01:04:59.026 4366 4366 I zygote64: option[30]=--runtime-arg
01-01 01:04:59.026 4366 4366 I zygote64: option[31]=-Ximage-compiler-option
01-01 01:04:59.026 4366 4366 I zygote64: option[32]=-Xmx64m
01-01 01:04:59.026 4366 4366 I zygote64: option[33]=-Ximage-compiler-option
01-01 01:04:59.026 4366 4366 I zygote64: option[34]=--dirty-image-objects=/system/etc/dirty-image-objects
01-01 01:04:59.026 4366 4366 I zygote64: option[35]=-Ximage-compiler-option
01-01 01:04:59.026 4366 4366 I zygote64: option[36]=--instruction-set-variant=cortex-a72
01-01 01:04:59.026 4366 4366 I zygote64: option[37]=-Ximage-compiler-option
01-01 01:04:59.026 4366 4366 I zygote64: option[38]=--instruction-set-features=default
01-01 01:04:59.027 4366 4366 I zygote64: option[39]=-Ximage-compiler-option
01-01 01:04:59.027 4366 4366 I zygote64: option[40]=--generate-mini-debug-info
01-01 01:04:59.027 4366 4366 I zygote64: option[41]=-Duser.locale=en-US
01-01 01:04:59.027 4366 4366 I zygote64: option[42]=--cpu-abilist=arm64-v8a
01-01 01:04:59.027 4366 4366 I zygote64: option[43]=-Xcore-platform-api-policy:just-warn
01-01 01:04:59.027 4366 4366 I zygote64: option[44]=-Xfingerprint:emteria/rpi4/rpi4:11/RQ1A.210105.003/eng.root.20210331.145622:userdebug/release-keys
01-01 01:04:59.030 4368 4368 I FastMixerState: sMaxFastTracks = 8
01-01 01:04:59.031 4366 4366 I zygote64: Core platform API reporting enabled, enforcing=false
01-01 01:04:59.036 4368 4368 V MediaUtils: physMem: 1937104896
01-01 01:04:59.037 4368 4368 V MediaUtils: requested limit: 387420960
01-01 01:04:59.037 4368 4368 I libc : malloc_limit: Allocation limit enabled, max size 387420960 bytes
01-01 01:04:59.038 4368 4368 I audioserver: ServiceManager: 0xb400007a8b3f6970
01-01 01:04:59.039 4368 4368 W BatteryNotifier: batterystats service unavailable!
01-01 01:04:59.041 4371 4371 I HidlServiceManagement: Registered android.hardware.audio.effect@2.0::IEffectsFactory/default (start delay of 151ms)
01-01 01:04:59.041 4371 4371 I LegacySupport: Registration complete for android.hardware.audio.effect@2.0::IEffectsFactory/default.
01-01 01:04:59.042 4371 4371 E LegacySupport: Could not get passthrough implementation for android.hardware.soundtrigger@2.3::ISoundTriggerHw/default.
01-01 01:04:59.043 4371 4371 E LegacySupport: Could not get passthrough implementation for android.hardware.soundtrigger@2.2::ISoundTriggerHw/default.
01-01 01:04:59.043 4371 4371 E LegacySupport: Could not get passthrough implementation for android.hardware.soundtrigger@2.1::ISoundTriggerHw/default.
01-01 01:04:59.044 4371 4371 E LegacySupport: Could not get passthrough implementation for android.hardware.soundtrigger@2.0::ISoundTriggerHw/default.
01-01 01:04:59.044 4371 4371 W audiohalservice: Could not register Soundtrigger API
01-01 01:04:59.048 4371 4371 E LegacySupport: Could not get passthrough implementation for android.hardware.bluetooth.audio@2.0::IBluetoothAudioProvidersFactory/default.
01-01 01:04:59.048 4371 4371 W audiohalservice: Could not register Bluetooth Audio API
01-01 01:04:59.052 4371 4371 E LegacySupport: Could not get passthrough implementation for android.hardware.bluetooth.a2dp@1.0::IBluetoothAudioOffload/default.
01-01 01:04:59.052 4371 4371 W audiohalservice: Could not register Bluetooth Audio Offload API
01-01 01:04:59.062 4368 4368 I AudioFlinger: Using default 3000 mSec as standby time.
01-01 01:04:59.062 244 276 W AudioAnalytics: (key=audio.flinger) Audioflinger constructor event detected
01-01 01:04:59.064 4368 4368 E APM::Serializer: deserialize: Could not parse /odm/etc/audio_policy_configuration.xml document.
01-01 01:04:59.075 4370 4370 I chatty : uid=1000(system) /system/bin/surfaceflinger expire 6 lines
01-01 01:04:59.085 4367 4367 D AndroidRuntime: >>>>>> START com.android.internal.os.ZygoteInit uid 0 <<<<<<
01-01 01:04:59.091 4368 4368 D APM_EngineLoader: Loaded engine from libaudiopolicyenginedefault.so
01-01 01:04:59.091 4367 4367 I AndroidRuntime: Using default boot image
01-01 01:04:59.091 4367 4367 I AndroidRuntime: Leaving lock profiling enabled
01-01 01:04:59.092 4368 4368 E APM::AudioPolicyEngine/Config: parse: Could not parse document /vendor/etc/audio_policy_engine_configuration.xml
01-01 01:04:59.092 4368 4368 E libxml2 : I/O warning : failed to load external entity "/vendor/etc/audio_policy_engine_configuration.xml"
01-01 01:04:59.092 4368 4368 W APM::AudioPolicyEngine/Base: loadAudioPolicyEngineConfig: No configuration found, using default matching phone experience.
01-01 01:04:59.093 4368 4368 E APM::AudioPolicyEngine/Config: parseLegacyVolumeFile: Could not parse document /odm/etc/audio_policy_configuration.xml
01-01 01:04:59.093 4368 4368 E libxml2 : I/O warning : failed to load external entity "/odm/etc/audio_policy_configuration.xml"
01-01 01:04:59.094 4367 4367 I zygote : option[0]=-Xzygote
01-01 01:04:59.094 4367 4367 I zygote : option[1]=exit
01-01 01:04:59.094 4367 4367 I zygote : option[2]=vfprintf
01-01 01:04:59.094 4367 4367 I zygote : option[3]=sensitiveThread
01-01 01:04:59.094 4367 4367 I zygote : option[4]=-verbose:gc
01-01 01:04:59.094 4367 4367 I zygote : option[5]=-XX:PerfettoHprof=true
01-01 01:04:59.094 4367 4367 I zygote : option[6]=-Xms8m
01-01 01:04:59.094 4367 4367 I zygote : option[7]=-Xmx512m
01-01 01:04:59.094 4367 4367 I zygote : option[8]=-XX:HeapGrowthLimit=192m
01-01 01:04:59.094 4367 4367 I zygote : option[9]=-XX:HeapMinFree=512k
01-01 01:04:59.094 4367 4367 I zygote : option[10]=-XX:HeapMaxFree=8m
01-01 01:04:59.094 4367 4367 I zygote : option[11]=-XX:HeapTargetUtilization=0.75
01-01 01:04:59.095 4367 4367 I zygote : option[12]=-Xusejit:true
01-01 01:04:59.095 4367 4367 I zygote : option[13]=-Xjitsaveprofilinginfo
01-01 01:04:59.095 4367 4367 I zygote : option[14]=-XjdwpOptions:suspend=n,server=y
01-01 01:04:59.095 4367 4367 I zygote : option[15]=-XjdwpProvider:default
01-01 01:04:59.095 4367 4367 I zygote : option[16]=-Xopaque-jni-ids:swapable
01-01 01:04:59.095 4367 4367 I zygote : option[17]=-Xlockprofthreshold:500
01-01 01:04:59.095 4367 4367 I zygote : option[18]=-Xcompiler-option
01-01 01:04:59.095 4367 4367 I zygote : option[19]=--instruction-set-variant=cortex-a72
01-01 01:04:59.095 4367 4367 I zygote : option[20]=-Xcompiler-option
01-01 01:04:59.095 4367 4367 I zygote : option[21]=--instruction-set-features=default
01-01 01:04:59.095 4367 4367 I zygote : option[22]=-Xcompiler-option
01-01 01:04:59.095 4367 4367 I zygote : option[23]=--generate-mini-debug-info
01-01 01:04:59.095 4367 4367 I zygote : option[24]=-Ximage-compiler-option
01-01 01:04:59.095 4367 4367 I zygote : option[25]=--runtime-arg
01-01 01:04:59.095 4367 4367 I zygote : option[26]=-Ximage-compiler-option
01-01 01:04:59.095 4367 4367 I zygote : option[27]=-Xms64m
01-01 01:04:59.095 4367 4367 I zygote : option[28]=-Ximage-compiler-option
01-01 01:04:59.095 4367 4367 I zygote : option[29]=--runtime-arg
01-01 01:04:59.095 4367 4367 I zygote : option[30]=-Ximage-compiler-option
01-01 01:04:59.095 4367 4367 I zygote : option[31]=-Xmx64m
01-01 01:04:59.095 4367 4367 I zygote : option[32]=-Ximage-compiler-option
01-01 01:04:59.095 4367 4367 I zygote : option[33]=--dirty-image-objects=/system/etc/dirty-image-objects
01-01 01:04:59.095 4367 4367 I zygote : option[34]=-Ximage-compiler-option
01-01 01:04:59.096 4367 4367 I zygote : option[35]=--instruction-set-variant=cortex-a72
01-01 01:04:59.096 4367 4367 I zygote : option[36]=-Ximage-compiler-option
01-01 01:04:59.096 4367 4367 I zygote : option[37]=--instruction-set-features=default
01-01 01:04:59.096 4367 4367 I zygote : option[38]=-Ximage-compiler-option
01-01 01:04:59.096 4367 4367 I zygote : option[39]=--generate-mini-debug-info
01-01 01:04:59.096 4367 4367 I zygote : option[40]=-Duser.locale=en-US
01-01 01:04:59.096 4367 4367 I zygote : option[41]=--cpu-abilist=armeabi-v7a,armeabi
01-01 01:04:59.096 4367 4367 I zygote : option[42]=-Xcore-platform-api-policy:just-warn
01-01 01:04:59.096 4367 4367 I zygote : option[43]=-Xfingerprint:emteria/rpi4/rpi4:11/RQ1A.210105.003/eng.root.20210331.145622:userdebug/release-keys
01-01 01:04:59.098 4369 4369 I netd : Setting up StrictController hooks: 77069us
01-01 01:04:59.098 4369 4369 E ClatdController: Cannot determine initial API level of the device.
01-01 01:04:59.098 4369 4369 I ClatdController: 4.9+ kernel and device shipped with Q+ - clat ebpf should work.
01-01 01:04:59.099 4369 4369 I netd : Initializing ClatdController: 311us
01-01 01:04:59.101 4367 4367 I zygote : Core platform API reporting enabled, enforcing=false
01-01 01:04:59.102 4368 4368 W APM::AudioPolicyEngine/Base: loadAudioPolicyEngineConfig: No configuration of AUDIO_STREAM_CALL_ASSISTANT found, using default volume configuration
01-01 01:04:59.104 4370 4370 D RenderEngine: RenderEngine GLES Backend
01-01 01:04:59.107 4369 4369 I netd : Initializing traffic control: 8189us
01-01 01:04:59.110 4370 4370 D libEGL : loaded /vendor/lib64/egl/libGLES_mesa.so
01-01 01:04:59.113 4371 4371 I audio_rpi: Parsing audio output data from system property
01-01 01:04:59.113 4371 4371 I audio_rpi: Using card 0, device 0 for primary audio output
01-01 01:04:59.113 4371 4371 D audio_rpi: mixer 0 name Headphone Playback Volume
01-01 01:04:59.114 4371 4371 D audio_rpi: set ctl 0 to 2400
01-01 01:04:59.114 4371 4371 D audio_rpi: mixer 1 name Headphone Playback Switch
01-01 01:04:59.114 4371 4371 D audio_rpi: set ctl 0 to 1
01-01 01:04:59.120 4369 4369 I netd : Enabling bandwidth control: 13513us
01-01 01:04:59.125 4369 4369 E Netd : Error adding route 0.0.0.0/0 -> (null) dummy0 to table 1002: File exists
01-01 01:04:59.126 4369 4369 I netd : Initializing RouteController: 5297us
01-01 01:04:59.127 4369 4369 D XfrmController: XfrmController::ipSecAddXfrmInterface, line=1377
01-01 01:04:59.144 4369 4369 D XfrmController: XfrmController::ipSecRemoveTunnelInterface, line=1590
01-01 01:04:59.145 4368 4368 I AudioFlinger: loadHwModule() Loaded primary audio interface, handle 10
01-01 01:04:59.145 4368 4368 I AudioFlinger: openOutput() this 0xb400007b7b3edcf0, module 10 Device type:0x2,@:, SamplingRate 48000, Format 0x000001, Channels 0x3, flags 0x2
01-01 01:04:59.146 4369 4369 D XfrmController: deviceName=ipsec_test
01-01 01:04:59.152 4368 4368 I AudioFlinger: HAL output buffer size 1024 frames, normal sink buffer size 1024 frames
01-01 01:04:59.158 4371 4371 E EffectsConfig: Could not parse effect configuration in any of the default locations.
01-01 01:04:59.158 4371 4371 E EffectsFactoryConfigLoader: Failed to parse XML configuration file
01-01 01:04:59.158 4371 4371 W EffectsFactory: Failed to load XML effect configuration, fallback to .conf
01-01 01:04:59.159 4371 4371 W EffectsFactoryConfigLoader: checkLibraryPath() corrected library path /vendor/lib/soundfx/libbundlewrapper.so to /vendor/lib64/soundfx/libbundlewrapper.so
01-01 01:04:59.160 4371 4371 W EffectsFactoryConfigLoader: checkLibraryPath() corrected library path /vendor/lib/soundfx/libreverbwrapper.so to /vendor/lib64/soundfx/libreverbwrapper.so
01-01 01:04:59.161 4371 4371 W EffectsFactoryConfigLoader: checkLibraryPath() corrected library path /vendor/lib/soundfx/libvisualizer.so to /vendor/lib64/soundfx/libvisualizer.so
01-01 01:04:59.162 4371 4371 W EffectsFactoryConfigLoader: checkLibraryPath() corrected library path /vendor/lib/soundfx/libdownmix.so to /vendor/lib64/soundfx/libdownmix.so
01-01 01:04:59.162 4371 4371 W EffectsFactoryConfigLoader: checkLibraryPath() corrected library path /vendor/lib/soundfx/libldnhncr.so to /vendor/lib64/soundfx/libldnhncr.so
01-01 01:04:59.163 4371 4371 W EffectsFactoryConfigLoader: checkLibraryPath() corrected library path /vendor/lib/soundfx/libdynproc.so to /vendor/lib64/soundfx/libdynproc.so
01-01 01:04:59.165 4368 4368 I BufferProvider: found effect "Multichannel Downmix To Stereo" from The Android Open Source Project
01-01 01:04:59.166 4368 4368 E AudioFlinger: Failed to add event callback
01-01 01:04:59.175 4371 4371 W DeviceHAL: Error from HAL Device in function set_voice_volume: Function not implemented
01-01 01:04:59.177 4368 4368 W AudioFlinger: moveEffects() bad srcOutput 0
01-01 01:04:59.178 4368 4368 W APM::AudioPolicyEngine: getDevicesForStrategy() unknown strategy: -1
01-01 01:04:59.178 241 241 W iorapd : Reconnect to package manager service: 49 times
01-01 01:04:59.179 241 241 I ServiceManager: Waiting for service 'package_native' on '/dev/binder'...
01-01 01:04:59.179 4368 4391 I AudioFlinger: AudioFlinger's thread 0xb400007cfdb5b040 tid=4391 ready to run
01-01 01:04:59.179 4368 4391 W AudioFlinger: no wake lock to update, system not ready yet
01-01 01:04:59.179 4368 4391 D AudioFlinger: ro.audio.silent is ignored since no output device is set
01-01 01:04:59.184 4369 4369 D XfrmController: Sending Netlink XFRM Message: XFRM_MSG_FLUSHSA
01-01 01:04:59.184 4369 4369 D XfrmController: Sending Netlink XFRM Message: XFRM_MSG_FLUSHPOLICY
01-01 01:04:59.184 4369 4369 I netd : Initializing XfrmController: 58939us
01-01 01:04:59.187 4369 4369 I libnetd_resolv: resolv_init: Initializing resolver
01-01 01:04:59.191 4370 4370 I RenderEngine: OpenGL ES informations:
01-01 01:04:59.191 4370 4370 I RenderEngine: vendor : Broadcom
01-01 01:04:59.191 4370 4370 I RenderEngine: renderer : V3D 4.2
01-01 01:04:59.191 4370 4370 I RenderEngine: version : OpenGL ES 3.1 Mesa 20.2.2 (git-87475f9d5e)
01-01 01:04:59.191 4370 4370 I RenderEngine: extensions: GL_EXT_debug_marker GL_EXT_blend_minmax GL_EXT_multi_draw_arrays GL_EXT_texture_compression_s3tc GL_EXT_texture_compression_dxt1 GL_EXT_texture_format_BGRA8888 GL_OES_compressed_ETC1_RGB8_texture GL_OES_depth2^C 130|