01-01 01:00:17.537 450 450 F DEBUG : x16 00000072afe59c80 x17 00000072afe3b3c0 x18 00000072b1172000 x19 00000000000000ac
01-01 01:00:17.537 450 450 F DEBUG : x20 000000000000019c x21 00000000000000b2 x22 000000000000019c x23 00000000ffffffff
01-01 01:00:17.537 450 450 F DEBUG : x24 0000000000000002 x25 0000000000000000 x26 0000000000000000 x27 0000000000000000
01-01 01:00:17.537 450 450 F DEBUG : x28 0000000000000000 x29 0000007fcfff0e50
01-01 01:00:17.537 450 450 F DEBUG : lr 00000072afdee544 sp 0000007fcfff0db0 pc 00000072afdee574 pst 0000000000000000
01-01 01:00:17.568 450 450 F DEBUG : backtrace:
01-01 01:00:17.568 450 450 F DEBUG : #00 pc 000000000004e574 /apex/com.android.runtime/lib64/bionic/libc.so (abort+180) (BuildId: f81965d884d6ebc5e5c3fd825c17a209)
01-01 01:00:17.568 450 450 F DEBUG : #01 pc 0000000000006334 /system/lib64/liblog.so (__android_log_default_aborter+12) (BuildId: c92329feece7a2d7fa4d9fb6acc815f9)
01-01 01:00:17.568 450 450 F DEBUG : #02 pc 0000000000006ec8 /system/lib64/liblog.so (__android_log_assert+336) (BuildId: c92329feece7a2d7fa4d9fb6acc815f9)
01-01 01:00:17.568 450 450 F DEBUG : #03 pc 000000000010a844 /system/lib64/libsurfaceflinger.so (android::SurfaceFlinger::init()+1380) (BuildId: 717e9bb2a8f30577e4b047e005231fd7)
01-01 01:00:17.569 450 450 F DEBUG : #04 pc 00000000000021a8 /system/bin/surfaceflinger (main+352) (BuildId: 90f19aac502ae7e05183738dd9ef97d1)
01-01 01:00:17.569 450 450 F DEBUG : #05 pc 0000000000049a34 /apex/com.android.runtime/lib64/bionic/libc.so (__libc_init+108) (BuildId: f81965d884d6ebc5e5c3fd825c17a209)
01-01 01:00:17.659 0 0 D logd : logdr: UID=1000 GID=1003 PID=450 n tail=50 logMask=8 pid=412 start=0ns timeout=0ns
01-01 01:00:17.660 0 0 D logd : logdr: UID=1000 GID=1003 PID=450 n tail=50 logMask=1 pid=412 start=0ns timeout=0ns
01-01 01:00:17.686 0 0 D logd : logdr: UID=1000 GID=1003 PID=450 n tail=0 logMask=8 pid=412 start=0ns timeout=0ns
01-01 01:00:17.687 0 0 D logd : logdr: UID=1000 GID=1003 PID=450 n tail=0 logMask=1 pid=412 start=0ns timeout=0ns
01-01 01:00:17.934 464 464 I wificond: wificond is starting up...
01-01 01:00:17.937 464 464 I HidlServiceManagement: Registered android.system.wifi.keystore@1.0::IKeystore/default (start delay of 37ms)
01-01 01:00:18.612 246 404 E storaged: getService package_native failed
01-01 01:00:21.235 241 241 E iorapd : Cannot get package manager service!
01-01 01:00:22.206 0 0 I init : starting service 'zygote'...
01-01 01:00:22.211 0 0 I init : Created socket '/dev/socket/zygote', mode 660, user 0, group 1000
01-01 01:00:22.219 0 0 I init : Created socket '/dev/socket/usap_pool_primary', mode 660, user 0, group 1000
01-01 01:00:22.234 0 0 I init : starting service 'zygote_secondary'...
01-01 01:00:22.236 241 241 W iorapd : Reconnect to package manager service: 3 times
01-01 01:00:22.240 0 0 I init : Created socket '/dev/socket/zygote_secondary', mode 660, user 0, group 1000
01-01 01:00:22.249 0 0 I init : Created socket '/dev/socket/usap_pool_secondary', mode 660, user 0, group 1000
01-01 01:00:22.278 0 0 W libprocessgroup: Failed to open /dev/stune/top-app/tasks: No such file or directory: No such file or directory
01-01 01:00:22.280 0 0 I init : starting service 'audioserver'...
01-01 01:00:22.281 0 0 W libprocessgroup: Failed to open /dev/stune/top-app/tasks: No such file or directory: No such file or directory
01-01 01:00:22.281 0 0 W libprocessgroup: Failed to apply MaxPerformance task profile: No such file or directory
01-01 01:00:22.469 470 470 I boot_progress_start: 22469
01-01 01:00:22.597 474 474 F libc : Fatal signal 6 (SIGABRT), code -1 (SI_QUEUE) in tid 474 (surfaceflinger), pid 474 (surfaceflinger)
01-01 01:00:22.631 513 513 F DEBUG : *** *** *** *** *** *** *** *** *** *** *** *** *** *** *** ***
01-01 01:00:22.631 513 513 F DEBUG : Build fingerprint: 'emteria/rpi4/rpi4:11/RQ1A.210105.003/eng.root.20210331.145622:userdebug/release-keys'
01-01 01:00:22.631 513 513 F DEBUG : Revision: '0'
01-01 01:00:22.631 513 513 F DEBUG : ABI: 'arm64'
01-01 01:00:22.632 513 513 F DEBUG : Timestamp: 1970-01-01 01:00:22+0100
01-01 01:00:22.632 513 513 F DEBUG : pid: 474, tid: 474, name: surfaceflinger >>> /system/bin/surfaceflinger <<<
01-01 01:00:22.632 513 513 F DEBUG : uid: 1000
01-01 01:00:22.632 513 513 F DEBUG : signal 6 (SIGABRT), code -1 (SI_QUEUE), fault addr --------
01-01 01:00:22.632 513 513 F DEBUG : Abort message: 'Missing internal display after registering composer callback.'
01-01 01:00:22.632 513 513 F DEBUG : x0 0000000000000000 x1 00000000000001da x2 0000000000000006 x3 0000007fce422020
01-01 01:00:22.632 513 513 F DEBUG : x4 000000001284bda1 x5 000000001284bda1 x6 000000001284bda1 x7 0000000000000016
01-01 01:00:22.632 513 513 F DEBUG : x8 00000000000000f0 x9 0000007ced337800 x10 ffffff80ffffffdf x11 0000000000000001
01-01 01:00:22.632 513 513 F DEBUG : x12 0000007fce421ff0 x13 000000000000003e x14 0000007fce4221c0 x15 ffffffffffffffff
01-01 01:00:22.632 513 513 F DEBUG : x16 0000007ced3d0c80 x17 0000007ced3b23c0 x18 0000007cefd0a000 x19 00000000000000ac
01-01 01:00:22.633 513 513 F DEBUG : x20 00000000000001da x21 00000000000000b2 x22 00000000000001da x23 00000000ffffffff
01-01 01:00:22.633 513 513 F DEBUG : x24 0000000000000002 x25 0000000000000000 x26 0000000000000000 x27 0000000000000000
01-01 01:00:22.633 513 513 F DEBUG : x28 0000000000000000 x29 0000007fce4220a0
01-01 01:00:22.633 513 513 F DEBUG : lr 0000007ced365544 sp 0000007fce422000 pc 0000007ced365574 pst 0000000000000000
01-01 01:00:22.661 513 513 F DEBUG : backtrace:
01-01 01:00:22.661 513 513 F DEBUG : #00 pc 000000000004e574 /apex/com.android.runtime/lib64/bionic/libc.so (abort+180) (BuildId: f81965d884d6ebc5e5c3fd825c17a209)
01-01 01:00:22.661 513 513 F DEBUG : #01 pc 0000000000006334 /system/lib64/liblog.so (__android_log_default_aborter+12) (BuildId: c92329feece7a2d7fa4d9fb6acc815f9)
01-01 01:00:22.661 513 513 F DEBUG : #02 pc 0000000000006ec8 /system/lib64/liblog.so (__android_log_assert+336) (BuildId: c92329feece7a2d7fa4d9fb6acc815f9)
01-01 01:00:22.661 513 513 F DEBUG : #03 pc 000000000010a844 /system/lib64/libsurfaceflinger.so (android::SurfaceFlinger::init()+1380) (BuildId: 717e9bb2a8f30577e4b047e005231fd7)
01-01 01:00:22.661 513 513 F DEBUG : #04 pc 00000000000021a8 /system/bin/surfaceflinger (main+352) (BuildId: 90f19aac502ae7e05183738dd9ef97d1)
01-01 01:00:22.661 513 513 F DEBUG : #05 pc 0000000000049a34 /apex/com.android.runtime/lib64/bionic/libc.so (__libc_init+108) (BuildId: f81965d884d6ebc5e5c3fd825c17a209)
01-01 01:00:22.745 0 0 D logd : logdr: UID=1000 GID=1003 PID=513 n tail=50 logMask=8 pid=474 start=0ns timeout=0ns
01-01 01:00:22.746 0 0 D logd : logdr: UID=1000 GID=1003 PID=513 n tail=50 logMask=1 pid=474 start=0ns timeout=0ns
01-01 01:00:22.772 0 0 D logd : logdr: UID=1000 GID=1003 PID=513 n tail=0 logMask=8 pid=474 start=0ns timeout=0ns
01-01 01:00:22.773 0 0 D logd : logdr: UID=1000 GID=1003 PID=513 n tail=0 logMask=1 pid=474 start=0ns timeout=0ns
01-01 01:00:22.941 526 526 I wificond: wificond is starting up...
01-01 01:00:22.945 526 526 I HidlServiceManagement: Registered android.system.wifi.keystore@1.0::IKeystore/default (start delay of 45ms)
01-01 01:00:27.234 0 0 I init : starting service 'zygote'...
01-01 01:00:27.239 0 0 I init : Created socket '/dev/socket/zygote', mode 660, user 0, group 1000
01-01 01:00:27.247 0 0 I init : Created socket '/dev/socket/usap_pool_primary', mode 660, user 0, group 1000
01-01 01:00:27.251 241 241 E iorapd : Cannot get package manager service!
01-01 01:00:27.278 0 0 W libprocessgroup: Failed to open /dev/stune/top-app/tasks: No such file or directory: No such file or directory
01-01 01:00:27.279 0 0 I init : starting service 'zygote_secondary'...
01-01 01:00:27.290 0 0 W libprocessgroup: Failed to apply MaxPerformance task profile: No such file or directory
01-01 01:00:27.296 0 0 I init : Created socket '/dev/socket/zygote_secondary', mode 660, user 0, group 1000
01-01 01:00:27.313 0 0 I init : Created socket '/dev/socket/usap_pool_secondary', mode 660, user 0, group 1000
01-01 01:00:27.326 0 0 I init : starting service 'audioserver'...
01-01 01:00:27.327 0 0 W libprocessgroup: Failed to open /dev/stune/top-app/tasks: No such file or directory: No such file or directory
01-01 01:00:27.477 533 533 I boot_progress_start: 27477
01-01 01:00:27.651 537 537 F libc : Fatal signal 6 (SIGABRT), code -1 (SI_QUEUE) in tid 537 (surfaceflinger), pid 537 (surfaceflinger)
01-01 01:00:27.683 580 580 F DEBUG : *** *** *** *** *** *** *** *** *** *** *** *** *** *** *** ***
01-01 01:00:27.683 580 580 F DEBUG : Build fingerprint: 'emteria/rpi4/rpi4:11/RQ1A.210105.003/eng.root.20210331.145622:userdebug/release-keys'
01-01 01:00:27.683 580 580 F DEBUG : Revision: '0'
01-01 01:00:27.683 580 580 F DEBUG : ABI: 'arm64'
01-01 01:00:27.684 580 580 F DEBUG : Timestamp: 1970-01-01 01:00:27+0100
01-01 01:00:27.684 580 580 F DEBUG : pid: 537, tid: 537, name: surfaceflinger >>> /system/bin/surfaceflinger <<<
01-01 01:00:27.684 580 580 F DEBUG : uid: 1000
01-01 01:00:27.684 580 580 F DEBUG : signal 6 (SIGABRT), code -1 (SI_QUEUE), fault addr --------
01-01 01:00:27.684 580 580 F DEBUG : Abort message: 'Missing internal display after registering composer callback.'
01-01 01:00:27.684 580 580 F DEBUG : x0 0000000000000000 x1 0000000000000219 x2 0000000000000006 x3 0000007fe33960d0
01-01 01:00:27.684 580 580 F DEBUG : x4 000000001284bda1 x5 000000001284bda1 x6 000000001284bda1 x7 000000000000001b
01-01 01:00:27.684 580 580 F DEBUG : x8 00000000000000f0 x9 000000783b4b3800 x10 ffffff80ffffffdf x11 0000000000000001
01-01 01:00:27.684 580 580 F DEBUG : x12 0000007fe33960a0 x13 000000000000003e x14 0000007fe3396270 x15 ffffffffffffffff
01-01 01:00:27.684 580 580 F DEBUG : x16 000000783b54cc80 x17 000000783b52e3c0 x18 000000783c580000 x19 00000000000000ac
01-01 01:00:27.685 580 580 F DEBUG : x20 0000000000000219 x21 00000000000000b2 x22 0000000000000219 x23 00000000ffffffff
01-01 01:00:27.685 580 580 F DEBUG : x24 0000000000000002 x25 0000000000000000 x26 0000000000000000 x27 0000000000000000
01-01 01:00:27.685 580 580 F DEBUG : x28 0000000000000000 x29 0000007fe3396150
01-01 01:00:27.685 580 580 F DEBUG : lr 000000783b4e1544 sp 0000007fe33960b0 pc 000000783b4e1574 pst 0000000000000000
01-01 01:00:27.713 580 580 F DEBUG : backtrace:
01-01 01:00:27.713 580 580 F DEBUG : #00 pc 000000000004e574 /apex/com.android.runtime/lib64/bionic/libc.so (abort+180) (BuildId: f81965d884d6ebc5e5c3fd825c17a209)
01-01 01:00:27.713 580 580 F DEBUG : #01 pc 0000000000006334 /system/lib64/liblog.so (__android_log_default_aborter+12) (BuildId: c92329feece7a2d7fa4d9fb6acc815f9)
01-01 01:00:27.714 580 580 F DEBUG : #02 pc 0000000000006ec8 /system/lib64/liblog.so (__android_log_assert+336) (BuildId: c92329feece7a2d7fa4d9fb6acc815f9)
01-01 01:00:27.714 580 580 F DEBUG : #03 pc 000000000010a844 /system/lib64/libsurfaceflinger.so (android::SurfaceFlinger::init()+1380) (BuildId: 717e9bb2a8f30577e4b047e005231fd7)
01-01 01:00:27.714 580 580 F DEBUG : #04 pc 00000000000021a8 /system/bin/surfaceflinger (main+352) (BuildId: 90f19aac502ae7e05183738dd9ef97d1)
01-01 01:00:27.714 580 580 F DEBUG : #05 pc 0000000000049a34 /apex/com.android.runtime/lib64/bionic/libc.so (__libc_init+108) (BuildId: f81965d884d6ebc5e5c3fd825c17a209)
01-01 01:00:27.803 0 0 D logd : logdr: UID=1000 GID=1003 PID=580 n tail=50 logMask=8 pid=537 start=0ns timeout=0ns
01-01 01:00:27.803 0 0 D logd : logdr: UID=1000 GID=1003 PID=580 n tail=50 logMask=1 pid=537 start=0ns timeout=0ns
01-01 01:00:27.830 0 0 D logd : logdr: UID=1000 GID=1003 PID=580 n tail=0 logMask=8 pid=537 start=0ns timeout=0ns
01-01 01:00:27.830 0 0 D logd : logdr: UID=1000 GID=1003 PID=580 n tail=0 logMask=1 pid=537 start=0ns timeout=0ns
01-01 01:00:27.988 591 591 I wificond: wificond is starting up...
01-01 01:00:27.993 591 591 I HidlServiceManagement: Registered android.system.wifi.keystore@1.0::IKeystore/default (start delay of 43ms)
01-01 01:00:28.251 241 241 W iorapd : Reconnect to package manager service: 4 times
01-01 01:00:32.263 0 0 I init : starting service 'zygote'...
01-01 01:00:32.268 0 0 I init : Created socket '/dev/socket/zygote', mode 660, user 0, group 1000
01-01 01:00:32.276 0 0 I init : Created socket '/dev/socket/usap_pool_primary', mode 660, user 0, group 1000
01-01 01:00:32.302 0 0 W libprocessgroup: Failed to open /dev/stune/top-app/tasks: No such file or directory: No such file or directory
01-01 01:00:32.314 0 0 W libprocessgroup: Failed to apply MaxPerformance task profile: No such file or directory
01-01 01:00:32.325 0 0 I init : starting service 'zygote_secondary'...
01-01 01:00:32.331 0 0 I init : Created socket '/dev/socket/zygote_secondary', mode 660, user 0, group 1000
01-01 01:00:32.340 0 0 I init : Created socket '/dev/socket/usap_pool_secondary', mode 660, user 0, group 1000
01-01 01:00:32.353 0 0 I init : starting service 'audioserver'...
01-01 01:00:32.353 0 0 W libprocessgroup: Failed to open /dev/stune/top-app/tasks: No such file or directory: No such file or directory
01-01 01:00:32.495 599 599 I boot_progress_start: 32495
01-01 01:00:32.636 603 603 F libc : Fatal signal 6 (SIGABRT), code -1 (SI_QUEUE) in tid 603 (surfaceflinger), pid 603 (surfaceflinger)
01-01 01:00:32.673 642 642 F DEBUG : *** *** *** *** *** *** *** *** *** *** *** *** *** *** *** ***
01-01 01:00:32.673 642 642 F DEBUG : Build fingerprint: 'emteria/rpi4/rpi4:11/RQ1A.210105.003/eng.root.20210331.145622:userdebug/release-keys'
01-01 01:00:32.673 642 642 F DEBUG : Revision: '0'
01-01 01:00:32.673 642 642 F DEBUG : ABI: 'arm64'
01-01 01:00:32.674 642 642 F DEBUG : Timestamp: 1970-01-01 01:00:32+0100
01-01 01:00:32.674 642 642 F DEBUG : pid: 603, tid: 603, name: surfaceflinger >>> /system/bin/surfaceflinger <<<
01-01 01:00:32.674 642 642 F DEBUG : uid: 1000
01-01 01:00:32.674 642 642 F DEBUG : signal 6 (SIGABRT), code -1 (SI_QUEUE), fault addr --------
01-01 01:00:32.674 642 642 F DEBUG : Abort message: 'Missing internal display after registering composer callback.'
01-01 01:00:32.675 642 642 F DEBUG : x0 0000000000000000 x1 000000000000025b x2 0000000000000006 x3 0000007fc2bf4be0
01-01 01:00:32.675 642 642 F DEBUG : x4 000000001284bda1 x5 000000001284bda1 x6 000000001284bda1 x7 0000000000000020
01-01 01:00:32.675 642 642 F DEBUG : x8 00000000000000f0 x9 000000701fffb800 x10 ffffff80ffffffdf x11 0000000000000001
01-01 01:00:32.675 642 642 F DEBUG : x12 0000007fc2bf4bb0 x13 000000000000003e x14 0000007fc2bf4d80 x15 ffffffffffffffff
01-01 01:00:32.675 642 642 F DEBUG : x16 0000007020094c80 x17 00000070200763c0 x18 0000007021238000 x19 00000000000000ac
01-01 01:00:32.675 642 642 F DEBUG : x20 000000000000025b x21 00000000000000b2 x22 000000000000025b x23 00000000ffffffff
01-01 01:00:32.675 642 642 F DEBUG : x24 0000000000000002 x25 0000000000000000 x26 0000000000000000 x27 0000000000000000
01-01 01:00:32.675 642 642 F DEBUG : x28 0000000000000000 x29 0000007fc2bf4c60
01-01 01:00:32.675 642 642 F DEBUG : lr 0000007020029544 sp 0000007fc2bf4bc0 pc 0000007020029574 pst 0000000000000000
01-01 01:00:32.706 642 642 F DEBUG : backtrace:
01-01 01:00:32.706 642 642 F DEBUG : #00 pc 000000000004e574 /apex/com.android.runtime/lib64/bionic/libc.so (abort+180) (BuildId: f81965d884d6ebc5e5c3fd825c17a209)
01-01 01:00:32.706 642 642 F DEBUG : #01 pc 0000000000006334 /system/lib64/liblog.so (__android_log_default_aborter+12) (BuildId: c92329feece7a2d7fa4d9fb6acc815f9)
01-01 01:00:32.706 642 642 F DEBUG : #02 pc 0000000000006ec8 /system/lib64/liblog.so (__android_log_assert+336) (BuildId: c92329feece7a2d7fa4d9fb6acc815f9)
01-01 01:00:32.706 642 642 F DEBUG : #03 pc 000000000010a844 /system/lib64/libsurfaceflinger.so (android::SurfaceFlinger::init()+1380) (BuildId: 717e9bb2a8f30577e4b047e005231fd7)
01-01 01:00:32.706 642 642 F DEBUG : #04 pc 00000000000021a8 /system/bin/surfaceflinger (main+352) (BuildId: 90f19aac502ae7e05183738dd9ef97d1)
01-01 01:00:32.707 642 642 F DEBUG : #05 pc 0000000000049a34 /apex/com.android.runtime/lib64/bionic/libc.so (__libc_init+108) (BuildId: f81965d884d6ebc5e5c3fd825c17a209)
01-01 01:00:32.798 0 0 D logd : logdr: UID=1000 GID=1003 PID=642 n tail=50 logMask=8 pid=603 start=0ns timeout=0ns
01-01 01:00:32.799 0 0 D logd : logdr: UID=1000 GID=1003 PID=642 n tail=50 logMask=1 pid=603 start=0ns timeout=0ns
01-01 01:00:32.826 0 0 D logd : logdr: UID=1000 GID=1003 PID=642 n tail=0 logMask=8 pid=603 start=0ns timeout=0ns
01-01 01:00:32.827 0 0 D logd : logdr: UID=1000 GID=1003 PID=642 n tail=0 logMask=1 pid=603 start=0ns timeout=0ns
01-01 01:00:32.995 655 655 I wificond: wificond is starting up...
01-01 01:00:32.999 655 655 I HidlServiceManagement: Registered android.system.wifi.keystore@1.0::IKeystore/default (start delay of 39ms)
01-01 01:00:33.280 241 241 E iorapd : Cannot get package manager service!
01-01 01:00:34.280 241 241 W iorapd : Reconnect to package manager service: 5 times
01-01 01:00:37.291 0 0 I init : starting service 'zygote'...
01-01 01:00:37.296 0 0 I init : Created socket '/dev/socket/zygote', mode 660, user 0, group 1000
01-01 01:00:37.304 0 0 I init : Created socket '/dev/socket/usap_pool_primary', mode 660, user 0, group 1000
01-01 01:00:37.338 0 0 W libprocessgroup: Failed to open /dev/stune/top-app/tasks: No such file or directory: No such file or directory
01-01 01:00:37.350 0 0 W libprocessgroup: Failed to apply MaxPerformance task profile: No such file or directory
01-01 01:00:37.352 0 0 I init : starting service 'zygote_secondary'...
01-01 01:00:37.365 0 0 I init : Created socket '/dev/socket/zygote_secondary', mode 660, user 0, group 1000
01-01 01:00:37.374 0 0 I init : Created socket '/dev/socket/usap_pool_secondary', mode 660, user 0, group 1000
01-01 01:00:37.386 0 0 I init : starting service 'audioserver'...
01-01 01:00:37.387 0 0 W libprocessgroup: Failed to open /dev/stune/top-app/tasks: No such file or directory: No such file or directory
01-01 01:00:37.543 662 662 I boot_progress_start: 37543
01-01 01:00:37.727 666 666 F libc : Fatal signal 6 (SIGABRT), code -1 (SI_QUEUE) in tid 666 (surfaceflinger), pid 666 (surfaceflinger)
01-01 01:00:37.782 706 706 F DEBUG : *** *** *** *** *** *** *** *** *** *** *** *** *** *** *** ***
01-01 01:00:37.782 706 706 F DEBUG : Build fingerprint: 'emteria/rpi4/rpi4:11/RQ1A.210105.003/eng.root.20210331.145622:userdebug/release-keys'
01-01 01:00:37.782 706 706 F DEBUG : Revision: '0'
01-01 01:00:37.783 706 706 F DEBUG : ABI: 'arm64'
01-01 01:00:37.783 706 706 F DEBUG : Timestamp: 1970-01-01 01:00:37+0100
01-01 01:00:37.784 706 706 F DEBUG : pid: 666, tid: 666, name: surfaceflinger >>> /system/bin/surfaceflinger <<<
01-01 01:00:37.784 706 706 F DEBUG : uid: 1000
01-01 01:00:37.784 706 706 F DEBUG : signal 6 (SIGABRT), code -1 (SI_QUEUE), fault addr --------
01-01 01:00:37.784 706 706 F DEBUG : Abort message: 'Missing internal display after registering composer callback.'
01-01 01:00:37.784 706 706 F DEBUG : x0 0000000000000000 x1 000000000000029a x2 0000000000000006 x3 0000007fe7bdfbd0
01-01 01:00:37.784 706 706 F DEBUG : x4 000000001284bda1 x5 000000001284bda1 x6 000000001284bda1 x7 0000000000000025
01-01 01:00:37.784 706 706 F DEBUG : x8 00000000000000f0 x9 000000714a82b800 x10 ffffff80ffffffdf x11 0000000000000001
01-01 01:00:37.784 706 706 F DEBUG : x12 0000007fe7bdfba0 x13 000000000000003e x14 0000007fe7bdfd70 x15 ffffffffffffffff
01-01 01:00:37.784 706 706 F DEBUG : x16 000000714a8c4c80 x17 000000714a8a63c0 x18 000000714baae000 x19 00000000000000ac
01-01 01:00:37.784 706 706 F DEBUG : x20 000000000000029a x21 00000000000000b2 x22 000000000000029a x23 00000000ffffffff
01-01 01:00:37.784 706 706 F DEBUG : x24 0000000000000002 x25 0000000000000000 x26 0000000000000000 x27 0000000000000000
01-01 01:00:37.784 706 706 F DEBUG : x28 0000000000000000 x29 0000007fe7bdfc50
01-01 01:00:37.784 706 706 F DEBUG : lr 000000714a859544 sp 0000007fe7bdfbb0 pc 000000714a859574 pst 0000000000001000
01-01 01:00:37.815 706 706 F DEBUG : backtrace:
01-01 01:00:37.815 706 706 F DEBUG : #00 pc 000000000004e574 /apex/com.android.runtime/lib64/bionic/libc.so (abort+180) (BuildId: f81965d884d6ebc5e5c3fd825c17a209)
01-01 01:00:37.816 706 706 F DEBUG : #01 pc 0000000000006334 /system/lib64/liblog.so (__android_log_default_aborter+12) (BuildId: c92329feece7a2d7fa4d9fb6acc815f9)
01-01 01:00:37.816 706 706 F DEBUG : #02 pc 0000000000006ec8 /system/lib64/liblog.so (__android_log_assert+336) (BuildId: c92329feece7a2d7fa4d9fb6acc815f9)
01-01 01:00:37.816 706 706 F DEBUG : #03 pc 000000000010a844 /system/lib64/libsurfaceflinger.so (android::SurfaceFlinger::init()+1380) (BuildId: 717e9bb2a8f30577e4b047e005231fd7)
01-01 01:00:37.816 706 706 F DEBUG : #04 pc 00000000000021a8 /system/bin/surfaceflinger (main+352) (BuildId: 90f19aac502ae7e05183738dd9ef97d1)
01-01 01:00:37.816 706 706 F DEBUG : #05 pc 0000000000049a34 /apex/com.android.runtime/lib64/bionic/libc.so (__libc_init+108) (BuildId: f81965d884d6ebc5e5c3fd825c17a209)
01-01 01:00:37.901 0 0 D logd : logdr: UID=1000 GID=1003 PID=706 n tail=50 logMask=8 pid=666 start=0ns timeout=0ns
01-01 01:00:37.902 0 0 D logd : logdr: UID=1000 GID=1003 PID=706 n tail=50 logMask=1 pid=666 start=0ns timeout=0ns
01-01 01:00:37.928 0 0 D logd : logdr: UID=1000 GID=1003 PID=706 n tail=0 logMask=8 pid=666 start=0ns timeout=0ns
01-01 01:00:37.929 0 0 D logd : logdr: UID=1000 GID=1003 PID=706 n tail=0 logMask=1 pid=666 start=0ns timeout=0ns
01-01 01:00:38.102 717 717 I wificond: wificond is starting up...
01-01 01:00:38.106 717 717 I HidlServiceManagement: Registered android.system.wifi.keystore@1.0::IKeystore/default (start delay of 46ms)
01-01 01:00:39.302 241 241 E iorapd : Cannot get package manager service!
01-01 01:00:40.302 241 241 W iorapd : Reconnect to package manager service: 6 times
01-01 01:00:42.320 0 0 I init : starting service 'zygote'...
01-01 01:00:42.325 0 0 I init : Created socket '/dev/socket/zygote', mode 660, user 0, group 1000
01-01 01:00:42.333 0 0 I init : Created socket '/dev/socket/usap_pool_primary', mode 660, user 0, group 1000
01-01 01:00:42.366 0 0 W libprocessgroup: Failed to open /dev/stune/top-app/tasks: No such file or directory: No such file or directory
01-01 01:00:42.378 0 0 W libprocessgroup: Failed to apply MaxPerformance task profile: No such file or directory
01-01 01:00:42.385 0 0 I init : starting service 'zygote_secondary'...
01-01 01:00:42.393 0 0 I init : Created socket '/dev/socket/zygote_secondary', mode 660, user 0, group 1000
01-01 01:00:42.402 0 0 I init : Created socket '/dev/socket/usap_pool_secondary', mode 660, user 0, group 1000
01-01 01:00:42.414 0 0 I init : starting service 'audioserver'...
01-01 01:00:42.415 0 0 W libprocessgroup: Failed to open /dev/stune/top-app/tasks: No such file or directory: No such file or directory
01-01 01:00:42.573 723 723 I boot_progress_start: 42573
01-01 01:00:42.792 727 727 F libc : Fatal signal 6 (SIGABRT), code -1 (SI_QUEUE) in tid 727 (surfaceflinger), pid 727 (surfaceflinger)
01-01 01:00:42.826 768 768 F DEBUG : *** *** *** *** *** *** *** *** *** *** *** *** *** *** *** ***
01-01 01:00:42.827 768 768 F DEBUG : Build fingerprint: 'emteria/rpi4/rpi4:11/RQ1A.210105.003/eng.root.20210331.145622:userdebug/release-keys'
01-01 01:00:42.827 768 768 F DEBUG : Revision: '0'
01-01 01:00:42.827 768 768 F DEBUG : ABI: 'arm64'
01-01 01:00:42.828 768 768 F DEBUG : Timestamp: 1970-01-01 01:00:42+0100
01-01 01:00:42.828 768 768 F DEBUG : pid: 727, tid: 727, name: surfaceflinger >>> /system/bin/surfaceflinger <<<
01-01 01:00:42.828 768 768 F DEBUG : uid: 1000
01-01 01:00:42.828 768 768 F DEBUG : signal 6 (SIGABRT), code -1 (SI_QUEUE), fault addr --------
01-01 01:00:42.828 768 768 F DEBUG : Abort message: 'Missing internal display after registering composer callback.'
01-01 01:00:42.828 768 768 F DEBUG : x0 0000000000000000 x1 00000000000002d7 x2 0000000000000006 x3 0000007fe9a749e0
01-01 01:00:42.828 768 768 F DEBUG : x4 000000001284bda1 x5 000000001284bda1 x6 000000001284bda1 x7 000000000000002a
01-01 01:00:42.828 768 768 F DEBUG : x8 00000000000000f0 x9 00000079698a1800 x10 ffffff80ffffffdf x11 0000000000000001
01-01 01:00:42.828 768 768 F DEBUG : x12 0000007fe9a749b0 x13 000000000000003e x14 0000007fe9a74b80 x15 ffffffffffffffff
01-01 01:00:42.828 768 768 F DEBUG : x16 000000796993ac80 x17 000000796991c3c0 x18 000000796bae6000 x19 00000000000000ac
01-01 01:00:42.828 768 768 F DEBUG : x20 00000000000002d7 x21 00000000000000b2 x22 00000000000002d7 x23 00000000ffffffff
01-01 01:00:42.828 768 768 F DEBUG : x24 0000000000000002 x25 0000000000000000 x26 0000000000000000 x27 0000000000000000
01-01 01:00:42.828 768 768 F DEBUG : x28 0000000000000000 x29 0000007fe9a74a60
01-01 01:00:42.829 768 768 F DEBUG : lr 00000079698cf544 sp 0000007fe9a749c0 pc 00000079698cf574 pst 0000000000000000
01-01 01:00:42.857 768 768 F DEBUG : backtrace:
01-01 01:00:42.857 768 768 F DEBUG : #00 pc 000000000004e574 /apex/com.android.runtime/lib64/bionic/libc.so (abort+180) (BuildId: f81965d884d6ebc5e5c3fd825c17a209)
01-01 01:00:42.857 768 768 F DEBUG : #01 pc 0000000000006334 /system/lib64/liblog.so (__android_log_default_aborter+12) (BuildId: c92329feece7a2d7fa4d9fb6acc815f9)
01-01 01:00:42.857 768 768 F DEBUG : #02 pc 0000000000006ec8 /system/lib64/liblog.so (__android_log_assert+336) (BuildId: c92329feece7a2d7fa4d9fb6acc815f9)
01-01 01:00:42.857 768 768 F DEBUG : #03 pc 000000000010a844 /system/lib64/libsurfaceflinger.so (android::SurfaceFlinger::init()+1380) (BuildId: 717e9bb2a8f30577e4b047e005231fd7)
01-01 01:00:42.857 768 768 F DEBUG : #04 pc 00000000000021a8 /system/bin/surfaceflinger (main+352) (BuildId: 90f19aac502ae7e05183738dd9ef97d1)
01-01 01:00:42.857 768 768 F DEBUG : #05 pc 0000000000049a34 /apex/com.android.runtime/lib64/bionic/libc.so (__libc_init+108) (BuildId: f81965d884d6ebc5e5c3fd825c17a209)
01-01 01:00:42.938 0 0 I random : crng init done
01-01 01:00:42.941 0 0 D logd : logdr: UID=1000 GID=1003 PID=768 n tail=50 logMask=8 pid=727 start=0ns timeout=0ns
01-01 01:00:42.942 0 0 D logd : logdr: UID=1000 GID=1003 PID=768 n tail=50 logMask=1 pid=727 start=0ns timeout=0ns
01-01 01:00:42.969 0 0 D logd : logdr: UID=1000 GID=1003 PID=768 n tail=0 logMask=8 pid=727 start=0ns timeout=0ns
01-01 01:00:42.970 0 0 D logd : logdr: UID=1000 GID=1003 PID=768 n tail=0 logMask=1 pid=727 start=0ns timeout=0ns
01-01 01:00:43.144 779 779 I wificond: wificond is starting up...
01-01 01:00:43.148 779 779 I HidlServiceManagement: Registered android.system.wifi.keystore@1.0::IKeystore/default (start delay of 38ms)
01-01 01:00:45.320 241 241 E iorapd : Cannot get package manager service!
01-01 01:00:46.321 241 241 W iorapd : Reconnect to package manager service: 7 times
01-01 01:00:47.348 0 0 I init : starting service 'zygote'...
01-01 01:00:47.353 0 0 I init : Created socket '/dev/socket/zygote', mode 660, user 0, group 1000
01-01 01:00:47.361 0 0 I init : Created socket '/dev/socket/usap_pool_primary', mode 660, user 0, group 1000
01-01 01:00:47.390 0 0 W libprocessgroup: Failed to open /dev/stune/top-app/tasks: No such file or directory: No such file or directory
01-01 01:00:47.402 0 0 W libprocessgroup: Failed to apply MaxPerformance task profile: No such file or directory
01-01 01:00:47.414 0 0 I init : starting service 'zygote_secondary'...
01-01 01:00:47.420 0 0 I init : Created socket '/dev/socket/zygote_secondary', mode 660, user 0, group 1000
01-01 01:00:47.429 0 0 I init : Created socket '/dev/socket/usap_pool_secondary', mode 660, user 0, group 1000
01-01 01:00:47.442 0 0 I init : starting service 'audioserver'...
01-01 01:00:47.458 0 0 W libprocessgroup: Failed to open /dev/stune/top-app/tasks: No such file or directory: No such file or directory
01-01 01:00:47.597 786 786 I boot_progress_start: 47597
01-01 01:00:47.690 0 0 E selinux : SELinux: Could not get canonical path for /sys/devices/virtual/net/ipsec_test/queues/rx-0 restorecon: No such file or directory.
01-01 01:00:47.705 0 0 E selinux :
01-01 01:00:47.710 0 0 E ueventd : selinux_android_restorecon(/sys/devices/virtual/net/ipsec_test/queues/rx-0) failed: No such file or directory
01-01 01:00:47.853 790 790 F libc : Fatal signal 6 (SIGABRT), code -1 (SI_QUEUE) in tid 790 (surfaceflinger), pid 790 (surfaceflinger)
01-01 01:00:47.882 830 830 F DEBUG : *** *** *** *** *** *** *** *** *** *** *** *** *** *** *** ***
01-01 01:00:47.883 830 830 F DEBUG : Build fingerprint: 'emteria/rpi4/rpi4:11/RQ1A.210105.003/eng.root.20210331.145622:userdebug/release-keys'
01-01 01:00:47.883 830 830 F DEBUG : Revision: '0'
01-01 01:00:47.883 830 830 F DEBUG : ABI: 'arm64'
01-01 01:00:47.884 830 830 F DEBUG : Timestamp: 1970-01-01 01:00:47+0100
01-01 01:00:47.884 830 830 F DEBUG : pid: 790, tid: 790, name: surfaceflinger >>> /system/bin/surfaceflinger <<<
01-01 01:00:47.884 830 830 F DEBUG : uid: 1000
01-01 01:00:47.884 830 830 F DEBUG : signal 6 (SIGABRT), code -1 (SI_QUEUE), fault addr --------
01-01 01:00:47.884 830 830 F DEBUG : Abort message: 'Missing internal display after registering composer callback.'
01-01 01:00:47.884 830 830 F DEBUG : x0 0000000000000000 x1 0000000000000316 x2 0000000000000006 x3 0000007ffb92e860
01-01 01:00:47.884 830 830 F DEBUG : x4 000000001284bda1 x5 000000001284bda1 x6 000000001284bda1 x7 000000000000002f
01-01 01:00:47.884 830 830 F DEBUG : x8 00000000000000f0 x9 0000007274537800 x10 ffffff80ffffffdf x11 0000000000000001
01-01 01:00:47.884 830 830 F DEBUG : x12 0000007ffb92e830 x13 000000000000003e x14 0000007ffb92ea00 x15 ffffffffffffffff
01-01 01:00:47.884 830 830 F DEBUG : x16 00000072745d0c80 x17 00000072745b23c0 x18 00000072759fa000 x19 00000000000000ac
01-01 01:00:47.884 830 830 F DEBUG : x20 0000000000000316 x21 00000000000000b2 x22 0000000000000316 x23 00000000ffffffff
01-01 01:00:47.884 830 830 F DEBUG : x24 0000000000000002 x25 0000000000000000 x26 0000000000000000 x27 0000000000000000
01-01 01:00:47.884 830 830 F DEBUG : x28 0000000000000000 x29 0000007ffb92e8e0
01-01 01:00:47.885 830 830 F DEBUG : lr 0000007274565544 sp 0000007ffb92e840 pc 0000007274565574 pst 0000000000000000
01-01 01:00:47.913 830 830 F DEBUG : backtrace:
01-01 01:00:47.913 830 830 F DEBUG : #00 pc 000000000004e574 /apex/com.android.runtime/lib64/bionic/libc.so (abort+180) (BuildId: f81965d884d6ebc5e5c3fd825c17a209)
01-01 01:00:47.913 830 830 F DEBUG : #01 pc 0000000000006334 /system/lib64/liblog.so (__android_log_default_aborter+12) (BuildId: c92329feece7a2d7fa4d9fb6acc815f9)
01-01 01:00:47.914 830 830 F DEBUG : #02 pc 0000000000006ec8 /system/lib64/liblog.so (__android_log_assert+336) (BuildId: c92329feece7a2d7fa4d9fb6acc815f9)
01-01 01:00:47.914 830 830 F DEBUG : #03 pc 000000000010a844 /system/lib64/libsurfaceflinger.so (android::SurfaceFlinger::init()+1380) (BuildId: 717e9bb2a8f30577e4b047e005231fd7)
01-01 01:00:47.914 830 830 F DEBUG : #04 pc 00000000000021a8 /system/bin/surfaceflinger (main+352) (BuildId: 90f19aac502ae7e05183738dd9ef97d1)
01-01 01:00:47.914 830 830 F DEBUG : #05 pc 0000000000049a34 /apex/com.android.runtime/lib64/bionic/libc.so (__libc_init+108) (BuildId: f81965d884d6ebc5e5c3fd825c17a209)
01-01 01:00:48.000 0 0 D logd : logdr: UID=1000 GID=1003 PID=830 n tail=50 logMask=8 pid=790 start=0ns timeout=0ns
01-01 01:00:48.001 0 0 D logd : logdr: UID=1000 GID=1003 PID=830 n tail=50 logMask=1 pid=790 start=0ns timeout=0ns
01-01 01:00:48.027 0 0 D logd : logdr: UID=1000 GID=1003 PID=830 n tail=0 logMask=8 pid=790 start=0ns timeout=0ns
01-01 01:00:48.028 0 0 D logd : logdr: UID=1000 GID=1003 PID=830 n tail=0 logMask=1 pid=790 start=0ns timeout=0ns
01-01 01:00:48.194 841 841 I wificond: wificond is starting up...
01-01 01:00:48.198 841 841 I HidlServiceManagement: Registered android.system.wifi.keystore@1.0::IKeystore/default (start delay of 38ms)
01-01 01:00:51.343 241 241 E iorapd : Cannot get package manager service!
01-01 01:00:52.343 241 241 W iorapd : Reconnect to package manager service: 8 times
01-01 01:00:52.376 0 0 I init : starting service 'zygote'...
01-01 01:00:52.381 0 0 I init : Created socket '/dev/socket/zygote', mode 660, user 0, group 1000
01-01 01:00:52.390 0 0 I init : Created socket '/dev/socket/usap_pool_primary', mode 660, user 0, group 1000
01-01 01:00:52.418 0 0 W libprocessgroup: Failed to open /dev/stune/top-app/tasks: No such file or directory: No such file or directory
01-01 01:00:52.430 0 0 W libprocessgroup: Failed to apply MaxPerformance task profile: No such file or directory
01-01 01:00:52.441 0 0 I init : starting service 'zygote_secondary'...
01-01 01:00:52.447 0 0 I init : Created socket '/dev/socket/zygote_secondary', mode 660, user 0, group 1000
01-01 01:00:52.456 0 0 I init : Created socket '/dev/socket/usap_pool_secondary', mode 660, user 0, group 1000
01-01 01:00:52.468 0 0 I init : starting service 'audioserver'...
01-01 01:00:52.470 0 0 W libprocessgroup: Failed to open /dev/stune/top-app/tasks: No such file or directory: No such file or directory
01-01 01:00:52.611 848 848 I boot_progress_start: 52611
01-01 01:00:52.846 852 852 F libc : Fatal signal 6 (SIGABRT), code -1 (SI_QUEUE) in tid 852 (surfaceflinger), pid 852 (surfaceflinger)
01-01 01:00:52.878 893 893 F DEBUG : *** *** *** *** *** *** *** *** *** *** *** *** *** *** *** ***
01-01 01:00:52.879 893 893 F DEBUG : Build fingerprint: 'emteria/rpi4/rpi4:11/RQ1A.210105.003/eng.root.20210331.145622:userdebug/release-keys'
01-01 01:00:52.879 893 893 F DEBUG : Revision: '0'
01-01 01:00:52.879 893 893 F DEBUG : ABI: 'arm64'
01-01 01:00:52.880 893 893 F DEBUG : Timestamp: 1970-01-01 01:00:52+0100
01-01 01:00:52.880 893 893 F DEBUG : pid: 852, tid: 852, name: surfaceflinger >>> /system/bin/surfaceflinger <<<
01-01 01:00:52.880 893 893 F DEBUG : uid: 1000
01-01 01:00:52.880 893 893 F DEBUG : signal 6 (SIGABRT), code -1 (SI_QUEUE), fault addr --------
01-01 01:00:52.880 893 893 F DEBUG : Abort message: 'Missing internal display after registering composer callback.'
01-01 01:00:52.880 893 893 F DEBUG : x0 0000000000000000 x1 0000000000000354 x2 0000000000000006 x3 0000007fd6ccc040
01-01 01:00:52.880 893 893 F DEBUG : x4 000000001284bda1 x5 000000001284bda1 x6 000000001284bda1 x7 0000000000000034
01-01 01:00:52.881 893 893 F DEBUG : x8 00000000000000f0 x9 00000079b6424800 x10 ffffff80ffffffdf x11 0000000000000001
01-01 01:00:52.881 893 893 F DEBUG : x12 0000007fd6ccc010 x13 000000000000003e x14 0000007fd6ccc1e0 x15 ffffffffffffffff
01-01 01:00:52.881 893 893 F DEBUG : x16 00000079b64bdc80 x17 00000079b649f3c0 x18 00000079b712c000 x19 00000000000000ac
01-01 01:00:52.881 893 893 F DEBUG : x20 0000000000000354 x21 00000000000000b2 x22 0000000000000354 x23 00000000ffffffff
01-01 01:00:52.881 893 893 F DEBUG : x24 0000000000000002 x25 0000000000000000 x26 0000000000000000 x27 0000000000000000
01-01 01:00:52.881 893 893 F DEBUG : x28 0000000000000000 x29 0000007fd6ccc0c0
01-01 01:00:52.881 893 893 F DEBUG : lr 00000079b6452544 sp 0000007fd6ccc020 pc 00000079b6452574 pst 0000000000000000
01-01 01:00:52.910 893 893 F DEBUG : backtrace:
01-01 01:00:52.910 893 893 F DEBUG : #00 pc 000000000004e574 /apex/com.android.runtime/lib64/bionic/libc.so (abort+180) (BuildId: f81965d884d6ebc5e5c3fd825c17a209)
01-01 01:00:52.910 893 893 F DEBUG : #01 pc 0000000000006334 /system/lib64/liblog.so (__android_log_default_aborter+12) (BuildId: c92329feece7a2d7fa4d9fb6acc815f9)
01-01 01:00:52.910 893 893 F DEBUG : #02 pc 0000000000006ec8 /system/lib64/liblog.so (__android_log_assert+336) (BuildId: c92329feece7a2d7fa4d9fb6acc815f9)
01-01 01:00:52.910 893 893 F DEBUG : #03 pc 000000000010a844 /system/lib64/libsurfaceflinger.so (android::SurfaceFlinger::init()+1380) (BuildId: 717e9bb2a8f30577e4b047e005231fd7)
01-01 01:00:52.910 893 893 F DEBUG : #04 pc 00000000000021a8 /system/bin/surfaceflinger (main+352) (BuildId: 90f19aac502ae7e05183738dd9ef97d1)
01-01 01:00:52.910 893 893 F DEBUG : #05 pc 0000000000049a34 /apex/com.android.runtime/lib64/bionic/libc.so (__libc_init+108) (BuildId: f81965d884d6ebc5e5c3fd825c17a209)
01-01 01:00:52.997 0 0 D logd : logdr: UID=1000 GID=1003 PID=893 n tail=50 logMask=8 pid=852 start=0ns timeout=0ns
01-01 01:00:52.998 0 0 D logd : logdr: UID=1000 GID=1003 PID=893 n tail=50 logMask=1 pid=852 start=0ns timeout=0ns
01-01 01:00:53.023 0 0 D logd : logdr: UID=1000 GID=1003 PID=893 n tail=0 logMask=8 pid=852 start=0ns timeout=0ns
01-01 01:00:53.024 0 0 D logd : logdr: UID=1000 GID=1003 PID=893 n tail=0 logMask=1 pid=852 start=0ns timeout=0ns
01-01 01:00:53.204 904 904 I wificond: wificond is starting up...
01-01 01:00:53.208 904 904 I HidlServiceManagement: Registered android.system.wifi.keystore@1.0::IKeystore/default (start delay of 38ms)
01-01 01:00:57.360 241 241 E iorapd : Cannot get package manager service!
01-01 01:00:57.405 0 0 I init : starting service 'zygote'...
01-01 01:00:57.410 0 0 I init : Created socket '/dev/socket/zygote', mode 660, user 0, group 1000
01-01 01:00:57.418 0 0 I init : Created socket '/dev/socket/usap_pool_primary', mode 660, user 0, group 1000
01-01 01:00:57.450 0 0 W libprocessgroup: Failed to open /dev/stune/top-app/tasks: No such file or directory: No such file or directory
01-01 01:00:57.462 0 0 W libprocessgroup: Failed to apply MaxPerformance task profile: No such file or directory
01-01 01:00:57.467 0 0 I init : starting service 'zygote_secondary'...
01-01 01:00:57.477 0 0 I init : Created socket '/dev/socket/zygote_secondary', mode 660, user 0, group 1000
01-01 01:00:57.486 0 0 I init : Created socket '/dev/socket/usap_pool_secondary', mode 660, user 0, group 1000
01-01 01:00:57.499 0 0 I init : starting service 'audioserver'...
01-01 01:00:57.526 0 0 W libprocessgroup: Failed to open /dev/stune/top-app/tasks: No such file or directory: No such file or directory
01-01 01:00:57.640 910 910 I boot_progress_start: 57640
01-01 01:00:57.894 914 914 F libc : Fatal signal 6 (SIGABRT), code -1 (SI_QUEUE) in tid 914 (surfaceflinger), pid 914 (surfaceflinger)
01-01 01:00:57.926 954 954 F DEBUG : *** *** *** *** *** *** *** *** *** *** *** *** *** *** *** ***
01-01 01:00:57.926 954 954 F DEBUG : Build fingerprint: 'emteria/rpi4/rpi4:11/RQ1A.210105.003/eng.root.20210331.145622:userdebug/release-keys'
01-01 01:00:57.926 954 954 F DEBUG : Revision: '0'
01-01 01:00:57.926 954 954 F DEBUG : ABI: 'arm64'
01-01 01:00:57.928 954 954 F DEBUG : Timestamp: 1970-01-01 01:00:57+0100
01-01 01:00:57.928 954 954 F DEBUG : pid: 914, tid: 914, name: surfaceflinger >>> /system/bin/surfaceflinger <<<
01-01 01:00:57.928 954 954 F DEBUG : uid: 1000
01-01 01:00:57.928 954 954 F DEBUG : signal 6 (SIGABRT), code -1 (SI_QUEUE), fault addr --------
01-01 01:00:57.928 954 954 F DEBUG : Abort message: 'Missing internal display after registering composer callback.'
01-01 01:00:57.928 954 954 F DEBUG : x0 0000000000000000 x1 0000000000000392 x2 0000000000000006 x3 0000007fc21795b0
01-01 01:00:57.928 954 954 F DEBUG : x4 000000001284bda1 x5 000000001284bda1 x6 000000001284bda1 x7 0000000000000039
01-01 01:00:57.928 954 954 F DEBUG : x8 00000000000000f0 x9 0000007edd126800 x10 ffffff80ffffffdf x11 0000000000000001
01-01 01:00:57.928 954 954 F DEBUG : x12 0000007fc2179580 x13 000000000000003e x14 0000007fc2179750 x15 ffffffffffffffff
01-01 01:00:57.929 954 954 F DEBUG : x16 0000007edd1bfc80 x17 0000007edd1a13c0 x18 0000007ede536000 x19 00000000000000ac
01-01 01:00:57.929 954 954 F DEBUG : x20 0000000000000392 x21 00000000000000b2 x22 0000000000000392 x23 00000000ffffffff
01-01 01:00:57.929 954 954 F DEBUG : x24 0000000000000002 x25 0000000000000000 x26 0000000000000000 x27 0000000000000000
01-01 01:00:57.929 954 954 F DEBUG : x28 0000000000000000 x29 0000007fc2179630
01-01 01:00:57.929 954 954 F DEBUG : lr 0000007edd154544 sp 0000007fc2179590 pc 0000007edd154574 pst 0000000000000000
01-01 01:00:57.959 954 954 F DEBUG : backtrace:
01-01 01:00:57.959 954 954 F DEBUG : #00 pc 000000000004e574 /apex/com.android.runtime/lib64/bionic/libc.so (abort+180) (BuildId: f81965d884d6ebc5e5c3fd825c17a209)
01-01 01:00:57.959 954 954 F DEBUG : #01 pc 0000000000006334 /system/lib64/liblog.so (__android_log_default_aborter+12) (BuildId: c92329feece7a2d7fa4d9fb6acc815f9)
01-01 01:00:57.959 954 954 F DEBUG : #02 pc 0000000000006ec8 /system/lib64/liblog.so (__android_log_assert+336) (BuildId: c92329feece7a2d7fa4d9fb6acc815f9)
01-01 01:00:57.959 954 954 F DEBUG : #03 pc 000000000010a844 /system/lib64/libsurfaceflinger.so (android::SurfaceFlinger::init()+1380) (BuildId: 717e9bb2a8f30577e4b047e005231fd7)
01-01 01:00:57.960 954 954 F DEBUG : #04 pc 00000000000021a8 /system/bin/surfaceflinger (main+352) (BuildId: 90f19aac502ae7e05183738dd9ef97d1)
01-01 01:00:57.960 954 954 F DEBUG : #05 pc 0000000000049a34 /apex/com.android.runtime/lib64/bionic/libc.so (__libc_init+108) (BuildId: f81965d884d6ebc5e5c3fd825c17a209)
01-01 01:00:58.049 0 0 D logd : logdr: UID=1000 GID=1003 PID=954 n tail=50 logMask=8 pid=914 start=0ns timeout=0ns
01-01 01:00:58.050 0 0 D logd : logdr: UID=1000 GID=1003 PID=954 n tail=50 logMask=1 pid=914 start=0ns timeout=0ns
01-01 01:00:58.075 0 0 D logd : logdr: UID=1000 GID=1003 PID=954 n tail=0 logMask=8 pid=914 start=0ns timeout=0ns
01-01 01:00:58.076 0 0 D logd : logdr: UID=1000 GID=1003 PID=954 n tail=0 logMask=1 pid=914 start=0ns timeout=0ns
01-01 01:00:58.243 970 970 I wificond: wificond is starting up...
01-01 01:00:58.247 970 970 I HidlServiceManagement: Registered android.system.wifi.keystore@1.0::IKeystore/default (start delay of 47ms)
01-01 01:00:58.360 241 241 W iorapd : Reconnect to package manager service: 9 times
01-01 01:01:02.433 0 0 I init : starting service 'zygote'...
01-01 01:01:02.439 0 0 I init : Created socket '/dev/socket/zygote', mode 660, user 0, group 1000
01-01 01:01:02.447 0 0 I init : Created socket '/dev/socket/usap_pool_primary', mode 660, user 0, group 1000
01-01 01:01:02.474 0 0 W libprocessgroup: Failed to open /dev/stune/top-app/tasks: No such file or directory: No such file or directory
01-01 01:01:02.486 0 0 W libprocessgroup: Failed to apply MaxPerformance task profile: No such file or directory
01-01 01:01:02.498 0 0 I init : starting service 'zygote_secondary'...
01-01 01:01:02.504 0 0 I init : Created socket '/dev/socket/zygote_secondary', mode 660, user 0, group 1000
01-01 01:01:02.513 0 0 I init : Created socket '/dev/socket/usap_pool_secondary', mode 660, user 0, group 1000
01-01 01:01:02.526 0 0 W libprocessgroup: Failed to open /dev/stune/top-app/tasks: No such file or directory: No such file or directory
01-01 01:01:02.527 0 0 I init : starting service 'audioserver'...
01-01 01:01:02.672 977 977 I boot_progress_start: 62672
01-01 01:01:02.892 981 981 F libc : Fatal signal 6 (SIGABRT), code -1 (SI_QUEUE) in tid 981 (surfaceflinger), pid 981 (surfaceflinger)
01-01 01:01:02.933 1021 1021 F DEBUG : *** *** *** *** *** *** *** *** *** *** *** *** *** *** *** ***
01-01 01:01:02.933 1021 1021 F DEBUG : Build fingerprint: 'emteria/rpi4/rpi4:11/RQ1A.210105.003/eng.root.20210331.145622:userdebug/release-keys'
01-01 01:01:02.933 1021 1021 F DEBUG : Revision: '0'
01-01 01:01:02.933 1021 1021 F DEBUG : ABI: 'arm64'
01-01 01:01:02.935 1021 1021 F DEBUG : Timestamp: 1970-01-01 01:01:02+0100
01-01 01:01:02.935 1021 1021 F DEBUG : pid: 981, tid: 981, name: surfaceflinger >>> /system/bin/surfaceflinger <<<
01-01 01:01:02.936 1021 1021 F DEBUG : uid: 1000
01-01 01:01:02.936 1021 1021 F DEBUG : signal 6 (SIGABRT), code -1 (SI_QUEUE), fault addr --------
01-01 01:01:02.936 1021 1021 F DEBUG : Abort message: 'Missing internal display after registering composer callback.'
01-01 01:01:02.936 1021 1021 F DEBUG : x0 0000000000000000 x1 00000000000003d5 x2 0000000000000006 x3 0000007fc600c7d0
01-01 01:01:02.936 1021 1021 F DEBUG : x4 000000001284bda1 x5 000000001284bda1 x6 000000001284bda1 x7 000000000000003e
01-01 01:01:02.936 1021 1021 F DEBUG : x8 00000000000000f0 x9 00000075b4da9800 x10 ffffff80ffffffdf x11 0000000000000001
01-01 01:01:02.936 1021 1021 F DEBUG : x12 0000007fc600c7a0 x13 000000000000003e x14 0000007fc600c970 x15 ffffffffffffffff
01-01 01:01:02.936 1021 1021 F DEBUG : x16 00000075b4e42c80 x17 00000075b4e243c0 x18 00000075b6698000 x19 00000000000000ac
01-01 01:01:02.936 1021 1021 F DEBUG : x20 00000000000003d5 x21 00000000000000b2 x22 00000000000003d5 x23 00000000ffffffff
01-01 01:01:02.936 1021 1021 F DEBUG : x24 0000000000000002 x25 0000000000000000 x26 0000000000000000 x27 0000000000000000
01-01 01:01:02.936 1021 1021 F DEBUG : x28 0000000000000000 x29 0000007fc600c850
01-01 01:01:02.936 1021 1021 F DEBUG : lr 00000075b4dd7544 sp 0000007fc600c7b0 pc 00000075b4dd7574 pst 0000000000000000
01-01 01:01:02.966 1021 1021 F DEBUG : backtrace:
01-01 01:01:02.966 1021 1021 F DEBUG : #00 pc 000000000004e574 /apex/com.android.runtime/lib64/bionic/libc.so (abort+180) (BuildId: f81965d884d6ebc5e5c3fd825c17a209)
01-01 01:01:02.966 1021 1021 F DEBUG : #01 pc 0000000000006334 /system/lib64/liblog.so (__android_log_default_aborter+12) (BuildId: c92329feece7a2d7fa4d9fb6acc815f9)
01-01 01:01:02.966 1021 1021 F DEBUG : #02 pc 0000000000006ec8 /system/lib64/liblog.so (__android_log_assert+336) (BuildId: c92329feece7a2d7fa4d9fb6acc815f9)
01-01 01:01:02.966 1021 1021 F DEBUG : #03 pc 000000000010a844 /system/lib64/libsurfaceflinger.so (android::SurfaceFlinger::init()+1380) (BuildId: 717e9bb2a8f30577e4b047e005231fd7)
01-01 01:01:02.966 1021 1021 F DEBUG : #04 pc 00000000000021a8 /system/bin/surfaceflinger (main+352) (BuildId: 90f19aac502ae7e05183738dd9ef97d1)
01-01 01:01:02.966 1021 1021 F DEBUG : #05 pc 0000000000049a34 /apex/com.android.runtime/lib64/bionic/libc.so (__libc_init+108) (BuildId: f81965d884d6ebc5e5c3fd825c17a209)
01-01 01:01:03.059 0 0 D logd : logdr: UID=1000 GID=1003 PID=1021 n tail=50 logMask=8 pid=981 start=0ns timeout=0ns
01-01 01:01:03.060 0 0 D logd : logdr: UID=1000 GID=1003 PID=1021 n tail=50 logMask=1 pid=981 start=0ns timeout=0ns
01-01 01:01:03.089 0 0 D logd : logdr: UID=1000 GID=1003 PID=1021 n tail=0 logMask=8 pid=981 start=0ns timeout=0ns
01-01 01:01:03.090 0 0 D logd : logdr: UID=1000 GID=1003 PID=1021 n tail=0 logMask=1 pid=981 start=0ns timeout=0ns
01-01 01:01:03.262 1043 1043 I wificond: wificond is starting up...
01-01 01:01:03.266 1043 1043 I HidlServiceManagement: Registered android.system.wifi.keystore@1.0::IKeystore/default (start delay of 46ms)
01-01 01:01:03.377 241 241 E iorapd : Cannot get package manager service! 01-01 01:0[ 318.884300] init: starting service 'zygote'... 1:04.377[ 318.889810] init: Created socket '/dev/socket/zygote', mode 660, user 0, group 1000 241 [ 318.898207] init: Created socket '/dev/socket/usap_pool_primary', mode 660, user 0, group 1000 241 W iorapd : Reconnect to package manager service: 10 times
01-01 01:01:07.462 0 0 I init : starting service 'zygote'...
01-01 01:01:07.467 0 0 I init : Created socket '/dev/socket/zygote', mode 660, user 0, group 1000
01-01 01:01:07.475 0[ 318.930783] libprocessgroup: Failed to open /dev/stune/top-app/tasks: No such file or directory: No such file or directory 0 I[ 318.942426] libprocessgroup: Failed to apply MaxPerformance task profile: No such file or directory init [ 318.952481] init: starting service 'zygote_secondary'... : Created socke[ 318.959072] init: Created socket '/dev/socket/zygote_secondary', mode 660, user 0, group 1000 t '/dev/socket/u[ 318.968978] init: Created socket '/dev/socket/usap_pool_secondary', mode 660, user 0, group 1000 sap_pool_primary', mode 660, user 0, group 1000 [ 318.982811] libprocessgroup: Failed to open /dev/stune/top-app/tasks: No such file or directory: No such file or directory 01-01 0[ 318.983325] init: starting service 'audioserver'... 1:01:07.510 0 0 W libprocessgroup: Failed to open /dev/stune/top-app/tasks: No such file or directory: No such file or directory
01-01 01:01:07.522 0 0 W libprocessgroup: Failed to apply MaxPerformance task profile: No such file or directory
01-01 01:01:07.525 0 0 I init : starting service 'zygote_secondary'...
01-01 01:01:07.537 0 0 I init : Created socket '/dev/socket/zygote_secondary', mode 660, user 0, group 1000
01-01 01:01:07.546 0 0 I init : Created socket '/dev/socket/usap_pool_secondary', mode 660, user 0, group 1000
01-01 01:01:07.558 0 0 I init : starting service 'audioserver'...
01-01 01:01:07.559 0 0 W libprocessgroup: Failed to open /dev/stune/top-app/tasks: No such file or directory: No such file or directory
01-01 01:01:07.707 1051 1051 I boot_progress_start: 67707
01-01 01:01:07.921 1055 1055 F libc : Fatal signal 6 (SIGABRT), code -1 (SI_QUEUE) in tid 1055 (surfaceflinger), pid 1055 (surfaceflinger)
01-01 01:01:07.967 1093 1093 F DEBUG : *** *** *** *** *** *** *** *** *** *** *** *** *** *** *** ***
01-01 01:01:07.967 1093 1093 F DEBUG : Build fingerprint: 'emteria/rpi4/rpi4:11/RQ1A.210105.003/eng.root.20210331.145622:userdebug/release-keys'
01-01 01:01:07.968 1093 1093 F DEBUG : Revision: '0'
01-01 01:01:07.968 1093 1093 F DEBUG : ABI: 'arm64'
01-01 01:01:07.970 1093 1093 F DEBUG : Timestamp: 1970-01-01 01:01:07+0100
01-01 01:01:07.970 1093 1093 F DEBUG : pid: 1055, tid: 1055, name: surfaceflinger >>> /system/bin/surfaceflinger <<<
01-01 01:01:07.970 1093 1093 F DEBUG : uid: 1000
01-01 01:01:07.970 1093 1093 F DEBUG : signal 6 (SIGABRT), code -1 (SI_QUEUE), fault addr --------
01-01 01:01:07.970 1093 1093 F DEBUG : Abort message: 'Missing internal display after registering composer callback.'
01-01 01:01:07.970 1093 1093 F DEBUG : x0 0000000000000000 x1 000000000000041f x2 0000000000000006 x3 0000007fd4d2d6a0
01-01 01:01:07.970 1093 1093 F DEBUG : x4 000000001284bda1 x5 000000001284bda1 x6 000000001284bda1 x7 0000000000000043
01-01 01:01:07.970 1093 1093 F DEBUG : x8 00000000000000f0 x9 000000751d46c800 x10 ffffff80ffffffdf x11 0000000000000001
01-01 01:01:07.971 1093 1093 F DEBUG : x12 0000007fd4d2d670 x13 000000000000003e x14 0000007fd4d2d840 x15 ffffffffffffffff
01-01 01:01:07.971 1093 1093 F DEBUG : x16 000000751d505c80 x17 000000751d4e73c0 x18 000000751ea92000 x19 00000000000000ac
