01-01 01:01:07.971 1093 1093 F DEBUG : x20 000000000000041f x21 00000000000000b2 x22 000000000000041f x23 00000000ffffffff
01-01 01:01:07.971 1093 1093 F DEBUG : x24 0000000000000002 x25 0000000000000000 x26 0000000000000000 x27 0000000000000000
01-01 01:01:07.971 1093 1093 F DEBUG : x28 0000000000000000 x29 0000007fd4d2d720
01-01 01:01:07.971 1093 1093 F DEBUG : lr 000000751d49a544 sp 0000007fd4d2d680 pc 000000751d49a574 pst 0000000000000000
01-01 01:01:08.004 1093 1093 F DEBUG : backtrace:
01-01 01:01:08.004 1093 1093 F DEBUG : #00 pc 000000000004e574 /apex/com.android.runtime/lib64/bionic/libc.so (abort+180) (BuildId: f81965d884d6ebc5e5c3fd825c17a209)
01-01 01:01:08.004 1093 1093 F DEBUG : #01 pc 0000000000006334 /system/lib64/liblog.so (__android_log_default_aborter+12) (BuildId: c92329feece7a2d7fa4d9fb6acc815f9)
01-01 01:01:08.004 1093 1093 F DEBUG : #02 pc 0000000000006ec8 /system/lib64/liblog.so (__android_log_assert+336) (BuildId: c92329feece7a2d7fa4d9fb6acc815f9)
01-01 01:01:08.004 1093 1093 F DEBUG : #03 pc 000000000010a844 /system/lib64/libsurfaceflinger.so (android::SurfaceFlinger::init()+1380) (BuildId: 717e9bb2a8f30577e4b047e005231fd7)
01-01 01:01:08.004 1093 1093 F DEBUG : #04 pc 00000000000021a8 /system/bin/surfaceflinger (main+352) (BuildId: 90f19aac502ae7e05183738dd9ef97d1)
01-01 01:01:08.004 1093 1093 F DEBUG : #05 pc 0000000000049a34 /apex/com.android.runtime/lib64/bionic/libc.so (__libc_init+108) (BuildId: f81965d884d6ebc5e5c3fd825c17a209)
01-01 01:01:08.098 0 0 D logd : logdr: UID=1000 GID=1003 PID=1093 n tail=50 logMask=8 pid=1055 start=0ns timeout=0ns
01-01 01:01:08.100 0 0 D logd : logdr: UID=1000 GID=1003 PID=1093 n tail=50 logMask=1 pid=1055 start=0ns timeout=0ns
01-01 01:01:08.128 0 0 D logd : logdr: UID=1000 GID=1003 PID=1093 n tail=0 logMask=8 pid=1055 start=0ns timeout=0ns
01-01 01:01:08.129 0 0 D logd : logdr: UID=1000 GID=1003 PID=1093 n tail=0 logMask=1 pid=1055 start=0ns timeout=0ns
01-01 01:01:08.284 1116 1116 I wificond: wificond is starting up...
01-01 01:01:08.289 1116 1116 I HidlServiceManagement: Registered android.system.wifi.keystore@1.0::IKeystore/default (start delay of 39ms)
01-01 01:01:09.393 241 241 E iorapd : Cannot get package manager service!
01-01 01:01:10.393 241 241 W iorapd : Reconnect to package manager service: 11 times
01-01 01:01:12.490 0 0 I init : starting service 'zygote'...
01-01 01:01:12.495 0 0 I init : Created socket '/dev/socket/zygote', mode 660, user 0, group 1000
01-01 01:01:12.504 0 0 I init : Created socket '/dev/socket/usap_pool_primary', mode 660, user 0, group 1000
01-01 01:01:12.534 0 0 W libprocessgroup: Failed to open /dev/stune/top-app/tasks: No such file or directory: No such file or directory
01-01 01:01:12.546 0 0 W libprocessgroup: Failed to apply MaxPerformance task profile: No such file or directory
01-01 01:01:12.557 0 0 I init : starting service 'zygote_secondary'...
01-01 01:01:12.563 0 0 I init : Created socket '/dev/socket/zygote_secondary', mode 660, user 0, group 1000
01-01 01:01:12.572 0 0 I init : Created socket '/dev/socket/usap_pool_secondary', mode 660, user 0, group 1000
01-01 01:01:12.584 0 0 I init : starting service 'audioserver'...
01-01 01:01:12.585 0 0 W libprocessgroup: Failed to open /dev/stune/top-app/tasks: No such file or directory: No such file or directory
01-01 01:01:12.735 1122 1122 I boot_progress_start: 72735
01-01 01:01:12.911 1126 1126 F libc : Fatal signal 6 (SIGABRT), code -1 (SI_QUEUE) in tid 1126 (surfaceflinger), pid 1126 (surfaceflinger)
01-01 01:01:12.970 1156 1156 F DEBUG : *** *** *** *** *** *** *** *** *** *** *** *** *** *** *** ***
01-01 01:01:12.970 1156 1156 F DEBUG : Build fingerprint: 'emteria/rpi4/rpi4:11/RQ1A.210105.003/eng.root.20210331.145622:userdebug/release-keys'
01-01 01:01:12.970 1156 1156 F DEBUG : Revision: '0'
01-01 01:01:12.970 1156 1156 F DEBUG : ABI: 'arm64'
01-01 01:01:12.971 1156 1156 F DEBUG : Timestamp: 1970-01-01 01:01:12+0100
01-01 01:01:12.971 1156 1156 F DEBUG : pid: 1126, tid: 1126, name: surfaceflinger >>> /system/bin/surfaceflinger <<<
01-01 01:01:12.971 1156 1156 F DEBUG : uid: 1000
01-01 01:01:12.971 1156 1156 F DEBUG : signal 6 (SIGABRT), code -1 (SI_QUEUE), fault addr --------
01-01 01:01:12.972 1156 1156 F DEBUG : Abort message: 'Missing internal display after registering composer callback.'
01-01 01:01:12.972 1156 1156 F DEBUG : x0 0000000000000000 x1 0000000000000466 x2 0000000000000006 x3 0000007ff7d59350
01-01 01:01:12.972 1156 1156 F DEBUG : x4 000000001284bda1 x5 000000001284bda1 x6 000000001284bda1 x7 0000000000000048
01-01 01:01:12.972 1156 1156 F DEBUG : x8 00000000000000f0 x9 00000078095ad800 x10 ffffff80ffffffdf x11 0000000000000001
01-01 01:01:12.973 1156 1156 F DEBUG : x12 0000007ff7d59320 x13 000000000000003e x14 0000007ff7d594f0 x15 ffffffffffffffff
01-01 01:01:12.973 1156 1156 F DEBUG : x16 0000007809646c80 x17 00000078096283c0 x18 000000780a3ac000 x19 00000000000000ac
01-01 01:01:12.974 1156 1156 F DEBUG : x20 0000000000000466 x21 00000000000000b2 x22 0000000000000466 x23 00000000ffffffff
01-01 01:01:12.974 1156 1156 F DEBUG : x24 0000000000000002 x25 0000000000000000 x26 0000000000000000 x27 0000000000000000
01-01 01:01:12.974 1156 1156 F DEBUG : x28 0000000000000000 x29 0000007ff7d593d0
01-01 01:01:12.974 1156 1156 F DEBUG : lr 00000078095db544 sp 0000007ff7d59330 pc 00000078095db574 pst 0000000000000000
01-01 01:01:13.007 1156 1156 F DEBUG : backtrace:
01-01 01:01:13.007 1156 1156 F DEBUG : #00 pc 000000000004e574 /apex/com.android.runtime/lib64/bionic/libc.so (abort+180) (BuildId: f81965d884d6ebc5e5c3fd825c17a209)
01-01 01:01:13.007 1156 1156 F DEBUG : #01 pc 0000000000006334 /system/lib64/liblog.so (__android_log_default_aborter+12) (BuildId: c92329feece7a2d7fa4d9fb6acc815f9)
01-01 01:01:13.007 1156 1156 F DEBUG : #02 pc 0000000000006ec8 /system/lib64/liblog.so (__android_log_assert+336) (BuildId: c92329feece7a2d7fa4d9fb6acc815f9)
01-01 01:01:13.007 1156 1156 F DEBUG : #03 pc 000000000010a844 /system/lib64/libsurfaceflinger.so (android::SurfaceFlinger::init()+1380) (BuildId: 717e9bb2a8f30577e4b047e005231fd7)
01-01 01:01:13.007 1156 1156 F DEBUG : #04 pc 00000000000021a8 /system/bin/surfaceflinger (main+352) (BuildId: 90f19aac502ae7e05183738dd9ef97d1)
01-01 01:01:13.008 1156 1156 F DEBUG : #05 pc 0000000000049a34 /apex/com.android.runtime/lib64/bionic/libc.so (__libc_init+108) (BuildId: f81965d884d6ebc5e5c3fd825c17a209)
01-01 01:01:13.108 0 0 D logd : logdr: UID=1000 GID=1003 PID=1156 n tail=50 logMask=8 pid=1126 start=0ns timeout=0ns
01-01 01:01:13.109 0 0 D logd : logdr: UID=1000 GID=1003 PID=1156 n tail=50 logMask=1 pid=1126 start=0ns timeout=0ns
01-01 01:01:13.142 0 0 D logd : logdr: UID=1000 GID=1003 PID=1156 n tail=0 logMask=8 pid=1126 start=0ns timeout=0ns
01-01 01:01:13.143 0 0 D logd : logdr: UID=1000 GID=1003 PID=1156 n tail=0 logMask=1 pid=1126 start=0ns timeout=0ns
01-01 01:01:13.311 1187 1187 I wificond: wificond is starting up...
01-01 01:01:13.316 1187 1187 I HidlServiceManagement: Registered android.system.wifi.keystore@1.0::IKeystore/default (start delay of 36ms)
01-01 01:01:15.418 241 241 E iorapd : Cannot get package manager service!
01-01 01:01:16.418 241 241 W iorapd : Reconnect to package manager service: 12 times
01-01 01:01:17.519 0 0 I init : starting service 'zygote'...
01-01 01:01:17.524 0 0 I init : Created socket '/dev/socket/zygote', mode 660, user 0, group 1000
01-01 01:01:17.533 0 0 I init : Created socket '/dev/socket/usap_pool_primary', mode 660, user 0, group 1000
01-01 01:01:17.558 0 0 W libprocessgroup: Failed to open /dev/stune/top-app/tasks: No such file or directory: No such file or directory
01-01 01:01:17.570 0 0 W libprocessgroup: Failed to apply MaxPerformance task profile: No such file or directory
01-01 01:01:17.583 0 0 I init : starting service 'zygote_secondary'...
01-01 01:01:17.589 0 0 I init : Created socket '/dev/socket/zygote_secondary', mode 660, user 0, group 1000
01-01 01:01:17.598 0 0 I init : Created socket '/dev/socket/usap_pool_secondary', mode 660, user 0, group 1000
01-01 01:01:17.611 0 0 I init : starting service 'audioserver'...
01-01 01:01:17.611 0 0 W libprocessgroup: Failed to open /dev/stune/top-app/tasks: No such file or directory: No such file or directory
01-01 01:01:17.752 1193 1193 I boot_progress_start: 77752
01-01 01:01:17.919 1197 1197 F libc : Fatal signal 6 (SIGABRT), code -1 (SI_QUEUE) in tid 1197 (surfaceflinger), pid 1197 (surfaceflinger)
01-01 01:01:17.979 1236 1236 F DEBUG : *** *** *** *** *** *** *** *** *** *** *** *** *** *** *** ***
01-01 01:01:17.980 1236 1236 F DEBUG : Build fingerprint: 'emteria/rpi4/rpi4:11/RQ1A.210105.003/eng.root.20210331.145622:userdebug/release-keys'
01-01 01:01:17.980 1236 1236 F DEBUG : Revision: '0'
01-01 01:01:17.980 1236 1236 F DEBUG : ABI: 'arm64'
01-01 01:01:17.981 1236 1236 F DEBUG : Timestamp: 1970-01-01 01:01:17+0100
01-01 01:01:17.981 1236 1236 F DEBUG : pid: 1197, tid: 1197, name: surfaceflinger >>> /system/bin/surfaceflinger <<<
01-01 01:01:17.981 1236 1236 F DEBUG : uid: 1000
01-01 01:01:17.981 1236 1236 F DEBUG : signal 6 (SIGABRT), code -1 (SI_QUEUE), fault addr --------
01-01 01:01:17.981 1236 1236 F DEBUG : Abort message: 'Missing internal display after registering composer callback.'
01-01 01:01:17.981 1236 1236 F DEBUG : x0 0000000000000000 x1 00000000000004ad x2 0000000000000006 x3 0000007fd07ebf40
01-01 01:01:17.981 1236 1236 F DEBUG : x4 000000001284bda1 x5 000000001284bda1 x6 000000001284bda1 x7 000000000000004d
01-01 01:01:17.981 1236 1236 F DEBUG : x8 00000000000000f0 x9 00000074abdf1800 x10 ffffff80ffffffdf x11 0000000000000001
01-01 01:01:17.982 1236 1236 F DEBUG : x12 0000007fd07ebf10 x13 000000000000003e x14 0000007fd07ec0e0 x15 ffffffffffffffff
01-01 01:01:17.982 1236 1236 F DEBUG : x16 00000074abe8ac80 x17 00000074abe6c3c0 x18 00000074adaba000 x19 00000000000000ac
01-01 01:01:17.982 1236 1236 F DEBUG : x20 00000000000004ad x21 00000000000000b2 x22 00000000000004ad x23 00000000ffffffff
01-01 01:01:17.982 1236 1236 F DEBUG : x24 0000000000000002 x25 0000000000000000 x26 0000000000000000 x27 0000000000000000
01-01 01:01:17.982 1236 1236 F DEBUG : x28 0000000000000000 x29 0000007fd07ebfc0
01-01 01:01:17.982 1236 1236 F DEBUG : lr 00000074abe1f544 sp 0000007fd07ebf20 pc 00000074abe1f574 pst 0000000000000000
01-01 01:01:18.013 1236 1236 F DEBUG : backtrace:
01-01 01:01:18.013 1236 1236 F DEBUG : #00 pc 000000000004e574 /apex/com.android.runtime/lib64/bionic/libc.so (abort+180) (BuildId: f81965d884d6ebc5e5c3fd825c17a209)
01-01 01:01:18.013 1236 1236 F DEBUG : #01 pc 0000000000006334 /system/lib64/liblog.so (__android_log_default_aborter+12) (BuildId: c92329feece7a2d7fa4d9fb6acc815f9)
01-01 01:01:18.013 1236 1236 F DEBUG : #02 pc 0000000000006ec8 /system/lib64/liblog.so (__android_log_assert+336) (BuildId: c92329feece7a2d7fa4d9fb6acc815f9)
01-01 01:01:18.013 1236 1236 F DEBUG : #03 pc 000000000010a844 /system/lib64/libsurfaceflinger.so (android::SurfaceFlinger::init()+1380) (BuildId: 717e9bb2a8f30577e4b047e005231fd7)
01-01 01:01:18.013 1236 1236 F DEBUG : #04 pc 00000000000021a8 /system/bin/surfaceflinger (main+352) (BuildId: 90f19aac502ae7e05183738dd9ef97d1)
01-01 01:01:18.013 1236 1236 F DEBUG : #05 pc 0000000000049a34 /apex/com.android.runtime/lib64/bionic/libc.so (__libc_init+108) (BuildId: f81965d884d6ebc5e5c3fd825c17a209)
01-01 01:01:18.112 0 0 D logd : logdr: UID=1000 GID=1003 PID=1236 n tail=50 logMask=8 pid=1197 start=0ns timeout=0ns
01-01 01:01:18.113 0 0 D logd : logdr: UID=1000 GID=1003 PID=1236 n tail=50 logMask=1 pid=1197 start=0ns timeout=0ns
01-01 01:01:18.146 0 0 D logd : logdr: UID=1000 GID=1003 PID=1236 n tail=0 logMask=8 pid=1197 start=0ns timeout=0ns
01-01 01:01:18.150 0 0 D logd : logdr: UID=1000 GID=1003 PID=1236 n tail=0 logMask=1 pid=1197 start=0ns timeout=0ns
01-01 01:01:18.328 1259 1259 I wificond: wificond is starting up...
01-01 01:01:18.332 1259 1259 I HidlServiceManagement: Registered android.system.wifi.keystore@1.0::IKeystore/default (start delay of 42ms)
01-01 01:01:21.438 241 241 E iorapd : Cannot get package manager service!
01-01 01:01:22.438 241 241 W iorapd : Reconnect to package manager service: 13 times
01-01 01:01:22.546 0 0 I init : starting service 'zygote'...
01-01 01:01:22.551 0 0 I init : Created socket '/dev/socket/zygote', mode 660, user 0, group 1000
01-01 01:01:22.560 0 0 I init : Created socket '/dev/socket/usap_pool_primary', mode 660, user 0, group 1000
01-01 01:01:22.598 0 0 W libprocessgroup: Failed to open /dev/stune/top-app/tasks: No such file or directory: No such file or directory
01-01 01:01:22.610 0 0 W libprocessgroup: Failed to apply MaxPerformance task profile: No such file or directory
01-01 01:01:22.610 0 0 I init : starting service 'zygote_secondary'...
01-01 01:01:22.625 0 0 I init : Created socket '/dev/socket/zygote_secondary', mode 660, user 0, group 1000
01-01 01:01:22.634 0 0 I init : Created socket '/dev/socket/usap_pool_secondary', mode 660, user 0, group 1000
01-01 01:01:22.647 0 0 I init : starting service 'audioserver'...
01-01 01:01:22.647 0 0 W libprocessgroup: Failed to open /dev/stune/top-app/tasks: No such file or directory: No such file or directory
01-01 01:01:22.794 1265 1265 I boot_progress_start: 82794
01-01 01:01:23.004 1269 1269 F libc : Fatal signal 6 (SIGABRT), code -1 (SI_QUEUE) in tid 1269 (surfaceflinger), pid 1269 (surfaceflinger)
01-01 01:01:23.039 1307 1307 F DEBUG : *** *** *** *** *** *** *** *** *** *** *** *** *** *** *** ***
01-01 01:01:23.040 1307 1307 F DEBUG : Build fingerprint: 'emteria/rpi4/rpi4:11/RQ1A.210105.003/eng.root.20210331.145622:userdebug/release-keys'
01-01 01:01:23.040 1307 1307 F DEBUG : Revision: '0'
01-01 01:01:23.040 1307 1307 F DEBUG : ABI: 'arm64'
01-01 01:01:23.041 1307 1307 F DEBUG : Timestamp: 1970-01-01 01:01:23+0100
01-01 01:01:23.041 1307 1307 F DEBUG : pid: 1269, tid: 1269, name: surfaceflinger >>> /system/bin/surfaceflinger <<<
01-01 01:01:23.041 1307 1307 F DEBUG : uid: 1000
01-01 01:01:23.041 1307 1307 F DEBUG : signal 6 (SIGABRT), code -1 (SI_QUEUE), fault addr --------
01-01 01:01:23.041 1307 1307 F DEBUG : Abort message: 'Missing internal display after registering composer callback.'
01-01 01:01:23.042 1307 1307 F DEBUG : x0 0000000000000000 x1 00000000000004f5 x2 0000000000000006 x3 0000007fe4797010
01-01 01:01:23.042 1307 1307 F DEBUG : x4 000000001284bda1 x5 000000001284bda1 x6 000000001284bda1 x7 0000000000000053
01-01 01:01:23.042 1307 1307 F DEBUG : x8 00000000000000f0 x9 000000703dd00800 x10 ffffff80ffffffdf x11 0000000000000001
01-01 01:01:23.042 1307 1307 F DEBUG : x12 0000007fe4796fe0 x13 000000000000003e x14 0000007fe47971b0 x15 ffffffffffffffff
01-01 01:01:23.042 1307 1307 F DEBUG : x16 000000703dd99c80 x17 000000703dd7b3c0 x18 000000703f4c2000 x19 00000000000000ac
01-01 01:01:23.042 1307 1307 F DEBUG : x20 00000000000004f5 x21 00000000000000b2 x22 00000000000004f5 x23 00000000ffffffff
01-01 01:01:23.042 1307 1307 F DEBUG : x24 0000000000000002 x25 0000000000000000 x26 0000000000000000 x27 0000000000000000
01-01 01:01:23.042 1307 1307 F DEBUG : x28 0000000000000000 x29 0000007fe4797090
01-01 01:01:23.042 1307 1307 F DEBUG : lr 000000703dd2e544 sp 0000007fe4796ff0 pc 000000703dd2e574 pst 0000000000000000
01-01 01:01:23.076 1307 1307 F DEBUG : backtrace:
01-01 01:01:23.076 1307 1307 F DEBUG : #00 pc 000000000004e574 /apex/com.android.runtime/lib64/bionic/libc.so (abort+180) (BuildId: f81965d884d6ebc5e5c3fd825c17a209)
01-01 01:01:23.076 1307 1307 F DEBUG : #01 pc 0000000000006334 /system/lib64/liblog.so (__android_log_default_aborter+12) (BuildId: c92329feece7a2d7fa4d9fb6acc815f9)
01-01 01:01:23.076 1307 1307 F DEBUG : #02 pc 0000000000006ec8 /system/lib64/liblog.so (__android_log_assert+336) (BuildId: c92329feece7a2d7fa4d9fb6acc815f9)
01-01 01:01:23.076 1307 1307 F DEBUG : #03 pc 000000000010a844 /system/lib64/libsurfaceflinger.so (android::SurfaceFlinger::init()+1380) (BuildId: 717e9bb2a8f30577e4b047e005231fd7)
01-01 01:01:23.076 1307 1307 F DEBUG : #04 pc 00000000000021a8 /system/bin/surfaceflinger (main+352) (BuildId: 90f19aac502ae7e05183738dd9ef97d1)
01-01 01:01:23.076 1307 1307 F DEBUG : #05 pc 0000000000049a34 /apex/com.android.runtime/lib64/bionic/libc.so (__libc_init+108) (BuildId: f81965d884d6ebc5e5c3fd825c17a209)
01-01 01:01:23.170 0 0 D logd : logdr: UID=1000 GID=1003 PID=1307 n tail=50 logMask=8 pid=1269 start=0ns timeout=0ns
01-01 01:01:23.172 0 0 D logd : logdr: UID=1000 GID=1003 PID=1307 n tail=50 logMask=1 pid=1269 start=0ns timeout=0ns
01-01 01:01:23.200 0 0 D logd : logdr: UID=1000 GID=1003 PID=1307 n tail=0 logMask=8 pid=1269 start=0ns timeout=0ns
01-01 01:01:23.201 0 0 D logd : logdr: UID=1000 GID=1003 PID=1307 n tail=0 logMask=1 pid=1269 start=0ns timeout=0ns
01-01 01:01:23.265 1266 1266 D Zygote32Timing: PostZygoteInitGC took to complete: 22ms
01-01 01:01:23.265 1266 1266 D Zygote32Timing: ZygoteInit took to complete: 77ms
01-01 01:01:23.378 1330 1330 I wificond: wificond is starting up...
01-01 01:01:23.382 1330 1330 I HidlServiceManagement: Registered android.system.wifi.keystore@1.0::IKeystore/default (start delay of 42ms)
01-01 01:01:27.455 241 241 E iorapd : Cannot get package manager service!
01-01 01:01:27.575 0 0 I init : starting service 'zygote'...
01-01 01:01:27.580 0 0 I init : Created socket '/dev/socket/zygote', mode 660, user 0, group 1000
01-01 01:01:27.588 0 0 I init : Created socket '/dev/socket/usap_pool_primary', mode 660, user 0, group 1000
01-01 01:01:27.618 0 0 W libprocessgroup: Failed to open /dev/stune/top-app/tasks: No such file or directory: No such file or directory
01-01 01:01:27.630 0 0 W libprocessgroup: Failed to apply MaxPerformance task profile: No such file or directory
01-01 01:01:27.645 0 0 I init : starting service 'zygote_secondary'...
01-01 01:01:27.651 0 0 I init : Created socket '/dev/socket/zygote_secondary', mode 660, user 0, group 1000
01-01 01:01:27.660 0 0 I init : Created socket '/dev/socket/usap_pool_secondary', mode 660, user 0, group 1000
01-01 01:01:27.673 0 0 I init : starting service 'audioserver'...
01-01 01:01:27.673 0 0 W libprocessgroup: Failed to open /dev/stune/top-app/tasks: No such file or directory: No such file or directory
01-01 01:01:27.823 1337 1337 I boot_progress_start: 87823
01-01 01:01:27.959 1341 1341 F libc : Fatal signal 6 (SIGABRT), code -1 (SI_QUEUE) in tid 1341 (surfaceflinger), pid 1341 (surfaceflinger)
01-01 01:01:28.021 1365 1365 F DEBUG : *** *** *** *** *** *** *** *** *** *** *** *** *** *** *** ***
01-01 01:01:28.021 1365 1365 F DEBUG : Build fingerprint: 'emteria/rpi4/rpi4:11/RQ1A.210105.003/eng.root.20210331.145622:userdebug/release-keys'
01-01 01:01:28.022 1365 1365 F DEBUG : Revision: '0'
01-01 01:01:28.022 1365 1365 F DEBUG : ABI: 'arm64'
01-01 01:01:28.024 1365 1365 F DEBUG : Timestamp: 1970-01-01 01:01:28+0100
01-01 01:01:28.024 1365 1365 F DEBUG : pid: 1341, tid: 1341, name: surfaceflinger >>> /system/bin/surfaceflinger <<<
01-01 01:01:28.024 1365 1365 F DEBUG : uid: 1000
01-01 01:01:28.024 1365 1365 F DEBUG : signal 6 (SIGABRT), code -1 (SI_QUEUE), fault addr --------
01-01 01:01:28.024 1365 1365 F DEBUG : Abort message: 'Missing internal display after registering composer callback.'
01-01 01:01:28.024 1365 1365 F DEBUG : x0 0000000000000000 x1 000000000000053d x2 0000000000000006 x3 0000007fcc88f8f0
01-01 01:01:28.024 1365 1365 F DEBUG : x4 000000001284bda1 x5 000000001284bda1 x6 000000001284bda1 x7 0000000000000057
01-01 01:01:28.024 1365 1365 F DEBUG : x8 00000000000000f0 x9 0000007cd91b6800 x10 ffffff80ffffffdf x11 0000000000000001
01-01 01:01:28.025 1365 1365 F DEBUG : x12 0000007fcc88f8c0 x13 000000000000003e x14 0000007fcc88fa90 x15 ffffffffffffffff
01-01 01:01:28.025 1365 1365 F DEBUG : x16 0000007cd924fc80 x17 0000007cd92313c0 x18 0000007cdaaf2000 x19 00000000000000ac
01-01 01:01:28.025 1365 1365 F DEBUG : x20 000000000000053d x21 00000000000000b2 x22 000000000000053d x23 00000000ffffffff
01-01 01:01:28.025 1365 1365 F DEBUG : x24 0000000000000002 x25 0000000000000000 x26 0000000000000000 x27 0000000000000000
01-01 01:01:28.025 1365 1365 F DEBUG : x28 0000000000000000 x29 0000007fcc88f970
01-01 01:01:28.025 1365 1365 F DEBUG : lr 0000007cd91e4544 sp 0000007fcc88f8d0 pc 0000007cd91e4574 pst 0000000000000000
01-01 01:01:28.059 1365 1365 F DEBUG : backtrace:
01-01 01:01:28.059 1365 1365 F DEBUG : #00 pc 000000000004e574 /apex/com.android.runtime/lib64/bionic/libc.so (abort+180) (BuildId: f81965d884d6ebc5e5c3fd825c17a209)
01-01 01:01:28.059 1365 1365 F DEBUG : #01 pc 0000000000006334 /system/lib64/liblog.so (__android_log_default_aborter+12) (BuildId: c92329feece7a2d7fa4d9fb6acc815f9)
01-01 01:01:28.059 1365 1365 F DEBUG : #02 pc 0000000000006ec8 /system/lib64/liblog.so (__android_log_assert+336) (BuildId: c92329feece7a2d7fa4d9fb6acc815f9)
01-01 01:01:28.059 1365 1365 F DEBUG : #03 pc 000000000010a844 /system/lib64/libsurfaceflinger.so (android::SurfaceFlinger::init()+1380) (BuildId: 717e9bb2a8f30577e4b047e005231fd7)
01-01 01:01:28.060 1365 1365 F DEBUG : #04 pc 00000000000021a8 /system/bin/surfaceflinger (main+352) (BuildId: 90f19aac502ae7e05183738dd9ef97d1)
01-01 01:01:28.060 1365 1365 F DEBUG : #05 pc 0000000000049a34 /apex/com.android.runtime/lib64/bionic/libc.so (__libc_init+108) (BuildId: f81965d884d6ebc5e5c3fd825c17a209)
01-01 01:01:28.148 1337 1337 I boot_progress_preload_start: 88148
01-01 01:01:28.160 0 0 D logd : logdr: UID=1000 GID=1003 PID=1365 n tail=50 logMask=8 pid=1341 start=0ns timeout=0ns
01-01 01:01:28.162 0 0 D logd : logdr: UID=1000 GID=1003 PID=1365 n tail=50 logMask=1 pid=1341 start=0ns timeout=0ns
01-01 01:01:28.193 0 0 D logd : logdr: UID=1000 GID=1003 PID=1365 n tail=0 logMask=8 pid=1341 start=0ns timeout=0ns
01-01 01:01:28.195 0 0 D logd : logdr: UID=1000 GID=1003 PID=1365 n tail=0 logMask=1 pid=1341 start=0ns timeout=0ns
01-01 01:01:28.195 1338 1338 D Zygote32Timing: PostZygoteInitGC took to complete: 18ms
01-01 01:01:28.195 1338 1338 D Zygote32Timing: ZygoteInit took to complete: 26ms
01-01 01:01:28.379 1402 1402 I wificond: wificond is starting up...
01-01 01:01:28.383 1402 1402 I HidlServiceManagement: Registered android.system.wifi.keystore@1.0::IKeystore/default (start delay of 43ms)
01-01 01:01:28.455 241 241 W iorapd : Reconnect to package manager service: 14 times
01-01 01:01:32.604 0 0 I init : starting service 'zygote'...
01-01 01:01:32.609 0 0 I init : Created socket '/dev/socket/zygote', mode 660, user 0, group 1000
01-01 01:01:32.617 0 0 I init : Created socket '/dev/socket/usap_pool_primary', mode 660, user 0, group 1000
01-01 01:01:32.646 0 0 W libprocessgroup: Failed to open /dev/stune/top-app/tasks: No such file or directory: No such file or directory
01-01 01:01:32.658 0 0 W libprocessgroup: Failed to apply MaxPerformance task profile: No such file or directory
01-01 01:01:32.672 0 0 I init : starting service 'zygote_secondary'...
01-01 01:01:32.678 0 0 I init : Created socket '/dev/socket/zygote_secondary', mode 660, user 0, group 1000
01-01 01:01:32.687 0 0 I init : Created socket '/dev/socket/usap_pool_secondary', mode 660, user 0, group 1000
01-01 01:01:32.699 0 0 I init : starting service 'audioserver'...
01-01 01:01:32.701 0 0 W libprocessgroup: Failed to open /dev/stune/top-app/tasks: No such file or directory: No such file or directory
01-01 01:01:32.845 1408 1408 I boot_progress_start: 92845
01-01 01:01:33.006 0 0 E selinux : SELinux: Could not get canonical path for /sys/devices/virtual/net/ipsec_test/queues/rx-0 restorecon: No such file or directory.
01-01 01:01:33.025 0 0 E selinux :
01-01 01:01:33.028 0 0 E ueventd : selinux_android_restorecon(/sys/devices/virtual/net/ipsec_test/queues/rx-0) failed: No such file or directory
01-01 01:01:33.054 1412 1412 F libc : Fatal signal 6 (SIGABRT), code -1 (SI_QUEUE) in tid 1412 (surfaceflinger), pid 1412 (surfaceflinger)
01-01 01:01:33.099 1451 1451 F DEBUG : *** *** *** *** *** *** *** *** *** *** *** *** *** *** *** ***
01-01 01:01:33.100 1451 1451 F DEBUG : Build fingerprint: 'emteria/rpi4/rpi4:11/RQ1A.210105.003/eng.root.20210331.145622:userdebug/release-keys'
01-01 01:01:33.100 1451 1451 F DEBUG : Revision: '0'
01-01 01:01:33.100 1451 1451 F DEBUG : ABI: 'arm64'
01-01 01:01:33.101 1451 1451 F DEBUG : Timestamp: 1970-01-01 01:01:33+0100
01-01 01:01:33.101 1451 1451 F DEBUG : pid: 1412, tid: 1412, name: surfaceflinger >>> /system/bin/surfaceflinger <<<
01-01 01:01:33.101 1451 1451 F DEBUG : uid: 1000
01-01 01:01:33.101 1451 1451 F DEBUG : signal 6 (SIGABRT), code -1 (SI_QUEUE), fault addr --------
01-01 01:01:33.101 1451 1451 F DEBUG : Abort message: 'Missing internal display after registering composer callback.'
01-01 01:01:33.101 1451 1451 F DEBUG : x0 0000000000000000 x1 0000000000000584 x2 0000000000000006 x3 0000007fdb63b0d0
01-01 01:01:33.101 1451 1451 F DEBUG : x4 000000001284bda1 x5 000000001284bda1 x6 000000001284bda1 x7 000000000000005d
01-01 01:01:33.102 1451 1451 F DEBUG : x8 00000000000000f0 x9 0000007e60b40800 x10 ffffff80ffffffdf x11 0000000000000001
01-01 01:01:33.102 1451 1451 F DEBUG : x12 0000007fdb63b0a0 x13 000000000000003e x14 0000007fdb63b270 x15 ffffffffffffffff
01-01 01:01:33.102 1451 1451 F DEBUG : x16 0000007e60bd9c80 x17 0000007e60bbb3c0 x18 0000007e624ae000 x19 00000000000000ac
01-01 01:01:33.102 1451 1451 F DEBUG : x20 0000000000000584 x21 00000000000000b2 x22 0000000000000584 x23 00000000ffffffff
01-01 01:01:33.102 1451 1451 F DEBUG : x24 0000000000000002 x25 0000000000000000 x26 0000000000000000 x27 0000000000000000
01-01 01:01:33.102 1451 1451 F DEBUG : x28 0000000000000000 x29 0000007fdb63b150
01-01 01:01:33.102 1451 1451 F DEBUG : lr 0000007e60b6e544 sp 0000007fdb63b0b0 pc 0000007e60b6e574 pst 0000000000000000
01-01 01:01:33.133 1451 1451 F DEBUG : backtrace:
01-01 01:01:33.133 1451 1451 F DEBUG : #00 pc 000000000004e574 /apex/com.android.runtime/lib64/bionic/libc.so (abort+180) (BuildId: f81965d884d6ebc5e5c3fd825c17a209)
01-01 01:01:33.133 1451 1451 F DEBUG : #01 pc 0000000000006334 /system/lib64/liblog.so (__android_log_default_aborter+12) (BuildId: c92329feece7a2d7fa4d9fb6acc815f9)
01-01 01:01:33.133 1451 1451 F DEBUG : #02 pc 0000000000006ec8 /system/lib64/liblog.so (__android_log_assert+336) (BuildId: c92329feece7a2d7fa4d9fb6acc815f9)
01-01 01:01:33.133 1451 1451 F DEBUG : #03 pc 000000000010a844 /system/lib64/libsurfaceflinger.so (android::SurfaceFlinger::init()+1380) (BuildId: 717e9bb2a8f30577e4b047e005231fd7)
01-01 01:01:33.133 1451 1451 F DEBUG : #04 pc 00000000000021a8 /system/bin/surfaceflinger (main+352) (BuildId: 90f19aac502ae7e05183738dd9ef97d1)
01-01 01:01:33.134 1451 1451 F DEBUG : #05 pc 0000000000049a34 /apex/com.android.runtime/lib64/bionic/libc.so (__libc_init+108) (BuildId: f81965d884d6ebc5e5c3fd825c17a209)
01-01 01:01:33.139 1408 1408 I boot_progress_preload_start: 93139
01-01 01:01:33.224 1409 1409 D Zygote32Timing: PostZygoteInitGC took to complete: 18ms
01-01 01:01:33.224 1409 1409 D Zygote32Timing: ZygoteInit took to complete: 25ms
01-01 01:01:33.238 0 0 D logd : logdr: UID=1000 GID=1003 PID=1451 n tail=50 logMask=8 pid=1412 start=0ns timeout=0ns
01-01 01:01:33.240 0 0 D logd : logdr: UID=1000 GID=1003 PID=1451 n tail=50 logMask=1 pid=1412 start=0ns timeout=0ns
01-01 01:01:33.269 0 0 D logd : logdr: UID=1000 GID=1003 PID=1451 n tail=0 logMask=8 pid=1412 start=0ns timeout=0ns
01-01 01:01:33.272 0 0 D logd : logdr: UID=1000 GID=1003 PID=1451 n tail=0 logMask=1 pid=1412 start=0ns timeout=0ns
01-01 01:01:33.281 1408 1408 D Zygote64Timing: BeginPreload took to complete: 141ms
01-01 01:01:33.439 1474 1474 I wificond: wificond is starting up...
01-01 01:01:33.443 1474 1474 I HidlServiceManagement: Registered android.system.wifi.keystore@1.0::IKeystore/default (start delay of 43ms)
01-01 01:01:33.471 241 241 E iorapd : Cannot get package manager service!
01-01 01:01:34.471 241 241 W iorapd : Reconnect to package manager service: 15 times
01-01 01:01:37.632 0 0 I init : starting service 'zygote'...
01-01 01:01:37.637 0 0 I init : Created socket '/dev/socket/zygote', mode 660, user 0, group 1000
01-01 01:01:37.645 0 0 I init : Created socket '/dev/socket/usap_pool_primary', mode 660, user 0, group 1000
01-01 01:01:37.682 0 0 W libprocessgroup: Failed to open /dev/stune/top-app/tasks: No such file or directory: No such file or directory
01-01 01:01:37.694 0 0 W libprocessgroup: Failed to apply MaxPerformance task profile: No such file or directory
01-01 01:01:37.698 0 0 I init : starting service 'zygote_secondary'...
01-01 01:01:37.709 0 0 I init : Created socket '/dev/socket/zygote_secondary', mode 660, user 0, group 1000
01-01 01:01:37.718 0 0 I init : Created socket '/dev/socket/usap_pool_secondary', mode 660, user 0, group 1000
01-01 01:01:37.730 0 0 I init : starting service 'audioserver'...
01-01 01:01:37.731 0 0 W libprocessgroup: Failed to open /dev/stune/top-app/tasks: No such file or directory: No such file or directory
01-01 01:01:37.896 1481 1481 I boot_progress_start: 97896
01-01 01:01:38.042 1485 1485 F libc : Fatal signal 6 (SIGABRT), code -1 (SI_QUEUE) in tid 1485 (surfaceflinger), pid 1485 (surfaceflinger)
01-01 01:01:38.110 1513 1513 F DEBUG : *** *** *** *** *** *** *** *** *** *** *** *** *** *** *** ***
01-01 01:01:38.110 1513 1513 F DEBUG : Build fingerprint: 'emteria/rpi4/rpi4:11/RQ1A.210105.003/eng.root.20210331.145622:userdebug/release-keys'
01-01 01:01:38.110 1513 1513 F DEBUG : Revision: '0'
01-01 01:01:38.110 1513 1513 F DEBUG : ABI: 'arm64'
01-01 01:01:38.111 1513 1513 F DEBUG : Timestamp: 1970-01-01 01:01:38+0100
01-01 01:01:38.111 1513 1513 F DEBUG : pid: 1485, tid: 1485, name: surfaceflinger >>> /system/bin/surfaceflinger <<<
01-01 01:01:38.111 1513 1513 F DEBUG : uid: 1000
01-01 01:01:38.112 1513 1513 F DEBUG : signal 6 (SIGABRT), code -1 (SI_QUEUE), fault addr --------
01-01 01:01:38.112 1513 1513 F DEBUG : Abort message: 'Missing internal display after registering composer callback.'
01-01 01:01:38.112 1513 1513 F DEBUG : x0 0000000000000000 x1 00000000000005cd x2 0000000000000006 x3 0000007fc6370560
01-01 01:01:38.112 1513 1513 F DEBUG : x4 000000001284bda1 x5 000000001284bda1 x6 000000001284bda1 x7 0000000000000062
01-01 01:01:38.112 1513 1513 F DEBUG : x8 00000000000000f0 x9 0000007b307ad800 x10 ffffff80ffffffdf x11 0000000000000001
01-01 01:01:38.112 1513 1513 F DEBUG : x12 0000007fc6370530 x13 000000000000003e x14 0000007fc6370700 x15 ffffffffffffffff
01-01 01:01:38.112 1513 1513 F DEBUG : x16 0000007b30846c80 x17 0000007b308283c0 x18 0000007b31be2000 x19 00000000000000ac
01-01 01:01:38.112 1513 1513 F DEBUG : x20 00000000000005cd x21 00000000000000b2 x22 00000000000005cd x23 00000000ffffffff
01-01 01:01:38.112 1513 1513 F DEBUG : x24 0000000000000002 x25 0000000000000000 x26 0000000000000000 x27 0000000000000000
01-01 01:01:38.112 1513 1513 F DEBUG : x28 0000000000000000 x29 0000007fc63705e0
01-01 01:01:38.112 1513 1513 F DEBUG : lr 0000007b307db544 sp 0000007fc6370540 pc 0000007b307db574 pst 0000000000000000
01-01 01:01:38.142 1513 1513 F DEBUG : backtrace:
01-01 01:01:38.142 1513 1513 F DEBUG : #00 pc 000000000004e574 /apex/com.android.runtime/lib64/bionic/libc.so (abort+180) (BuildId: f81965d884d6ebc5e5c3fd825c17a209)
01-01 01:01:38.142 1513 1513 F DEBUG : #01 pc 0000000000006334 /system/lib64/liblog.so (__android_log_default_aborter+12) (BuildId: c92329feece7a2d7fa4d9fb6acc815f9)
01-01 01:01:38.142 1513 1513 F DEBUG : #02 pc 0000000000006ec8 /system/lib64/liblog.so (__android_log_assert+336) (BuildId: c92329feece7a2d7fa4d9fb6acc815f9)
01-01 01:01:38.143 1513 1513 F DEBUG : #03 pc 000000000010a844 /system/lib64/libsurfaceflinger.so (android::SurfaceFlinger::init()+1380) (BuildId: 717e9bb2a8f30577e4b047e005231fd7)
01-01 01:01:38.143 1513 1513 F DEBUG : #04 pc 00000000000021a8 /system/bin/surfaceflinger (main+352) (BuildId: 90f19aac502ae7e05183738dd9ef97d1)
01-01 01:01:38.143 1513 1513 F DEBUG : #05 pc 0000000000049a34 /apex/com.android.runtime/lib64/bionic/libc.so (__libc_init+108) (BuildId: f81965d884d6ebc5e5c3fd825c17a209)
01-01 01:01:38.194 1481 1481 I boot_progress_preload_start: 98194
01-01 01:01:38.212 1481 1481 D Zygote64Timing: BeginPreload took to complete: 17ms
01-01 01:01:38.239 1482 1482 D Zygote32Timing: PostZygoteInitGC took to complete: 17ms
01-01 01:01:38.239 1482 1482 D Zygote32Timing: ZygoteInit took to complete: 24ms
01-01 01:01:38.240 0 0 D logd : logdr: UID=1000 GID=1003 PID=1513 n tail=50 logMask=8 pid=1485 start=0ns timeout=0ns
01-01 01:01:38.241 0 0 D logd : logdr: UID=1000 GID=1003 PID=1513 n tail=50 logMask=1 pid=1485 start=0ns timeout=0ns
01-01 01:01:38.270 0 0 D logd : logdr: UID=1000 GID=1003 PID=1513 n tail=0 logMask=8 pid=1485 start=0ns timeout=0ns
01-01 01:01:38.272 0 0 D logd : logdr: UID=1000 GID=1003 PID=1513 n tail=0 logMask=1 pid=1485 start=0ns timeout=0ns
01-01 01:01:38.452 1548 1548 I wificond: wificond is starting up...
01-01 01:01:38.455 1548 1548 I HidlServiceManagement: Registered android.system.wifi.keystore@1.0::IKeystore/default (start delay of 35ms)
01-01 01:01:39.486 241 241 E iorapd : Cannot get package manager service!
01-01 01:01:40.487 241 241 W iorapd : Reconnect to package manager service: 16 times
01-01 01:01:42.661 0 0 I init : starting service 'zygote'...
01-01 01:01:42.666 0 0 I init : Created socket '/dev/socket/zygote', mode 660, user 0, group 1000
01-01 01:01:42.674 0 0 I init : Created socket '/dev/socket/usap_pool_primary', mode 660, user 0, group 1000
01-01 01:01:42.706 0 0 W libprocessgroup: Failed to open /dev/stune/top-app/tasks: No such file or directory: No such file or directory
01-01 01:01:42.718 0 0 W libprocessgroup: Failed to apply MaxPerformance task profile: No such file or directory
01-01 01:01:42.730 0 0 I init : starting service 'zygote_secondary'...
01-01 01:01:42.735 0 0 I init : Created socket '/dev/socket/zygote_secondary', mode 660, user 0, group 1000
01-01 01:01:42.745 0 0 I init : Created socket '/dev/socket/usap_pool_secondary', mode 660, user 0, group 1000
01-01 01:01:42.757 0 0 I init : starting service 'audioserver'...
01-01 01:01:42.758 0 0 W libprocessgroup: Failed to open /dev/stune/top-app/tasks: No such file or directory: No such file or directory
01-01 01:01:42.906 1554 1554 I boot_progress_start: 102906
01-01 01:01:43.055 1558 1558 F libc : Fatal signal 6 (SIGABRT), code -1 (SI_QUEUE) in tid 1558 (surfaceflinger), pid 1558 (surfaceflinger)
01-01 01:01:43.117 1583 1583 F DEBUG : *** *** *** *** *** *** *** *** *** *** *** *** *** *** *** ***
01-01 01:01:43.118 1583 1583 F DEBUG : Build fingerprint: 'emteria/rpi4/rpi4:11/RQ1A.210105.003/eng.root.20210331.145622:userdebug/release-keys'
01-01 01:01:43.118 1583 1583 F DEBUG : Revision: '0'
01-01 01:01:43.118 1583 1583 F DEBUG : ABI: 'arm64'
01-01 01:01:43.119 1583 1583 F DEBUG : Timestamp: 1970-01-01 01:01:43+0100
01-01 01:01:43.119 1583 1583 F DEBUG : pid: 1558, tid: 1558, name: surfaceflinger >>> /system/bin/surfaceflinger <<<
01-01 01:01:43.119 1583 1583 F DEBUG : uid: 1000
01-01 01:01:43.119 1583 1583 F DEBUG : signal 6 (SIGABRT), code -1 (SI_QUEUE), fault addr --------
01-01 01:01:43.120 1583 1583 F DEBUG : Abort message: 'Missing internal display after registering composer callback.'
01-01 01:01:43.120 1583 1583 F DEBUG : x0 0000000000000000 x1 0000000000000616 x2 0000000000000006 x3 0000007fc314f4a0
01-01 01:01:43.120 1583 1583 F DEBUG : x4 000000001284bda1 x5 000000001284bda1 x6 000000001284bda1 x7 0000000000000067
01-01 01:01:43.120 1583 1583 F DEBUG : x8 00000000000000f0 x9 0000007b5d7a2800 x10 ffffff80ffffffdf x11 0000000000000001
01-01 01:01:43.121 1583 1583 F DEBUG : x12 0000007fc314f470 x13 000000000000003e x14 0000007fc314f640 x15 ffffffffffffffff
01-01 01:01:43.121 1583 1583 F DEBUG : x16 0000007b5d83bc80 x17 0000007b5d81d3c0 x18 0000007b5fdc2000 x19 00000000000000ac
01-01 01:01:43.121 1583 1583 F DEBUG : x20 0000000000000616 x21 00000000000000b2 x22 0000000000000616 x23 00000000ffffffff
01-01 01:01:43.121 1583 1583 F DEBUG : x24 0000000000000002 x25 0000000000000000 x26 0000000000000000 x27 0000000000000000
01-01 01:01:43.121 1583 1583 F DEBUG : x28 0000000000000000 x29 0000007fc314f520
01-01 01:01:43.121 1583 1583 F DEBUG : lr 0000007b5d7d0544 sp 0000007fc314f480 pc 0000007b5d7d0574 pst 0000000000000000
01-01 01:01:43.158 1583 1583 F DEBUG : backtrace:
01-01 01:01:43.159 1583 1583 F DEBUG : #00 pc 000000000004e574 /apex/com.android.runtime/lib64/bionic/libc.so (abort+180) (BuildId: f81965d884d6ebc5e5c3fd825c17a209)
01-01 01:01:43.159 1583 1583 F DEBUG : #01 pc 0000000000006334 /system/lib64/liblog.so (__android_log_default_aborter+12) (BuildId: c92329feece7a2d7fa4d9fb6acc815f9)
01-01 01:01:43.159 1583 1583 F DEBUG : #02 pc 0000000000006ec8 /system/lib64/liblog.so (__android_log_assert+336) (BuildId: c92329feece7a2d7fa4d9fb6acc815f9)
01-01 01:01:43.159 1583 1583 F DEBUG : #03 pc 000000000010a844 /system/lib64/libsurfaceflinger.so (android::SurfaceFlinger::init()+1380) (BuildId: 717e9bb2a8f30577e4b047e005231fd7)
01-01 01:01:43.159 1583 1583 F DEBUG : #04 pc 00000000000021a8 /system/bin/surfaceflinger (main+352) (BuildId: 90f19aac502ae7e05183738dd9ef97d1)
01-01 01:01:43.159 1583 1583 F DEBUG : #05 pc 0000000000049a34 /apex/com.android.runtime/lib64/bionic/libc.so (__libc_init+108) (BuildId: f81965d884d6ebc5e5c3fd825c17a209)
01-01 01:01:43.204 1554 1554 I boot_progress_preload_start: 103204
01-01 01:01:43.222 1554 1554 D Zygote64Timing: BeginPreload took to complete: 17ms
01-01 01:01:43.262 0 0 D logd : logdr: UID=1000 GID=1003 PID=1583 n tail=50 logMask=8 pid=1558 start=0ns timeout=0ns
01-01 01:01:43.264 0 0 D logd : logdr: UID=1000 GID=1003 PID=1583 n tail=50 logMask=1 pid=1558 start=0ns timeout=0ns
01-01 01:01:43.286 1555 1555 D Zygote32Timing: PostZygoteInitGC took to complete: 17ms
01-01 01:01:43.286 1555 1555 D Zygote32Timing: ZygoteInit took to complete: 24ms
01-01 01:01:43.294 0 0 D logd : logdr: UID=1000 GID=1003 PID=1583 n tail=0 logMask=8 pid=1558 start=0ns timeout=0ns
01-01 01:01:43.296 0 0 D logd : logdr: UID=1000 GID=1003 PID=1583 n tail=0 logMask=1 pid=1558 start=0ns timeout=0ns
01-01 01:01:43.468 1619 1619 I wificond: wificond is starting up...
01-01 01:01:43.472 1619 1619 I HidlServiceManagement: Registered android.system.wifi.keystore@1.0::IKeystore/default (start delay of 42ms)
01-01 01:01:45.505 241 241 E iorapd : Cannot get package manager service!
01-01 01:01:46.505 241 241 W iorapd : Reconnect to package manager service: 17 times
01-01 01:01:47.690 0 0 I init : starting service 'zygote'...
01-01 01:01:47.695 0 0 I init : Created socket '/dev/socket/zygote', mode 660, user 0, group 1000
01-01 01:01:47.703 0 0 I init : Created socket '/dev/socket/usap_pool_primary', mode 660, user 0, group 1000
01-01 01:01:47.738 0 0 W libprocessgroup: Failed to open /dev/stune/top-app/tasks: No such file or directory: No such file or directory
01-01 01:01:47.750 0 0 W libprocessgroup: Failed to apply MaxPerformance task profile: No such file or directory
01-01 01:01:47.756 0 0 I init : starting service 'zygote_secondary'...
01-01 01:01:47.765 0 0 I init : Created socket '/dev/socket/zygote_secondary', mode 660, user 0, group 1000
01-01 01:01:47.774 0 0 I init : Created socket '/dev/socket/usap_pool_secondary', mode 660, user 0, group 1000
01-01 01:01:47.786 0 0 I init : starting service 'audioserver'...
01-01 01:01:47.787 0 0 W libprocessgroup: Failed to open /dev/stune/top-app/tasks: No such file or directory: No such file or directory
01-01 01:01:47.936 1625 1625 I boot_progress_start: 107936
01-01 01:01:48.132 1629 1629 F libc : Fatal signal 6 (SIGABRT), code -1 (SI_QUEUE) in tid 1629 (surfaceflinger), pid 1629 (surfaceflinger)
01-01 01:01:48.182 1665 1665 F DEBUG : *** *** *** *** *** *** *** *** *** *** *** *** *** *** *** ***
01-01 01:01:48.183 1665 1665 F DEBUG : Build fingerprint: 'emteria/rpi4/rpi4:11/RQ1A.210105.003/eng.root.20210331.145622:userdebug/release-keys'
01-01 01:01:48.183 1665 1665 F DEBUG : Revision: '0'
01-01 01:01:48.183 1665 1665 F DEBUG : ABI: 'arm64'
01-01 01:01:48.184 1665 1665 F DEBUG : Timestamp: 1970-01-01 01:01:48+0100
01-01 01:01:48.184 1665 1665 F DEBUG : pid: 1629, tid: 1629, name: surfaceflinger >>> /system/bin/surfaceflinger <<<
01-01 01:01:48.184 1665 1665 F DEBUG : uid: 1000
01-01 01:01:48.184 1665 1665 F DEBUG : signal 6 (SIGABRT), code -1 (SI_QUEUE), fault addr --------
01-01 01:01:48.184 1665 1665 F DEBUG : Abort message: 'Missing internal display after registering composer callback.'
01-01 01:01:48.185 1665 1665 F DEBUG : x0 0000000000000000 x1 000000000000065d x2 0000000000000006 x3 0000007fd850b6b0
01-01 01:01:48.185 1665 1665 F DEBUG : x4 000000001284bda1 x5 000000001284bda1 x6 000000001284bda1 x7 000000000000006c
01-01 01:01:48.185 1665 1665 F DEBUG : x8 00000000000000f0 x9 0000007ee19fd800 x10 ffffff80ffffffdf x11 0000000000000001
01-01 01:01:48.185 1665 1665 F DEBUG : x12 0000007fd850b680 x13 000000000000003e x14 0000007fd850b850 x15 ffffffffffffffff
01-01 01:01:48.185 1665 1665 F DEBUG : x16 0000007ee1a96c80 x17 0000007ee1a783c0 x18 0000007ee3166000 x19 00000000000000ac
01-01 01:01:48.185 1665 1665 F DEBUG : x20 000000000000065d x21 00000000000000b2 x22 000000000000065d x23 00000000ffffffff
01-01 01:01:48.185 1665 1665 F DEBUG : x24 0000000000000002 x25 0000000000000000 x26 0000000000000000 x27 0000000000000000
01-01 01:01:48.185 1665 1665 F DEBUG : x28 0000000000000000 x29 0000007fd850b730
01-01 01:01:48.185 1665 1665 F DEBUG : lr 0000007ee1a2b544 sp 0000007fd850b690 pc 0000007ee1a2b574 pst 0000000000000000
01-01 01:01:48.218 1665 1665 F DEBUG : backtrace:
01-01 01:01:48.218 1665 1665 F DEBUG : #00 pc 000000000004e574 /apex/com.android.runtime/lib64/bionic/libc.so (abort+180) (BuildId: f81965d884d6ebc5e5c3fd825c17a209)
01-01 01:01:48.218 1665 1665 F DEBUG : #01 pc 0000000000006334 /system/lib64/liblog.so (__android_log_default_aborter+12) (BuildId: c92329feece7a2d7fa4d9fb6acc815f9)
01-01 01:01:48.218 1665 1665 F DEBUG : #02 pc 0000000000006ec8 /system/lib64/liblog.so (__android_log_assert+336) (BuildId: c92329feece7a2d7fa4d9fb6acc815f9)
01-01 01:01:48.218 1665 1665 F DEBUG : #03 pc 000000000010a844 /system/lib64/libsurfaceflinger.so (android::SurfaceFlinger::init()+1380) (BuildId: 717e9bb2a8f30577e4b047e005231fd7)
01-01 01:01:48.218 1665 1665 F DEBUG : #04 pc 00000000000021a8 /system/bin/surfaceflinger (main+352) (BuildId: 90f19aac502ae7e05183738dd9ef97d1)
01-01 01:01:48.219 1665 1665 F DEBUG : #05 pc 0000000000049a34 /apex/com.android.runtime/lib64/bionic/libc.so (__libc_init+108) (BuildId: f81965d884d6ebc5e5c3fd825c17a209)
01-01 01:01:48.228 1625 1625 I boot_progress_preload_start: 108228
01-01 01:01:48.247 1625 1625 D Zygote64Timing: BeginPreload took to complete: 19ms
01-01 01:01:48.303 1626 1626 D Zygote32Timing: PostZygoteInitGC took to complete: 17ms
01-01 01:01:48.303 1626 1626 D Zygote32Timing: ZygoteInit took to complete: 24ms
01-01 01:01:48.322 0 0 D logd : logdr: UID=1000 GID=1003 PID=1665 n tail=50 logMask=8 pid=1629 start=0ns timeout=0ns
01-01 01:01:48.333 0 0 D logd : logdr: UID=1000 GID=1003 PID=1665 n tail=50 logMask=1 pid=1629 start=0ns timeout=0ns
01-01 01:01:48.361 0 0 D logd : logdr: UID=1000 GID=1003 PID=1665 n tail=0 logMask=8 pid=1629 start=0ns timeout=0ns
01-01 01:01:48.362 0 0 D logd : logdr: UID=1000 GID=1003 PID=1665 n tail=0 logMask=1 pid=1629 start=0ns timeout=0ns
01-01 01:01:48.537 1690 1690 I wificond: wificond is starting up...
01-01 01:01:48.541 1690 1690 I HidlServiceManagement: Registered android.system.wifi.keystore@1.0::IKeystore/default (start delay of 41ms)
01-01 01:01:51.521 241 241 E iorapd : Cannot get package manager service!
01-01 01:01:52.521 241 241 W iorapd : Reconnect to package manager service: 18 times
01-01 01:01:52.718 0 0 I init : starting service 'zygote'...
01-01 01:01:52.723 0 0 I init : Created socket '/dev/socket/zygote', mode 660, user 0, group 1000
01-01 01:01:52.731 0 0 I init : Created socket '/dev/socket/usap_pool_primary', mode 660, user 0, group 1000
01-01 01:01:52.762 0 0 W libprocessgroup: Failed to open /dev/stune/top-app/tasks: No such file or directory: No such file or directory
01-01 01:01:52.774 0 0 W libprocessgroup: Failed to apply MaxPerformance task profile: No such file or directory
01-01 01:01:52.785 0 0 I init : starting service 'zygote_secondary'...
01-01 01:01:52.791 0 0 I init : Created socket '/dev/socket/zygote_secondary', mode 660, user 0, group 1000
01-01 01:01:52.801 0 0 I init : Created socket '/dev/socket/usap_pool_secondary', mode 660, user 0, group 1000
01-01 01:01:52.813 0 0 I init : starting service 'audioserver'...
01-01 01:01:52.814 0 0 W libprocessgroup: Failed to open /dev/stune/top-app/tasks: No such file or directory: No such file or directory
01-01 01:01:52.963 1697 1697 I boot_progress_start: 112963
01-01 01:01:53.142 1701 1701 F libc : Fatal signal 6 (SIGABRT), code -1 (SI_QUEUE) in tid 1701 (surfaceflinger), pid 1701 (surfaceflinger)
01-01 01:01:53.202 1738 1738 F DEBUG : *** *** *** *** *** *** *** *** *** *** *** *** *** *** *** ***
01-01 01:01:53.202 1738 1738 F DEBUG : Build fingerprint: 'emteria/rpi4/rpi4:11/RQ1A.210105.003/eng.root.20210331.145622:userdebug/release-keys'
01-01 01:01:53.202 1738 1738 F DEBUG : Revision: '0'
01-01 01:01:53.202 1738 1738 F DEBUG : ABI: 'arm64'
01-01 01:01:53.204 1738 1738 F DEBUG : Timestamp: 1970-01-01 01:01:53+0100
01-01 01:01:53.204 1738 1738 F DEBUG : pid: 1701, tid: 1701, name: surfaceflinger >>> /system/bin/surfaceflinger <<<
01-01 01:01:53.204 1738 1738 F DEBUG : uid: 1000
01-01 01:01:53.204 1738 1738 F DEBUG : signal 6 (SIGABRT), code -1 (SI_QUEUE), fault addr --------
01-01 01:01:53.204 1738 1738 F DEBUG : Abort message: 'Missing internal display after registering composer callback.'
01-01 01:01:53.204 1738 1738 F DEBUG : x0 0000000000000000 x1 00000000000006a5 x2 0000000000000006 x3 0000007fd7cd8d00
01-01 01:01:53.204 1738 1738 F DEBUG : x4 000000001284bda1 x5 000000001284bda1 x6 000000001284bda1 x7 0000000000000071
01-01 01:01:53.204 1738 1738 F DEBUG : x8 00000000000000f0 x9 00000070f73f5800 x10 ffffff80ffffffdf x11 0000000000000001
01-01 01:01:53.205 1738 1738 F DEBUG : x12 0000007fd7cd8cd0 x13 000000000000003e x14 0000007fd7cd8ea0 x15 ffffffffffffffff
01-01 01:01:53.205 1738 1738 F DEBUG : x16 00000070f748ec80 x17 00000070f74703c0 x18 00000070f865a000 x19 00000000000000ac
01-01 01:01:53.205 1738 1738 F DEBUG : x20 00000000000006a5 x21 00000000000000b2 x22 00000000000006a5 x23 00000000ffffffff
01-01 01:01:53.205 1738 1738 F DEBUG : x24 0000000000000002 x25 0000000000000000 x26 0000000000000000 x27 0000000000000000
01-01 01:01:53.205 1738 1738 F DEBUG : x28 0000000000000000 x29 0000007fd7cd8d80
01-01 01:01:53.205 1738 1738 F DEBUG : lr 00000070f7423544 sp 0000007fd7cd8ce0 pc 00000070f7423574 pst 0000000000000000
01-01 01:01:53.236 1738 1738 F DEBUG : backtrace:
01-01 01:01:53.236 1738 1738 F DEBUG : #00 pc 000000000004e574 /apex/com.android.runtime/lib64/bionic/libc.so (abort+180) (BuildId: f81965d884d6ebc5e5c3fd825c17a209)
01-01 01:01:53.236 1738 1738 F DEBUG : #01 pc 0000000000006334 /system/lib64/liblog.so (__android_log_default_aborter+12) (BuildId: c92329feece7a2d7fa4d9fb6acc815f9)
01-01 01:01:53.237 1738 1738 F DEBUG : #02 pc 0000000000006ec8 /system/lib64/liblog.so (__android_log_assert+336) (BuildId: c92329feece7a2d7fa4d9fb6acc815f9)
01-01 01:01:53.237 1738 1738 F DEBUG : #03 pc 000000000010a844 /system/lib64/libsurfaceflinger.so (android::SurfaceFlinger::init()+1380) (BuildId: 717e9bb2a8f30577e4b047e005231fd7)
01-01 01:01:53.237 1738 1738 F DEBUG : #04 pc 00000000000021a8 /system/bin/surfaceflinger (main+352) (BuildId: 90f19aac502ae7e05183738dd9ef97d1)
01-01 01:01:53.237 1738 1738 F DEBUG : #05 pc 0000000000049a34 /apex/com.android.runtime/lib64/bionic/libc.so (__libc_init+108) (BuildId: f81965d884d6ebc5e5c3fd825c17a209)
01-01 01:01:53.257 1697 1697 I boot_progress_preload_start: 113257
01-01 01:01:53.275 1697 1697 D Zygote64Timing: BeginPreload took to complete: 18ms
01-01 01:01:53.342 1698 1698 D Zygote32Timing: PostZygoteInitGC took to complete: 18ms
01-01 01:01:53.342 1698 1698 D Zygote32Timing: ZygoteInit took to complete: 25ms
01-01 01:01:53.342 0 0 D logd : logdr: UID=1000 GID=1003 PID=1738 n tail=50 logMask=8 pid=1701 start=0ns timeout=0ns
01-01 01:01:53.345 0 0 D logd : logdr: UID=1000 GID=1003 PID=1738 n tail=50 logMask=1 pid=1701 start=0ns timeout=0ns
01-01 01:01:53.384 0 0 D logd : logdr: UID=1000 GID=1003 PID=1738 n tail=0 logMask=8 pid=1701 start=0ns timeout=0ns
01-01 01:01:53.385 0 0 D logd : logdr: UID=1000 GID=1003 PID=1738 n tail=0 logMask=1 pid=1701 start=0ns timeout=0ns
01-01 01:01:53.564 1761 1761 I wificond: wificond is starting up...
01-01 01:01:53.568 1761 1761 I HidlServiceManagement: Registered android.system.wifi.keystore@1.0::IKeystore/default (start delay of 38ms)
01-01 01:01:57.542 241 241 E iorapd : Cannot get package manager service!
01-01 01:01:57.747 0 0 I init : starting service 'zygote'...
01-01 01:01:57.752 0 0 I init : Created socket '/dev/socket/zygote', mode 660, user 0, group 1000
01-01 01:01:57.760 0 0 I init [ 323.913289] init: starting service 'zygote'... : Cre[ 323.918900] init: Created socket '/dev/socket/zygote', mode 660, user 0, group 1000 ated soc[ 323.927106] init: Created socket '/dev/socket/usap_pool_primary', mode 660, user 0, group 1000 ket '/dev/socket/usap_pool_primary', mode 660, user 0, group 1000
01-01 01:01:57.786 0 0 W libprocessgroup: Failed to open /dev/stune/top-app/tasks: No such file or directory: No such file or directory
