03-12 10:32:14.952 209 5183 D AudioTrack: Client defaulted notificationFrames to 7520 for frameCount 22560
03-12 10:32:14.958 209 5180 D NuPlayerDriver: notifyListener_l(0xb5e20a80), (6, 0, 0), loop setting(0, 0)
03-12 10:32:16.323 209 5184 I NuPlayerDecoder: [audio] saw output EOS
03-12 10:32:16.882 209 5180 D NuPlayerDriver: notifyListener_l(0xb5e20a80), (2, 0, 0), loop setting(0, 0)
03-12 10:33:00.003 489 489 I ActivityManager: Killing 4713:com.android.musicfx/u0a12 (adj 904): empty for 1809s
03-12 10:33:00.003 489 489 I am_kill : [0,4713,com.android.musicfx,904,empty for 1809s]
03-12 10:33:00.003 489 489 I ActivityManager: Killing 4809:com.svox.pico/u0a48 (adj 904): empty for 1809s
03-12 10:33:00.003 489 489 I am_kill : [0,4809,com.svox.pico,904,empty for 1809s]
03-12 10:33:00.004 489 489 I ActivityManager: Killing 4675:com.android.gallery3d/u0a39 (adj 904): empty for 1809s
03-12 10:33:00.004 489 489 I am_kill : [0,4675,com.android.gallery3d,904,empty for 1809s]
03-12 10:33:00.004 489 489 I ActivityManager: Killing 4698:com.android.keychain/1000 (adj 906): empty for 1811s
03-12 10:33:00.004 489 489 I am_kill : [0,4698,com.android.keychain,906,empty for 1811s]
03-12 10:33:00.005 489 489 I ActivityManager: Killing 1284:android.process.media/u0a7 (adj 906): empty for 1851s
03-12 10:33:00.005 489 489 I am_kill : [0,1284,android.process.media,906,empty for 1851s]
03-12 10:33:00.074 489 1037 I am_proc_died: [0,4809,com.svox.pico]
03-12 10:33:00.074 489 1037 D ActivityManager: cleanUpApplicationRecord -- 4809
03-12 10:33:00.094 489 1037 I am_proc_died: [0,4713,com.android.musicfx]
03-12 10:33:00.095 489 1037 D ActivityManager: cleanUpApplicationRecord -- 4713
03-12 10:33:00.101 489 1037 I am_proc_died: [0,4675,com.android.gallery3d]
03-12 10:33:00.101 489 1037 D ActivityManager: cleanUpApplicationRecord -- 4675
03-12 10:33:00.111 489 1037 I am_proc_died: [0,4698,com.android.keychain]
03-12 10:33:00.111 489 1037 D ActivityManager: cleanUpApplicationRecord -- 4698
03-12 10:33:00.114 489 1037 I am_proc_died: [0,1284,android.process.media]
03-12 10:33:00.114 489 1037 D ActivityManager: cleanUpApplicationRecord -- 1284
03-12 10:33:00.186 489 502 I am_pss : [567,10042,com.android.inputmethod.latin,16393216,12492800,1054720]
03-12 10:33:00.269 489 502 I am_pss : [1038,10054,com.android.smspush,3079168,638976,1256448]
03-12 10:33:00.353 489 502 I am_pss : [846,10009,android.ext.services,3348480,929792,1115136]
03-12 10:33:11.370 977 977 I vcgencmd_helper: response = throttled=0x0
03-12 10:33:11.371 977 977 I vcgencmd_helper: response = throttled=0x0
03-12 10:34:00.105 489 502 I am_pss : [1677,10038,org.fdroid.fdroid,9825280,6828032,1401856]
03-12 10:34:00.190 489 502 I am_pss : [4593,10010,com.android.externalstorage,3983360,1863680,323584]
03-12 10:34:00.239 489 502 I am_pss : [4612,10006,com.android.documentsui,14637056,6160384,5371904]
03-12 10:34:00.283 489 502 I am_pss : [4731,10001,android.process.acore,6110208,1204224,2910208]
03-12 10:34:00.338 489 502 I am_pss : [4784,10056,com.las.LASMobile,78039040,52572160,20996096]
03-12 10:35:00.131 489 502 I am_pss : [572,10020,com.android.systemui,36434944,20271104,13296640]
03-12 10:35:00.216 489 502 I am_pss : [977,1000,com.emteria.rpi.settings,5735424,2822144,1586176]
03-12 10:35:00.300 489 502 I am_pss : [959,1000,com.emteria.update,5726208,1429504,2941952]
03-12 10:35:00.366 489 502 I am_pss : [948,1000,com.emteria.kiosk,3478528,815104,1467392]
03-12 10:35:00.408 489 502 I am_pss : [934,1027,com.android.nfc,5847040,1642496,2821120]
03-12 10:35:00.449 489 502 I am_pss : [925,1000,com.emteria.mdm,3246080,634880,1401856]
03-12 10:35:00.490 489 502 I am_pss : [913,1000,com.emteria.license,5639168,1290240,2907136]
03-12 10:35:00.532 489 502 I am_pss : [897,1000,com.emteria.settings,5074944,1069056,2590720]
03-12 10:35:00.572 489 502 I am_pss : [885,1000,com.emteria.extensions.manager,3208192,794624,1197056]
03-12 10:35:00.616 489 502 I am_pss : [648,1001,com.android.phone,7632896,3133440,2935808]
03-12 10:35:00.656 489 502 I am_pss : [639,1000,com.emteria.setupwizard,3342336,794624,1368064]
03-12 10:35:00.727 489 502 I am_pss : [489,1000,system,41490432,32489472,4758528]
03-12 10:35:07.833 489 499 I art : Background sticky concurrent mark sweep GC freed 47778(1717KB) AllocSpace objects, 0(0B) LOS objects, 18% free, 8MB/10MB, paused 6.045ms total 68.081ms
03-12 10:35:50.943 209 5143 D NuPlayerDriver: reset(0xb5e20a80) at state 6
03-12 10:35:50.943 209 5143 D NuPlayerDriver: notifyListener_l(0xb5e20a80), (8, 0, 0), loop setting(0, 0)
03-12 10:35:50.957 209 5180 W AMessage: failed to post message as target looper for handler 0 is gone.
03-12 10:35:50.959 209 5180 D NuPlayerDriver: notifyResetComplete(0xb5e20a80)
03-12 10:35:50.992 209 5209 D NuPlayerDriver: notifyListener_l(0xb5e20a80), (1, 0, 0), loop setting(0, 0)
03-12 10:35:50.992 4784 4784 D MediaPlayer: setSubtitleAnchor in MediaPlayer
03-12 10:35:51.001 209 5143 D NuPlayerDriver: start(0xb5e20a80), state is 4, eos is 0
03-12 10:35:51.001 209 5209 I GenericSource: start
03-12 10:35:51.024 209 5214 I MediaPlayerService: MediaPlayerService::getOMX
03-12 10:35:51.026 209 5214 I OMXClient: MuxOMX ctor
03-12 10:35:51.027 204 792 I OMXMaster: makeComponentInstance(OMX.google.mp3.decoder) in mediacodec process
03-12 10:35:51.160 204 792 E OMXNodeInstance: setConfig(cc0023:google.mp3.decoder, ConfigPriority(0x6f800002)) ERROR: Undefined(0x80001001)
03-12 10:35:51.160 209 5214 I ACodec : codec does not support config priority (err -2147483648)
03-12 10:35:51.162 209 5214 I MediaCodec: MediaCodec will operate in async mode
03-12 10:35:51.179 199 5208 W AudioFlinger: createTrack_l(): mismatch between requested flags (00000008) and output flags (00000002)
03-12 10:35:51.181 209 5212 D AudioTrack: Client defaulted notificationFrames to 2728 for frameCount 8184
03-12 10:35:51.184 209 5209 D NuPlayerDriver: notifyListener_l(0xb5e20a80), (6, 0, 0), loop setting(0, 0)
03-12 10:35:55.661 209 5213 I NuPlayerDecoder: [audio] saw output EOS
03-12 10:35:56.204 209 5209 D NuPlayerDriver: notifyListener_l(0xb5e20a80), (2, 0, 0), loop setting(0, 0)
03-12 10:36:00.097 489 502 I am_pss : [4748,10050,com.android.printspooler,3667968,1564672,278528]
03-12 10:36:00.207 489 502 I am_pss : [4784,10056,com.las.LASMobile,78818304,53366784,20996096]
03-12 10:36:00.312 489 502 I am_pss : [4915,1000,com.android.settings,33755136,28893184,95232]
03-12 10:37:00.108 489 502 I am_pss : [4767,10052,com.emteria.superuser,13802496,9437184,133120]
03-12 10:37:00.198 489 502 I am_pss : [5003,10052,com.emteria.superuser:superuser,15222784,10129408,98304]
03-12 10:37:00.282 489 502 I am_pss : [4655,10005,com.android.defcontainer,3568640,1499136,236544]
03-12 10:37:00.373 489 502 I am_pss : [1475,10014,com.android.packageinstaller,12814336,4632576,5398528]
03-12 10:28:20.276 0 0 E vc4-drm soc: gpu: failed to allocate buffer with size 16777216
03-12 10:28:20.299 0 0 E vc4-drm soc: gpu: failed to allocate buffer with size 16777216
03-12 10:28:20.341 0 0 E vc4-drm soc: gpu: failed to allocate buffer with size 16777216
03-12 10:28:20.346 0 0 E : [drm:vc4_bo_create] *ERROR* Failed to allocate from CMA:
03-12 10:28:20.350 0 0 I [drm] kernel: 1352kb BOs (1)
03-12 10:28:20.354 0 0 I : [drm] V3D shader: 988kb BOs (247)
03-12 10:28:20.358 0 0 I [drm] resource: 9728kb BOs (35)
03-12 10:28:20.366 0 0 I : [drm] resource 65536x1@8/0: 768kb BOs (12)
03-12 10:28:20.370 0 0 I : [drm] scanout resource 1280x720@32/0: 7360kb BOs (2)
03-12 10:28:20.373 0 0 I : [drm] mesa cache: 18472kb BOs (96)
03-12 10:28:20.377 0 0 I : [drm] resource 1048576x1@8/0: 12288kb BOs (12)
03-12 10:28:20.380 0 0 I : [drm] resource 1280x720@32/0: 44160kb BOs (12)
03-12 10:28:20.384 0 0 I : [drm] resource 576x576@32/0: 1296kb BOs (1)
03-12 10:28:20.388 0 0 I : [drm] resource 131072x1@8/0: 1280kb BOs (10)
03-12 10:28:20.391 0 0 I : [drm] resource 128x1@8/7: 80kb BOs (10)
03-12 10:28:20.394 0 0 I : [drm] resource 32x32@32/5: 88kb BOs (11)
03-12 10:28:20.398 0 0 I : [drm] resource 1024x512@8/10: 6840kb BOs (10)
03-12 10:28:20.401 0 0 I : [drm] resource 122x122@32/6: 88kb BOs (1)
03-12 10:28:20.405 0 0 I : [drm] resource 1x720@32/0: 24kb BOs (2)
03-12 10:28:20.409 0 0 I : [drm] resource 64x64@32/6: 168kb BOs (7)
03-12 10:28:20.413 0 0 I : [drm] resource 1280x64@32/0: 960kb BOs (3)
03-12 10:28:20.416 0 0 I : [drm] resource 512x709@32/0: 2944kb BOs (2)
03-12 10:28:20.420 0 0 I : [drm] resource 1280x688@32/0: 17600kb BOs (5)
03-12 10:28:20.423 0 0 I : [drm] resource 31x31@32/4: 48kb BOs (6)
03-12 10:28:20.427 0 0 I : [drm] resource 1x1@32/0: 12kb BOs (3)
03-12 10:28:20.430 0 0 I : [drm] resource 6x5@8/2: 8kb BOs (1)
03-12 10:28:20.433 0 0 I : [drm] resource 95x95@32/6: 300kb BOs (5)
03-12 10:28:20.437 0 0 I : [drm] resource 34x32@32/5: 12kb BOs (1)
03-12 10:28:20.440 0 0 I : [drm] resource 96x20@8/6: 8kb BOs (1)
03-12 10:28:20.442 0 0 I : [drm] resource 80x20@8/6: 8kb BOs (1)
03-12 10:28:20.445 0 0 I : [drm] resource 64x20@8/6: 8kb BOs (1)
03-12 10:28:20.449 0 0 I : [drm] resource 80x16@8/6: 8kb BOs (1)
03-12 10:28:20.452 0 0 I : [drm] resource 64x16@8/6: 16kb BOs (2)
03-12 10:28:20.454 0 0 I : [drm] resource 42x42@32/5: 120kb BOs (5)
03-12 10:28:20.457 0 0 I : [drm] resource 75x75@32/6: 60kb BOs (1)
03-12 10:28:20.459 0 0 I : [drm] resource 29x29@32/4: 24kb BOs (3)
03-12 10:28:20.461 0 0 I : [drm] resource 16x23@8/4: 16kb BOs (2)
03-12 10:28:20.466 0 0 I : [drm] resource 24x22@32/4: 8kb BOs (1)
03-12 10:28:20.468 0 0 I : [drm] resource 35x43@32/5: 24kb BOs (1)
03-12 10:28:20.471 0 0 I : [drm] resource 192x192@32/7: 232kb BOs (1)
03-12 10:28:20.473 0 0 I : [drm] resource 224x25@8/7: 12kb BOs (1)
03-12 10:28:20.476 0 0 I : [drm] resource 1280x32@32/0: 480kb BOs (3)
03-12 10:28:20.478 0 0 I : [drm] resource 256x25@8/8: 12kb BOs (1)
03-12 10:28:20.480 0 0 I : [drm] resource 43x43@32/5: 48kb BOs (2)
03-12 10:28:20.482 0 0 I : [drm] resource 21x21@32/4: 16kb BOs (2)
03-12 10:28:20.485 0 0 I : [drm] resource 1280x656@32/0: 10080kb BOs (3)
03-12 10:28:20.487 0 0 I : [drm] resource 316x59@32/0: 160kb BOs (2)
03-12 10:28:20.489 0 0 I : [drm] total purged BO: 18472kb BOs (96)
03-12 10:28:20.491 0 0 E vc4_v3d 3fc00000.v3d: Failed to allocate memory for tile binning: -12. You may need to enable CMA or give it more memory.
03-12 10:38:00.356 489 502 I am_pss : [1017,10043,com.android.launcher3,14978048,8568832,3807232]
03-12 10:38:00.418 489 502 I am_pss : [4784,10056,com.las.LASMobile,77113344,51662848,20996096]
03-12 10:40:00.136 489 502 I am_pss : [4784,10056,com.las.LASMobile,77634560,52178944,20996096]
03-12 10:42:00.140 489 502 I am_pss : [4784,10056,com.las.LASMobile,78339072,52883456,20996096]
03-12 10:42:19.873 209 640 D NuPlayerDriver: reset(0xb5e20a80) at state 6
03-12 10:42:19.873 209 640 D NuPlayerDriver: notifyListener_l(0xb5e20a80), (8, 0, 0), loop setting(0, 0)
03-12 10:42:19.887 209 5209 W AMessage: failed to post message as target looper for handler 0 is gone.
03-12 10:42:19.888 209 5209 D NuPlayerDriver: notifyResetComplete(0xb5e20a80)
03-12 10:42:19.916 209 5228 D NuPlayerDriver: notifyListener_l(0xb5e20a80), (1, 0, 0), loop setting(0, 0)
03-12 10:42:19.917 4784 4784 D MediaPlayer: setSubtitleAnchor in MediaPlayer
03-12 10:42:19.924 209 640 D NuPlayerDriver: start(0xb5e20a80), state is 4, eos is 0
03-12 10:42:19.924 209 5228 I GenericSource: start
03-12 10:42:19.942 209 5233 I MediaPlayerService: MediaPlayerService::getOMX
03-12 10:42:19.944 209 5233 I OMXClient: MuxOMX ctor
03-12 10:42:19.945 204 232 I OMXMaster: makeComponentInstance(OMX.google.mp3.decoder) in mediacodec process
03-12 10:42:20.073 204 232 E OMXNodeInstance: setConfig(cc0024:google.mp3.decoder, ConfigPriority(0x6f800002)) ERROR: Undefined(0x80001001)
03-12 10:42:20.073 209 5233 I ACodec : codec does not support config priority (err -2147483648)
03-12 10:42:20.076 209 5233 I MediaCodec: MediaCodec will operate in async mode
03-12 10:42:20.093 199 5085 W AudioFlinger: createTrack_l(): mismatch between requested flags (00000008) and output flags (00000002)
03-12 10:42:20.094 209 5231 D AudioTrack: Client defaulted notificationFrames to 2728 for frameCount 8184
03-12 10:42:20.098 209 5228 D NuPlayerDriver: notifyListener_l(0xb5e20a80), (6, 0, 0), loop setting(0, 0)
03-12 10:42:24.579 209 5232 I NuPlayerDecoder: [audio] saw output EOS
03-12 10:42:25.115 209 5228 D NuPlayerDriver: notifyListener_l(0xb5e20a80), (2, 0, 0), loop setting(0, 0)